000
CXUS53 KEAX 010736
CF6DMO
PRELIMINARY LOCAL CLIMATOLOGICAL DATA (WS FORM: F-6)
STATION: SEDALIA MO
MONTH: JUNE
YEAR: 2022
LATITUDE: 38 42 N
LONGITUDE: 93 6 W
TEMPERATURE IN F: :PCPN: SNOW: WIND :SUNSHINE: SKY :PK WND
================================================================================
1 2 3 4 5 6A 6B 7 8 9 10 11 12 13 14 15 16 17 18
12Z AVG MX 2MIN
DY MAX MIN AVG DEP HDD CDD WTR SNW DPTH SPD SPD DIR MIN PSBL S-S WX SPD DR
================================================================================
1 69 61 65 -5 0 0 4.43 M M 7.2 18 10 M M 8 3 23 10
2 75 56 66 -4 0 1 0.00 M M 6.0 15 360 M M 1 28 340
3 80 54 67 -3 0 2 0.00 M M 4.4 9 150 M M 0 15 160
4 81 57 69 -1 0 4 0.02 M M 6.4 18 170 M M 3 26 170
5 80 62 71 0 0 6 T M M 8.0 17 160 M M 4 22 160
6 83 65 74 3 0 9 0.04 M M 6.2 15 240 M M 3 22 240
7 84 68 76 5 0 11 0.05 M M 6.0 14 30 M M 3 3 18 340
8 80 63 72 0 0 7 0.26 M M 8.0 41 290 M M 4 38 59 290
9 82 58 70 -2 0 5 0.00 M M 3.3 12 200 M M 1 15 190
10 83 63 73 1 0 8 0.45 M M 6.0 17 160 M M 5 22 210
11 88 66 77 5 0 12 T M M 6.8 17 170 M M 2 23 170
12 92 74 83 10 0 18 0.01 M M 7.5 23 150 M M 2 3 32 160
13 96 78 87 14 0 22 T M M 12.2 24 200 M M 0 34 200
14 94 75 85 12 0 20 0.00 M M 14.0 23 200 M M 0 36 200
15 91 75 83 9 0 18 0.00 M M 13.7 26 180 M M 0 39 210
16 96 77 87 13 0 22 0.00 M M 9.2 16 170 M M 1 23 220
17 94 73 84 10 0 19 0.00 M M 5.0 25 310 M M 1 37 320
18 91 72 82 8 0 17 0.00 M M 8.5 15 130 M M 1 21 110
19 89 67 78 4 0 13 0.00 M M 9.6 15 170 M M 0 22 130
20 92 62 77 2 0 12 0.00 M M 9.3 17 200 M M 0 23 200
21 96 68 82 7 0 17 0.00 M M 9.6 26 310 M M 0 39 310
22 90 71 81 6 0 16 0.00 M M 5.5 17 330 M M 1 24 320
23 88 63 76 1 0 11 0.00 M M 4.6 15 140 M M 1 21 140
24 88 69 79 4 0 14 T M M 9.6 17 130 M M 1 8 23 100
25 99 78 89 13 0 24 0.00 M M 11.9 22 200 M M 1 18 31 200
26 83 64 74 -2 0 9 0.06 M M 10.9 21 10 M M 3 3 29 350
27 84 58 71 -5 0 6 0.00 M M 5.1 15 50 M M 0 21 50
28 85 60 73 -3 0 8 0.00 M M 6.4 14 160 M M 0 18 170
29 91 66 79 3 0 14 0.00 M M 7.0 14 200 M M 0 21 170
30 91 66 79 3 0 14 0.00 M M 9.9 20 180 M M 0 26 210
================================================================================
SM 2615 1989 0 359 5.32 M 237.8 M 46
================================================================================
AV 87.2 66.3 7.9 FASTST M M 2 MAX(MPH)
MISC ----> 41 290 59 290
================================================================================
NOTES:
# LAST OF SEVERAL OCCURRENCES
COLUMN 17 PEAK WIND IN M.P.H.
PRELIMINARY LOCAL CLIMATOLOGICAL DATA (WS FORM: F-6) , PAGE 2
STATION: SEDALIA MO
MONTH: JUNE
YEAR: 2022
LATITUDE: 38 42 N
LONGITUDE: 93 6 W
[TEMPERATURE DATA] [PRECIPITATION DATA] SYMBOLS USED IN COLUMN 16
AVERAGE MONTHLY: 76.7 TOTAL FOR MONTH: 5.32 1 = FOG OR MIST
DPTR FM NORMAL: 3.3 DPTR FM NORMAL: 0.86 2 = FOG REDUCING VISIBILITY
HIGHEST: 99 ON 25 GRTST 24HR 6.89 ON 31- 1 TO 1/4 MILE OR LESS
LOWEST: 54 ON 3 3 = THUNDER
SNOW, ICE PELLETS, HAIL 4 = ICE PELLETS
TOTAL MONTH: M 5 = HAIL
GRTST 24HR M ON M 6 = FREEZING RAIN OR DRIZZLE
GRTST DEPTH: M ON M 7 = DUSTSTORM OR SANDSTORM:
VSBY 1/2 MILE OR LESS
8 = SMOKE OR HAZE
[NO. OF DAYS WITH] [WEATHER - DAYS WITH] 9 = BLOWING SNOW
X = TORNADO
MAX 32 OR BELOW: 0 0.01 INCH OR MORE: 8
MAX 90 OR ABOVE: 13 0.10 INCH OR MORE: 3
MIN 32 OR BELOW: 0 0.50 INCH OR MORE: 1
MIN 0 OR BELOW: 0 1.00 INCH OR MORE: 1
[HDD (BASE 65) ]
TOTAL THIS MO. 0 CLEAR (SCALE 0-3) 25
DPTR FM NORMAL -9 PTCLDY (SCALE 4-7) 5
TOTAL FM JUL 1 4235 CLOUDY (SCALE 8-10) 0
DPTR FM NORMAL -711
[CDD (BASE 65) ]
TOTAL THIS MO. 359
DPTR FM NORMAL 100 [PRESSURE DATA]
TOTAL FM JAN 1 531 HIGHEST SLP M ON M
DPTR FM NORMAL 158 LOWEST SLP 29.62 ON 12
[REMARKS]
#FINAL-06-22#