294
CXUS53 KEAX 011947
CLSDMO
CLIMATE REPORT
NATIONAL WEATHER SERVICE
131 PM CST MON MAR 01 2021
...................................
...THE SEDALIA MO CLIMATE SUMMARY FOR THE SEASON, FROM
12/1/2020 TO 2/28/2021...
CLIMATE NORMAL PERIOD: 1981 TO 2010
CLIMATE RECORD PERIOD: 9999 TO 9999
WEATHER OBSERVED NORMAL DEPART LAST YEAR`S
VALUE DATE(S) VALUE FROM VALUE DATE(S)
NORMAL
................................................................
TEMPERATURE (F)
HIGHEST 71 12/10 70 1 69 12/25
02/03
LOWEST -10R 02/16 -9 -2 02/14
AVG. MAXIMUM 40.0 43.1 -3.1 44.6
AVG. MINIMUM 24.2 25.3 -1.1 27.8
MEAN 32.1 34.2 -2.1 36.2
DAYS MAX >= 90 0 0.0 0.0 0
DAYS MAX <= 32 21 21.3 -0.3 16
DAYS MIN <= 32 73 75.5 -2.5 64
DAYS MIN <= 0 4 5.0 -1.0 1
PRECIPITATION (INCHES)
TOTALS 3.36R 5.92 -2.56 5.84
DAILY AVG. 0.04 0.07 -0.03 0.06
DAYS >= .01 16 20.1 -4.1 20
DAYS >= .10 7 11.1 -4.1 10
DAYS >= .50 3 3.5 -0.5 4
DAYS >= 1.00 0 1.1 -1.1 2
GREATEST
24 HR. TOTAL 0.93
DEGREE DAYS
HEATING TOTAL 2913 2772 141 2531
COOLING TOTAL 0 0 0 0
................................................................
WIND (MPH)
AVERAGE WIND SPEED 9.8
HIGHEST WIND SPEED/DIRECTION 35/230 DATE 12/23
HIGHEST GUST SPEED/DIRECTION 48/220 DATE 12/23
SKY COVER
POSSIBLE SUNSHINE (PERCENT) MM
AVERAGE SKY COVER 0.49
NUMBER OF DAYS FAIR 35
NUMBER OF DAYS PC 30
NUMBER OF DAYS CLOUDY 25
AVERAGE RH (PERCENT) 68
WEATHER CONDITIONS. NUMBER OF DAYS WITH
THUNDERSTORM 0 MIXED PRECIP 0
HEAVY RAIN 1 RAIN 5
LIGHT RAIN 13 FREEZING RAIN 1
LT FREEZING RAIN 2 HAIL 0
HEAVY SNOW 0 SNOW 5
LIGHT SNOW 25 SLEET 0
FOG 38 FOG W/VIS <= 1/4 MILE 9
HAZE 17
- INDICATES NEGATIVE NUMBERS.
R INDICATES RECORD WAS SET OR TIED.
MM INDICATES DATA IS MISSING.
T INDICATES TRACE AMOUNT.
$$