000
CXUS52 KCAE 011500
CF6DNL
PRELIMINARY LOCAL CLIMATOLOGICAL DATA (WS FORM: F-6)
STATION: AUGUSTA DANIEL FIELD GA
MONTH: FEBRUARY
YEAR: 2022
LATITUDE: 33 28 N
LONGITUDE: 82 2 W
TEMPERATURE IN F: :PCPN: SNOW: WIND :SUNSHINE: SKY :PK WND
================================================================================
1 2 3 4 5 6A 6B 7 8 9 10 11 12 13 14 15 16 17 18
12Z AVG MX 2MIN
DY MAX MIN AVG DEP HDD CDD WTR SNW DPTH SPD SPD DIR MIN PSBL S-S WX SPD DR
================================================================================
1 63 36 50 0 15 0 0.00 M M 6.8 13 70 M M 0 17 60
2 66 43 55 5 10 0 T M M 6.9 13 110 M M 6 16 110
3 77 58 68 18 0 3 T M M 11.0 24 180 M M 8 1 34 170
4 68 47 58 8 7 0 1.16 M M 8.3 16 200 M M 8 1 24 270
5 53 36 45 -6 20 0 0.00 M M 9.0 15 310 M M 0 22 300
6 50 35 43 -8 22 0 0.04 M M 8.9 16 40 M M 6 1 21 40
7 45 38 42 -9 23 0 0.25 M M 6.0 13 320 M M 10 1 19 30
8 54 39 47 -4 18 0 0.00 M M 3.8 10 350 M M 3 12 13 330
9 62 35 49 -2 16 0 0.00 M M 1.5 10 220 M M 0 1 15 320
10 69 39 54 2 11 0 0.00 M M 2.8 15 220 M M 0 21 230
11 71 41 56 4 9 0 0.00 M M 4.0 18 180 M M 0 22 170
12 70 42 56 4 9 0 0.00 M M 3.3 13 180 M M 0 8 16 200
13 60 42 51 -1 14 0 0.00 M M 7.8 18 310 M M 1 25 330
14 59 37 48 -4 17 0 0.00 M M 6.1 17 320 M M 0 23 320
15 63 38 51 -1 14 0 0.00 M M 6.0 12 60 M M 0 17 60
16 73 45 59 6 6 0 0.00 M M 7.6 15 130 M M 3 20 130
17 81 56 69 16 0 4 0.00 M M 11.2 22 200 M M 8 12 29 200
18 73 45 59 6 6 0 0.35 M M 8.4 22 210 M M 3 1 31 200
19 63 35 49 -4 16 0 0.00 M M 8.0 14 330 M M 0 20 280
20 64 40 52 -2 13 0 0.00 M M 6.2 13 90 M M 0 18 80
21 72 49 61 7 4 0 0.17 M M 5.0 12 150 M M 6 12 15 150
22 80 59 70 16 0 5 T M M 7.2 16 190 M M 5 12 22 190
23 81 59 70 16 0 5 0.00 M M 4.7 13 180 M M 0 1 23 290
24 85 60 73 19 0 8 0.00 M M 4.8 16 210 M M 1 18 21 230
25 78 57 68 13 0 3 0.00 M M 6.7 16 220 M M 3 1 24 280
26 71 48 60 5 5 0 0.00 M M 6.3 12 10 M M 4 18 40
27 60 50 55 0 10 0 0.14 M M 6.0 12 20 M M 10 18 14 100
28 65 47 56 1 9 0 0.00 M M 6.3 14 10 M M 5 17 20
================================================================================
SM 1876 1256 274 28 2.11 M 180.6 M 90
================================================================================
AV 67.0 44.9 6.5 FASTST M M 3 MAX(MPH)
MISC ----> 24 180 34 170
================================================================================
NOTES:
# LAST OF SEVERAL OCCURRENCES
COLUMN 17 PEAK WIND IN M.P.H.
PRELIMINARY LOCAL CLIMATOLOGICAL DATA (WS FORM: F-6) , PAGE 2
STATION: AUGUSTA DANIEL FIELD GA
MONTH: FEBRUARY
YEAR: 2022
LATITUDE: 33 28 N
LONGITUDE: 82 2 W
[TEMPERATURE DATA] [PRECIPITATION DATA] SYMBOLS USED IN COLUMN 16
AVERAGE MONTHLY: 55.9 TOTAL FOR MONTH: 2.11 1 = FOG OR MIST
DPTR FM NORMAL: 3.5 DPTR FM NORMAL: -1.36 2 = FOG REDUCING VISIBILITY
HIGHEST: 85 ON 24 GRTST 24HR 1.16 ON 4- 4 TO 1/4 MILE OR LESS
LOWEST: 35 ON 19, 9 3 = THUNDER
SNOW, ICE PELLETS, HAIL 4 = ICE PELLETS
TOTAL MONTH: M 5 = HAIL
GRTST 24HR M ON M 6 = FREEZING RAIN OR DRIZZLE
GRTST DEPTH: M ON M 7 = DUSTSTORM OR SANDSTORM:
VSBY 1/2 MILE OR LESS
8 = SMOKE OR HAZE
[NO. OF DAYS WITH] [WEATHER - DAYS WITH] 9 = BLOWING SNOW
X = TORNADO
MAX 32 OR BELOW: 0 0.01 INCH OR MORE: 6
MAX 90 OR ABOVE: 0 0.10 INCH OR MORE: 5
MIN 32 OR BELOW: 0 0.50 INCH OR MORE: 1
MIN 0 OR BELOW: 0 1.00 INCH OR MORE: 1
[HDD (BASE 65) ]
TOTAL THIS MO. 274 CLEAR (SCALE 0-3) 16
DPTR FM NORMAL -86 PTCLDY (SCALE 4-7) 9
TOTAL FM JUL 1 1308 CLOUDY (SCALE 8-10) 3
DPTR FM NORMAL -288
[CDD (BASE 65) ]
TOTAL THIS MO. 28
DPTR FM NORMAL 19 [PRESSURE DATA]
TOTAL FM JAN 1 41 HIGHEST SLP 30.60 ON 15
DPTR FM NORMAL 34 LOWEST SLP 29.82 ON 18
[REMARKS]
#FINAL-02-22#