000
CXUS52 KCAE 011310
CLADNL
CLIMATE REPORT
NATIONAL WEATHER SERVICE COLUMBIA SC
810 AM EST MON JAN 01 2024
...................................
...THE AUGUSTA DANIEL FIELD GA CLIMATE SUMMARY FOR THE YEAR OF 2023...
CLIMATE NORMAL PERIOD: 1991 TO 2020
CLIMATE RECORD PERIOD: 9999 TO 9999
WEATHER OBSERVED NORMAL DEPART LAST YEAR`S
VALUE DATE(S) VALUE FROM VALUE DATE(S)
NORMAL
................................................................
TEMPERATURE (F)
HIGHEST 101 08/26 MM MM 103 06/13
06/22
LOWEST 28 12/20 MM MM 11 12/24
AVG. MAXIMUM 76.5 76.8 -0.3 77.0
AVG. MINIMUM 57.5 57.3 0.2 57.6
MEAN 67.0 67.1 -0.1 67.3
DAYS MAX >= 90 71 79.6 -8.6 86
DAYS MAX <= 32 0 0.2 -0.2 1
DAYS MIN <= 32 11 20.0 -9.0 15
DAYS MIN <= 0 0 0.0 0.0 0
PRECIPITATION (INCHES)
TOTALS 53.08 44.78 8.30 32.73
DAILY AVG. 0.15 0.12 0.03 0.09
DAYS >= .01 101 109.3 -8.3 95
DAYS >= .10 71 67.4 3.6 64
DAYS >= .50 31 28.2 2.8 22
DAYS >= 1.00 16 12.0 4.0 8
GREATEST
24 HR. TOTAL 3.45 2.00 04/06 TO 04/07
STORM TOTAL 3.36 1.73
(MM/DD(HH)) MM
SNOWFALL (INCHES)
TOTALS MM MM MM MM
LIQUID EQUIV MM MM MM MM
SINCE 7/1 MM MM MM MM
LIQUID 7/1 MM MM MM MM
SNOWDEPTH AVG. MM MM
DAYS >= TRACE MM MM MM MM
DAYS >= 1.0 MM MM MM MM
GREATEST
SNOW DEPTH MM MM MM
24 HR TOTAL MM MM
STORM TOTAL MM MM
(MM/DD(HH)) MM
DEGREE DAYS
HEATING TOTAL 1540 1882 -342 1770
SINCE 7/1 690 734 -44 MM
COOLING TOTAL 2362 2663 -301 2709
SINCE 1/1 2362 2663 -301 MM
FREEZE DATES
RECORD
EARLIEST MM
LATEST MM
EARLIEST 11/29
LATEST 03/20
................................................................
WIND (MPH)
AVERAGE WIND SPEED 5.5
RESULTANT WIND SPEED/DIRECTION 1/050
HIGHEST WIND SPEED/DIRECTION 31/300 DATE 03/03
HIGHEST GUST SPEED/DIRECTION 47/290 DATE 07/20
SKY COVER
POSSIBLE SUNSHINE (PERCENT) MM
AVERAGE SKY COVER 0.30
NUMBER OF DAYS FAIR 231
NUMBER OF DAYS PC 85
NUMBER OF DAYS CLOUDY 42
AVERAGE RH (PERCENT) 65
WEATHER CONDITIONS. NUMBER OF DAYS WITH
THUNDERSTORM 66 MIXED PRECIP 0
HEAVY RAIN 62 RAIN 76
LIGHT RAIN 141 FREEZING RAIN 0
LT FREEZING RAIN 0 HAIL 0
HEAVY SNOW 0 SNOW 0
LIGHT SNOW 0 SLEET 0
FOG 144 FOG W/VIS <= 1/4 MILE 20
HAZE 34
- INDICATES NEGATIVE NUMBERS.
R INDICATES RECORD WAS SET OR TIED.
MM INDICATES DATA IS MISSING.
T INDICATES TRACE AMOUNT.
$$