171
CXUS55 KVEF 032201
CF6DRA
PRELIMINARY LOCAL CLIMATOLOGICAL DATA (WS FORM: F-6)
STATION: DESERT ROCK-MERCURY NV
MONTH: APRIL
YEAR: 2020
LATITUDE: 36 37 N
LONGITUDE: 116 1 W
TEMPERATURE IN F: :PCPN: SNOW: WIND :SUNSHINE: SKY :PK WND
================================================================================
1 2 3 4 5 6A 6B 7 8 9 10 11 12 13 14 15 16 17 18
12Z AVG MX 2MIN
DY MAX MIN AVG DEP HDD CDD WTR SNW DPTH SPD SPD DIR MIN PSBL S-S WX SPD DR
================================================================================
1 M M M M M M M M M M M M M M M M M
2 M M M M M M M M M M M M M M M M M
3 M M M M M M M M M M M M M M M M M
4 M M M M M M M M M M M M M M M M M
5 M M M M M M M M M M M M M M M M M
6 M M M M M M M M M M M M M M M M M
7 M M M M M M M M M M M M M M M M M
8 M M M M M M M M M M M M M M M M M
9 M M M M M M M M M M M M M M M M M
10 M M M M M M M M M M M M M M M M M
11 M M M M M M M M M M M M M M M M M
12 M M M M M M M M M M M M M M M M M
13 M M M M M M M M M M M M M M M M M
14 M M M M M M M M M M M M M M M M M
15 M M M M M M M M M M M M M M M M M
16 74 49 62 2 3 0 0.00 0.0 0 6.3 21 40 M M 1 24 30
17 71 46 59 -1 6 0 T 0.0 0 12.5 23 20 M M 6 27 20
18 68 42 55 -5 10 0 0.00 0.0 0 5.9 16 240 M M 2 22 210
19 74 44 59 -1 6 0 0.00 0.0 0 7.7 21 220 M M 0 28 220
20 73 49 61 0 4 0 T 0.0 0 8.3 26 260 M M 4 33 230
21 75 50 63 2 2 0 0.04 0.0 0 4.5 25 320 M M 4 33 320
22 83 47 65 3 0 0 0.00 0.0 0 5.8 20 290 M M 0 26 290
23 83 52 68 6 0 3 0.00 0.0 0 10.4 23 300 M M 0 31 300
24 84 58 71 9 0 6 0.00 0.0 0 8.0 21 30 M M 0 26 40
25 88 59 74 12 0 9 0.00 0.0 0 8.4 16 30 M M 0 20 30
26 86 59 73 10 0 8 0.00 0.0 0 7.1 17 200 M M 0 23 210
27 89 52 71 8 0 6 0.00 0.0 0 6.4 16 230 M M 0 21 210
28 94 57 76 12 0 11 0.00 0.0 0 4.9 21 40 M M 0 25 30
29 96 60 78 14 0 13 0.00 0.0 0 6.5 22 240 M M 0 29 240
30 92 68 80 16 0 15 0.00 0.0 0 10.6 22 240 M M 0 33 240
================================================================================
SM 1230 792 31 71 0.04 0.0 113.3 M 17
================================================================================
AV 82.0 52.8 7.6 FASTST M M 1 MAX(MPH)
MISC ----> 26 260 # 33 230
================================================================================
NOTES:
# LAST OF SEVERAL OCCURRENCES
COLUMN 17 PEAK WIND IN M.P.H.
PRELIMINARY LOCAL CLIMATOLOGICAL DATA (WS FORM: F-6) , PAGE 2
STATION: DESERT ROCK-MERCURY NV
MONTH: APRIL
YEAR: 2020
LATITUDE: 36 37 N
LONGITUDE: 116 1 W
[TEMPERATURE DATA] [PRECIPITATION DATA] SYMBOLS USED IN COLUMN 16
AVERAGE MONTHLY: 67.4 TOTAL FOR MONTH: 0.04 1 = FOG OR MIST
DPTR FM NORMAL: 7.7 DPTR FM NORMAL: -0.29 2 = FOG REDUCING VISIBILITY
HIGHEST: 96 ON 29 GRTST 24HR 0.04 ON 20-21 TO 1/4 MILE OR LESS
LOWEST: 42 ON 18 3 = THUNDER
SNOW, ICE PELLETS, HAIL 4 = ICE PELLETS
TOTAL MONTH: 0.0 INCH 5 = HAIL
GRTST 24HR 0.0 6 = FREEZING RAIN OR DRIZZLE
GRTST DEPTH: 0 7 = DUSTSTORM OR SANDSTORM:
VSBY 1/2 MILE OR LESS
8 = SMOKE OR HAZE
[NO. OF DAYS WITH] [WEATHER - DAYS WITH] 9 = BLOWING SNOW
X = TORNADO
MAX 32 OR BELOW: 0 0.01 INCH OR MORE: 1
MAX 90 OR ABOVE: 3 0.10 INCH OR MORE: 0
MIN 32 OR BELOW: 0 0.50 INCH OR MORE: 0
MIN 0 OR BELOW: 0 1.00 INCH OR MORE: 0
[HDD (BASE 65) ]
TOTAL THIS MO. 31 CLEAR (SCALE 0-3) 12
DPTR FM NORMAL -160 PTCLDY (SCALE 4-7) 3
TOTAL FM JUL 1 2371 CLOUDY (SCALE 8-10) 15
DPTR FM NORMAL -573
[CDD (BASE 65) ]
TOTAL THIS MO. 71
DPTR FM NORMAL 39 [PRESSURE DATA]
TOTAL FM JAN 1 71 HIGHEST SLP M ON M
DPTR FM NORMAL 37 LOWEST SLP 29.66 ON 30
[REMARKS]
#FINAL-04-20#