000
CXUS53 KGJT 011433
CLADRO
CLIMATE REPORT
NATIONAL WEATHER SERVICE GRAND JUNCTION CO
642 AM MST WED JAN 1 2020
...................................
...THE DURANGO AIRPORT CO CLIMATE SUMMARY FOR THE YEAR OF 2019...
CLIMATE NORMAL PERIOD 1981 TO 2010
CLIMATE RECORD PERIOD 9999 TO 9999
WEATHER OBSERVED NORMAL DEPART LAST YEAR`S
VALUE DATE(S) VALUE FROM VALUE DATE(S)
NORMAL
................................................................
TEMPERATURE (F)
RECORD
HIGH MM MM
LOW MM MM
HIGHEST 94 09/03 MM MM 95 07/23
06/27
LOWEST -17 01/02 MM MM -7 12/29
AVG. MAXIMUM 60.8 61.8 -1.0 64.7
AVG. MINIMUM 28.9 30.5 -1.6 31.4
MEAN 44.8 46.1 -1.3 48.1
DAYS MAX >= 90 30 11.0 19.0 28
DAYS MAX <= 32 25 16.8 8.2 12
DAYS MIN <= 32 214 197.7 16.3 189
DAYS MIN <= 0 25 12.2 12.8 5
PRECIPITATION (INCHES)
RECORD
MAXIMUM MM MM
MINIMUM MM MM
TOTALS 15.56 16.07 -0.51 6.86
DAILY AVG. 0.04 0.04 0.00 0.02
DAYS >= .01 87 MM MM 61
DAYS >= .10 51 MM MM 25
DAYS >= .50 7 MM MM 2
DAYS >= 1.00 1 MM MM 0
GREATEST
24 HR. TOTAL 1.06 MM
SNOWFALL (INCHES)
RECORDS
TOTAL MM MM
24 HR TOTAL MM
SNOW DEPTH MM MM
TOTALS MM MM MM MM
LIQUID EQUIV MM MM MM MM
SINCE 7/1 MM MM MM MM
LIQUID 7/1 MM MM MM MM
SNOWDEPTH AVG. MM MM MM MM
DAYS >= TRACE MM MM MM MM
DAYS >= 1.0 MM MM MM MM
GREATEST
SNOW DEPTH MM MM MM
24 HR TOTAL MM MM
STORM TOTAL MM MM
DEGREE_DAYS
HEATING TOTAL 7575 7124 451 6458
SINCE 7/1 2910 2874 36 2796
COOLING TOTAL 350 242 108 401
SINCE 1/1 350 243 107 401
FREEZE DATES
RECORD
EARLIEST MM
LATEST MM
EARLIEST MM
LATEST MM
.................................................................
WIND (MPH)
AVERAGE WIND SPEED 6.0
RESULTANT WIND SPEED/DIRECTION 1/289
HIGHEST WIND SPEED/DIRECTION 38/290 DATE 02/16
HIGHEST GUST SPEED/DIRECTION 63/220 DATE 05/26
SKY COVER
POSSIBLE SUNSHINE (PERCENT) MM
AVERAGE SKY COVER 0.20
NUMBER OF DAYS FAIR 260
NUMBER OF DAYS PC 63
NUMBER OF DAYS CLOUDY 42
AVERAGE RH (PERCENT) 57
WEATHER CONDITIONS. NUMBER OF DAYS WITH
THUNDERSTORM 54 MIXED PRECIP 0
HEAVY RAIN 16 RAIN 31
LIGHT RAIN 100 FREEZING RAIN 0
LT FREEZING RAIN 0 HAIL 0
HEAVY SNOW 9 SNOW 25
LIGHT SNOW 59 SLEET 0
FOG 91 FOG W/VIS <= 1/4 MILE 27
HAZE 18
- INDICATES NEGATIVE NUMBERS.
R INDICATES RECORD WAS SET OR TIED.
MM INDICATES DATA IS MISSING.
T INDICATES TRACE AMOUNT.
$$