000
CXUS55 KTWC 042221
CLMDUG
CLIMATE REPORT
NATIONAL WEATHER SERVICE TUCSON AZ
321 PM MST MON SEP 04 2023
...................................
...THE DOUGLAS AZ CLIMATE SUMMARY FOR THE MONTH OF AUGUST 2023...
CLIMATE NORMAL PERIOD 1991 TO 2020
CLIMATE RECORD PERIOD 1948 TO 2023
WEATHER OBSERVED NORMAL DEPART LAST YEAR`S
VALUE DATE(S) VALUE FROM VALUE
NORMAL
..............................................................
TEMPERATURE (F)
RECORD
HIGH 106 08/05/2023
LOW 51 08/31/2017
HIGHEST 106R 08/05 98 8
LOWEST 58 08/24 58 0
AVG. MAXIMUM 95.5 91.5 4.0
AVG. MINIMUM 65.0 63.8 1.2
MEAN 80.3 77.7 2.6
DAYS MAX >= 90 26 22.3 3.7
DAYS MAX >= 100 7
DAYS MIN <= 32 0 0.0 0.0
DAYS MIN >= 80 0
PRECIPITATION (INCHES)
RECORD
MAXIMUM 7.77 1959
MINIMUM 0.00 2021
TOTALS 1.23 2.91 -1.68 MM
DAILY AVG. 0.04 0.09 -0.05 MM
DAYS >= .01 14 11.8 2.2 MM
DAYS >= .10 7 6.2 0.8 MM
DAYS >= .50 0 1.8 -1.8 MM
DAYS >= 1.00 0 0.6 -0.6 MM
GREATEST
24 HR. TOTAL 0.35 08/07 TO 08/08 MM
DEGREE DAYS
HEATING TOTAL 0 0 0 MM
SINCE 7/1 0 0 0 MM
COOLING TOTAL 480 392 88 MM
SINCE 1/1 1592 1391 201 MM
..............................................................
WIND (MPH)
AVERAGE WIND SPEED 7.3
HIGHEST WIND SPEED/DIRECTION 37/050 DATE 08/31
HIGHEST GUST SPEED/DIRECTION 46/060 DATE 08/31
AVERAGE RH (PERCENT) 51
- INDICATES NEGATIVE NUMBERS.
R INDICATES RECORD WAS SET OR TIED.
MM INDICATES DATA IS MISSING.
T INDICATES TRACE AMOUNT.
$$