000
CXUS53 KFGF 010915
CF6DVL
PRELIMINARY LOCAL CLIMATOLOGICAL DATA (WS FORM: F-6)
STATION: DEVILS LAKE ND
MONTH: DECEMBER
YEAR: 2021
LATITUDE: 48 7 N
LONGITUDE: 98 54 W
TEMPERATURE IN F: :PCPN: SNOW: WIND :SUNSHINE: SKY :PK WND
================================================================================
1 2 3 4 5 6A 6B 7 8 9 10 11 12 13 14 15 16 17 18
12Z AVG MX 2MIN
DY MAX MIN AVG DEP HDD CDD WTR SNW DPTH SPD SPD DIR MIN PSBL S-S WX SPD DR
================================================================================
1 50 29 40 21 25 0 0.00 M M 13.9 20 270 M M 3 M M
2 37 28 33 14 32 0 0.12 M M 7.3 16 290 M M 5 1 M M
3 32 23 28 10 37 0 T M M 12.6 22 280 M M 4 12 31 280
4 30 17 24 6 41 0 0.01 M M 9.8 17 190 M M 4 1 M M
5 26 2 14 -4 51 0 0.01 M M 23.0 31 350 M M 10 18 44 140
6 2 -11 -4 -21 69 0 T M M 12.1 20 300 M M 2 18 M M
7 17 -9 4 -12 61 0 T M M 5.7 13 220 M M 5 1 M M
8 24 -9 8 -8 57 0 T M M 12.8 25 150 M M 6 12 37 150
9 32 18 25 9 40 0 T M M 14.8 22 280 M M 3 32 290
10 27 7 17 2 48 0 0.00 M M 7.9 14 230 M M 0 M M
11 32 10 21 6 44 0 0.00 M M 13.1 23 230 M M 0 29 230
12 39 27 33 19 32 0 0.00 M M 14.2 21 220 M M 1 27 230
13 29 11 20 6 45 0 0.00 M M 7.7 15 110 M M 2 12 M M
14 34 27 31 18 34 0 0.00 M M 15.1 22 120 M M 0 32 110
15 28 13 21 8 44 0 T M M 15.9 36 330 M M 6 12 44 330
16 12 -4 4 -8 61 0 T M M 21.9 32 290 M M 5 18 39 300
17 8 -7 1 -11 64 0 T M M 6.3 12 70 M M 7 1 M M
18 6 -6 0 -12 65 0 T M M 7.5 13 150 M M 3 1 M M
19 34 3 19 8 46 0 T M M 18.1 26 290 M M 7 33 290
20 7 0 4 -7 61 0 T M M 16.3 29 290 M M 2 1 32 290
21 8 -6 1 -9 64 0 0.02 M M 9.1 15 250 M M 4 1 M M
22 20 0 10 0 55 0 0.00 M M 5.7 14 120 M M 7 M M
23 28 7 18 8 47 0 T M M 9.5 17 150 M M 4 1 M M
24 33 1 17 8 48 0 T M M 16.7 37 290 M M 3 18 45 290
25 3 -6 -1 -10 66 0 T M M 5.8 15 350 M M 6 1 M M
26 13 -9 2 -7 63 0 T M M 13.6 25 90 M M 9 1 31 90
27 18 -16 1 -7 64 0 0.02 M M 17.7 32 290 M M 7 128 38 280
28 -7 -22 -14 -22 79 0 T M M 8.2 12 280 M M 7 M M
29 -12 -25 -18 -26 83 0 T M M 9.8 16 270 M M 3 M M
30 -1 -25 -13 -21 78 0 T M M 5.5 12 160 M M 7 1 M M
31 -10 -26 -18 -26 83 0 T M M 12.3 18 280 M M 0 M M
================================================================================
SM 599 42 1687 0 0.18 M 369.9 M 132
================================================================================
AV 19.3 1.4 11.9 FASTST M M 4 MAX(MPH)
MISC ----> 37 290 45 290
================================================================================
NOTES:
# LAST OF SEVERAL OCCURRENCES
COLUMN 17 PEAK WIND IN M.P.H.
PRELIMINARY LOCAL CLIMATOLOGICAL DATA (WS FORM: F-6) , PAGE 2
STATION: DEVILS LAKE ND
MONTH: DECEMBER
YEAR: 2021
LATITUDE: 48 7 N
LONGITUDE: 98 54 W
[TEMPERATURE DATA] [PRECIPITATION DATA] SYMBOLS USED IN COLUMN 16
AVERAGE MONTHLY: 10.3 TOTAL FOR MONTH: 0.18 1 = FOG OR MIST
DPTR FM NORMAL: -2.5 DPTR FM NORMAL: -0.64 2 = FOG REDUCING VISIBILITY
HIGHEST: 50 ON 1 GRTST 24HR 0.12 ON 2- 2 TO 1/4 MILE OR LESS
LOWEST: -26 ON 31 3 = THUNDER
SNOW, ICE PELLETS, HAIL 4 = ICE PELLETS
TOTAL MONTH: M 5 = HAIL
GRTST 24HR M ON M 6 = FREEZING RAIN OR DRIZZLE
GRTST DEPTH: M ON M 7 = DUSTSTORM OR SANDSTORM:
VSBY 1/2 MILE OR LESS
8 = SMOKE OR HAZE
[NO. OF DAYS WITH] [WEATHER - DAYS WITH] 9 = BLOWING SNOW
X = TORNADO
MAX 32 OR BELOW: 25 0.01 INCH OR MORE: 5
MAX 90 OR ABOVE: 0 0.10 INCH OR MORE: 1
MIN 32 OR BELOW: 31 0.50 INCH OR MORE: 0
MIN 0 OR BELOW: 16 1.00 INCH OR MORE: 0
[HDD (BASE 65) ]
TOTAL THIS MO. 1687 CLEAR (SCALE 0-3) 11
DPTR FM NORMAL 69 PTCLDY (SCALE 4-7) 18
TOTAL FM JUL 1 3360 CLOUDY (SCALE 8-10) 2
DPTR FM NORMAL -398
[CDD (BASE 65) ]
TOTAL THIS MO. 0
DPTR FM NORMAL 0 [PRESSURE DATA]
TOTAL FM JAN 1 653 HIGHEST SLP M ON M
DPTR FM NORMAL 399 LOWEST SLP M ON M
[REMARKS]
#FINAL-12-21#