000
CXUS53 KDVN 011016
CLSDVN
CLIMATE REPORT
NATIONAL WEATHER SERVICE QUAD CITIES IA IL
516 AM CDT THU SEP 01 2022
...................................
...THE DAVENPORT IA CLIMATE SUMMARY FOR THE SEASON, FROM
6/1/2022 TO 8/31/2022...
CLIMATE NORMAL PERIOD 1991 TO 2020
CLIMATE RECORD PERIOD 9999 TO 9999
WEATHER OBSERVED NORMAL DEPART LAST YEAR`S
VALUE DATE(S) VALUE FROM VALUE
NORMAL
..............................................................
TEMPERATURE (F)
HIGHEST 96 06/14 84 12
LOWEST 52 06/27 55 -3
AVG. MAXIMUM 83.0 82.3 0.7
AVG. MINIMUM 62.3 62.0 0.3
MEAN 72.7 72.2 0.5
DAYS MAX >= 90 10
DAYS MAX <= 32 0
DAYS MIN <= 32 0
DAYS MIN <= 0 0
PRECIPITATION (INCHES)
TOTALS 12.69 12.76 -0.07
DAILY AVG. 0.14 0.14 0.00
DAYS >= .01 28
DAYS >= .10 24
DAYS >= .50 9
DAYS >= 1.00 2
GREATEST
24 HR. TOTAL 2.18 06/25 TO 06/25
SNOWFALL (INCHES)
RECORDS
24 HR TOTAL MM
TOTALS T
SINCE 7/1 T
SNOWDEPTH AVG. 0
DAYS >= TRACE 1
DAYS >= 1.0 0
GREATEST
SNOW DEPTH 0
24 HR TOTAL 0.0
DEGREE DAYS
HEATING TOTAL 2 30 -28
SINCE 7/1 2 7 -5
COOLING TOTAL 732 692 40
SINCE 1/1 887 771 116
..............................................................
WIND (MPH)
AVERAGE WIND SPEED 7.9
HIGHEST WIND SPEED/DIRECTION 39/340 DATE 06/11
HIGHEST GUST SPEED/DIRECTION 54/320 DATE 07/05
SKY COVER
POSSIBLE SUNSHINE (PERCENT) MM
AVERAGE SKY COVER 0.23
NUMBER OF DAYS FAIR 67
NUMBER OF DAYS PC 18
NUMBER OF DAYS CLOUDY 6
AVERAGE RH (PERCENT) 71
WEATHER CONDITIONS. NUMBER OF DAYS WITH
THUNDERSTORM 20 HAIL 1
SLEET 0 FOG 48
FOG W/VIS <= 1/4 MILE 7 HAZE 7
- INDICATES NEGATIVE NUMBERS.
R INDICATES RECORD WAS SET OR TIED.
MM INDICATES DATA IS MISSING.
T INDICATES TRACE AMOUNT.
$$
===================================================================
NOTE: SUPPLEMENTAL CLIMATE DATA WAS USED FROM A NEARBY
CLIMATOLOGICALLY REPRESENTATIVE STATION.
PARAMETER DATE
--------- ----
SNW HAIL OBSERVED ON 08/02
===================================================================