000
CXUS55 KPSR 011005
CF6DVT
PRELIMINARY LOCAL CLIMATOLOGICAL DATA (WS FORM: F-6)
STATION: DEER VLY/PHOENIX AZ
MONTH: FEBRUARY
YEAR: 2022
LATITUDE: 33 41 N
LONGITUDE: 112 4 W
TEMPERATURE IN F: :PCPN: SNOW: WIND :SUNSHINE: SKY :PK WND
================================================================================
1 2 3 4 5 6A 6B 7 8 9 10 11 12 13 14 15 16 17 18
12Z AVG MX 2MIN
DY MAX MIN AVG DEP HDD CDD WTR SNW DPTH SPD SPD DIR MIN PSBL S-S WX SPD DR
================================================================================
1 65 46 56 0 9 0 0.00 M M 2.4 10 190 M M 0 13 150
2 58 41 50 -6 15 0 0.00 M M 6.7 18 320 M M 2 26 20
3 55 35 45 -11 20 0 0.00 M M 4.8 13 40 M M 0 15 50
4 62 34 48 -8 17 0 0.00 M M 6.6 17 80 M M 0 30 70
5 65 39 52 -4 13 0 0.00 M M 5.5 14 40 M M 0 19 40
6 73 36 55 -1 10 0 0.00 M M 6.4 21 30 M M 0 29 20
7 69 46 58 2 7 0 0.00 M M 6.6 15 40 M M 0 22 40
8 73 42 58 2 7 0 0.00 M M 4.8 15 30 M M 0 18 30
9 77 44 61 5 4 0 0.00 M M 4.6 15 40 M M 0 20 40
10 79 53 66 10 0 1 0.00 M M 5.0 16 40 M M 0 23 40
11 78 46 62 6 3 0 0.00 M M 4.0 12 50 M M 0 16 40
12 80 51 66 10 0 1 0.00 M M 4.8 15 90 M M 0 22 90
13 80 48 64 7 1 0 0.00 M M 5.0 14 40 M M 0 19 40
14 79 46 63 6 2 0 0.00 M M 4.2 12 40 M M 0 16 40
15 75 48 62 5 3 0 0.00 M M 7.5 21 250 M M 0 26 250
16 59 50 55 -2 10 0 0.00 M M 7.6 16 230 M M 4 21 220
17 67 43 55 -2 10 0 T M M 4.3 14 10 M M 2 19 40
18 69 40 55 -2 10 0 0.00 M M 5.1 13 30 M M 0 16 50
19 77 45 61 3 4 0 0.00 M M 5.0 13 30 M M 0 18 120
20 75 44 60 2 5 0 0.00 M M 4.8 14 260 M M 0 18 280
21 68 48 58 0 7 0 0.00 M M 9.8 25 240 M M 1 34 230
22 61 51 56 -2 9 0 T M M 7.4 15 220 M M 8 24 210
23 54 38 46 -12 19 0 0.47 M M 7.7 22 290 M M 9 1 29 280
24 55 34 45 -13 20 0 0.00 M M 2.5 10 40 M M 1 14 140
25 63 36 50 -9 15 0 0.00 M M 3.8 10 270 M M 0 16 270
26 67 39 53 -6 12 0 0.00 M M 4.4 15 40 M M 0 20 40
27 70 37 54 -5 11 0 0.00 M M 4.3 13 50 M M 0 17 40
28 80 54 67 8 0 2 0.00 M M 4.1 14 40 M M 0 21 90
================================================================================
SM 1933 1214 243 4 0.47 M 149.7 M 27
================================================================================
AV 69.0 43.4 5.3 FASTST M M 1 MAX(MPH)
MISC ----> 25 240 34 230
================================================================================
NOTES:
# LAST OF SEVERAL OCCURRENCES
COLUMN 17 PEAK WIND IN M.P.H.
PRELIMINARY LOCAL CLIMATOLOGICAL DATA (WS FORM: F-6) , PAGE 2
STATION: DEER VLY/PHOENIX AZ
MONTH: FEBRUARY
YEAR: 2022
LATITUDE: 33 41 N
LONGITUDE: 112 4 W
[TEMPERATURE DATA] [PRECIPITATION DATA] SYMBOLS USED IN COLUMN 16
AVERAGE MONTHLY: 56.2 TOTAL FOR MONTH: 0.47 1 = FOG OR MIST
DPTR FM NORMAL: -0.9 DPTR FM NORMAL: -0.74 2 = FOG REDUCING VISIBILITY
HIGHEST: 80 ON 28,13 GRTST 24HR 0.47 ON 22-23 TO 1/4 MILE OR LESS
LOWEST: 34 ON 24, 4 3 = THUNDER
SNOW, ICE PELLETS, HAIL 4 = ICE PELLETS
TOTAL MONTH: M 5 = HAIL
GRTST 24HR M ON M 6 = FREEZING RAIN OR DRIZZLE
GRTST DEPTH: M ON M 7 = DUSTSTORM OR SANDSTORM:
VSBY 1/2 MILE OR LESS
8 = SMOKE OR HAZE
[NO. OF DAYS WITH] [WEATHER - DAYS WITH] 9 = BLOWING SNOW
X = TORNADO
MAX 32 OR BELOW: 0 0.01 INCH OR MORE: 1
MAX 90 OR ABOVE: 0 0.10 INCH OR MORE: 1
MIN 32 OR BELOW: 0 0.50 INCH OR MORE: 0
MIN 0 OR BELOW: 0 1.00 INCH OR MORE: 0
[HDD (BASE 65) ]
TOTAL THIS MO. 243 CLEAR (SCALE 0-3) 25
DPTR FM NORMAL 17 PTCLDY (SCALE 4-7) 2
TOTAL FM JUL 1 830 CLOUDY (SCALE 8-10) 1
DPTR FM NORMAL -222
[CDD (BASE 65) ]
TOTAL THIS MO. 4
DPTR FM NORMAL -1 [PRESSURE DATA]
TOTAL FM JAN 1 4 HIGHEST SLP 30.46 ON 4
DPTR FM NORMAL 3 LOWEST SLP 29.61 ON 15
[REMARKS]
#FINAL-02-22#