966
CXUS54 KHGX 020546
CF6DWH
PRELIMINARY LOCAL CLIMATOLOGICAL DATA (WS FORM: F-6)
STATION: HOUSTON/D.W._HOOKS
MONTH: NOVEMBER
YEAR: 2020
LATITUDE: 30 4 N
LONGITUDE: 95 33 W
TEMPERATURE IN F: :PCPN: SNOW: WIND :SUNSHINE: SKY :PK WND
================================================================================
1 2 3 4 5 6A 6B 7 8 9 10 11 12 13 14 15 16 17 18
12Z AVG MX 2MIN
DY MAX MIN AVG DEP HDD CDD WTR SNW DPTH SPD SPD DIR MIN PSBL S-S WX SPD DR
================================================================================
1 77 48 63 -2 2 0 0.00 0.0 0 4.9 16 20 M M 0 18 26 20
2 73 44 59 -6 6 0 0.00 0.0 0 3.5 12 90 M M 0 15 80
3 76 40 58 -6 7 0 0.00 0.0 0 1.9 7 90 M M 0 1 10 90
4 78 43 61 -3 4 0 0.00 0.0 0 4.0 14 120 M M 0 12 18 110
5 80 56 68 4 0 3 0.00 0.0 0 3.2 12 110 M M 3 12 16 110
6 78 53 66 3 0 1 0.00 0.0 0 2.8 9 70 M M 0 12 12 90
7 81 52 67 4 0 2 0.00 0.0 0 2.5 8 90 M M 0 12 14 90
8 81 59 70 8 0 5 0.00 0.0 0 4.1 12 130 M M 6 12 15 120
9 85 66 76 14 0 11 T 0.0 0 6.1 14 130 M M 7 12 20 120
10 85 67 76 14 0 11 0.05 0.0 0 2.6 9 280 M M 7 1 13 280
11 83 64 74 13 0 9 0.00 0.0 0 4.6 10 80 M M 2 14 80
12 84 58 71 10 0 6 0.00 0.0 0 4.0 10 80 M M 3 13 90
13 79 64 72 11 0 7 0.00 0.0 0 4.3 13 120 M M 10 128 16 120
14 86 70 78 18 0 13 0.00 0.0 0 8.6 20 190 M M 7 1 27 190
15 76 48 62 2 3 0 0.01 M 0 7.7 23 360 M M 4 1 30 340
16 72 42 57 -3 8 0 0.00 0.0 0 3.1 12 70 M M 0 16 90
17 76 40 58 -1 7 0 0.00 0.0 0 3.4 12 80 M M 0 17 80
18 76 46 61 2 4 0 0.00 0.0 0 5.6 13 80 M M 0 1 23 90
19 79 49 64 5 1 0 0.00 0.0 0 5.2 13 120 M M 4 12 18 150
20 82 60 71 13 0 6 0.00 0.0 0 5.3 15 130 M M 7 128 20 130
21 80 57 69 11 0 4 0.00 0.0 0 4.3 14 110 M M 6 128 19 110
22 81 57 69 11 0 4 0.00 0.0 0 3.2 14 30 M M 7 19 30
23 65 50 58 0 7 0 0.00 0.0 0 5.0 12 20 M M 8 12 14 30
24 79 56 68 11 0 3 T 0.0 0 7.1 17 140 M M 8 18 25 130
25 73 49 61 4 4 0 0.08 0.0 0 5.2 17 310 M M 4 1 22 320
26 76 47 62 5 3 0 0.00 0.0 0 5.4 12 120 M M 6 15 130
27 77 66 72 16 0 7 1.61 0.0 0 4.2 17 190 M M 9 138 23 220
28 67 58 63 7 2 0 1.32 0.0 0 6.6 14 90 M M 10 1 18 80
29 58 47 53 -3 12 0 0.16 0.0 0 9.4 22 330 M M 8 1 32 330
30 56 33 45 -11 20 0 0.00 0.0 0 7.8 16 10 M M 0 24 340
================================================================================
SM 2299 1589 90 92 3.23 0.0 145.6 M 126
================================================================================
AV 76.6 53.0 4.9 FASTST M M 4 MAX(MPH)
MISC ----> 23 360 32 330
================================================================================
NOTES:
# LAST OF SEVERAL OCCURRENCES
COLUMN 17 PEAK WIND IN M.P.H.
PRELIMINARY LOCAL CLIMATOLOGICAL DATA (WS FORM: F-6) , PAGE 2
STATION: HOUSTON/D.W._HOOKS
MONTH: NOVEMBER
YEAR: 2020
LATITUDE: 30 4 N
LONGITUDE: 95 33 W
[TEMPERATURE DATA] [PRECIPITATION DATA] SYMBOLS USED IN COLUMN 16
AVERAGE MONTHLY: 64.8 TOTAL FOR MONTH: 3.23 1 = FOG OR MIST
DPTR FM NORMAL: 4.8 DPTR FM NORMAL: -1.49 2 = FOG REDUCING VISIBILITY
HIGHEST: 86 ON 14 GRTST 24HR 2.07 ON 27-28 TO 1/4 MILE OR LESS
LOWEST: 33 ON 30 3 = THUNDER
SNOW, ICE PELLETS, HAIL 4 = ICE PELLETS
TOTAL MONTH: 0.0 INCH 5 = HAIL
GRTST 24HR 0.0 6 = FREEZING RAIN OR DRIZZLE
GRTST DEPTH: 0 7 = DUSTSTORM OR SANDSTORM:
VSBY 1/2 MILE OR LESS
8 = SMOKE OR HAZE
[NO. OF DAYS WITH] [WEATHER - DAYS WITH] 9 = BLOWING SNOW
X = TORNADO
MAX 32 OR BELOW: 0 0.01 INCH OR MORE: 6
MAX 90 OR ABOVE: 0 0.10 INCH OR MORE: 3
MIN 32 OR BELOW: 0 0.50 INCH OR MORE: 2
MIN 0 OR BELOW: 0 1.00 INCH OR MORE: 2
[HDD (BASE 65) ]
TOTAL THIS MO. 90 CLEAR (SCALE 0-3) 12
DPTR FM NORMAL -102 PTCLDY (SCALE 4-7) 15
TOTAL FM JUL 1 141 CLOUDY (SCALE 8-10) 3
DPTR FM NORMAL -88
[CDD (BASE 65) ]
TOTAL THIS MO. 92
DPTR FM NORMAL 50 [PRESSURE DATA]
TOTAL FM JAN 1 3285 HIGHEST SLP 30.51 ON 2
DPTR FM NORMAL 557 LOWEST SLP 29.79 ON 10
[REMARKS]
#FINAL-11-20#