000
CXUS54 KEWX 011010
CF6DZB
PRELIMINARY LOCAL CLIMATOLOGICAL DATA (WS FORM: F-6)
STATION: HORSESHOE BAY
MONTH: MARCH
YEAR: 2022
LATITUDE: 30 31 N
LONGITUDE: 98 22 W
TEMPERATURE IN F: :PCPN: SNOW: WIND :SUNSHINE: SKY :PK WND
================================================================================
1 2 3 4 5 6A 6B 7 8 9 10 11 12 13 14 15 16 17 18
12Z AVG MX 2MIN
DY MAX MIN AVG DEP HDD CDD WTR SNW DPTH SPD SPD DIR MIN PSBL S-S WX SPD DR
================================================================================
1 74 32 53 M 12 0 0.00 M M 2.6 7 150 M M 0 M M
2 76 37 57 M 8 0 0.00 M M 2.4 7 200 M M 0 M M
3 81 45 63 M 2 0 0.00 M M 3.5 9 160 M M 0 M M
4 80 60 70 M 0 5 0.00 M M 9.4 16 170 M M 6 27 170
5 79 64 72 M 0 7 0.00 M M 10.0 15 190 M M 8 24 180
6 83 49 66 M 0 1 0.00 M M 9.9 18 190 M M 8 25 340
7 57 40 49 M 16 0 0.00 M M 9.4 15 340 M M 8 24 10
8 55 33 44 M 21 0 0.00 M M 3.7 9 40 M M 6 M M
9 64 28 46 M 19 0 0.00 M M 2.3 7 150 M M 0 M M
10 74 32 53 M 12 0 0.00 M M 5.3 10 140 M M 0 17 160
11 58 36 47 M 18 0 0.00 M M 12.9 20 340 M M 7 30 350
12 59 23 41 M 24 0 0.00 M M 6.0 17 360 M M 0 28 360
13 67 28 48 M 17 0 0.00 M M 8.8 17 180 M M 0 24 190
14 83 50 67 M 0 2 0.00 M M 9.8 22 220 M M 4 32 200
15 75 45 60 M 5 0 0.00 M M 8.1 22 340 M M 0 28 340
16 83 37 60 M 5 0 0.00 M M 5.6 12 190 M M 0 22 160
17 78 55 67 M 0 2 0.00 M M 8.9 17 170 M M 3 24 200
18 71 41 56 M 9 0 0.00 M M 9.9 21 330 M M 0 27 330
19 80 36 58 M 7 0 0.00 M M 3.8 9 100 M M 0 M M
20 79 42 61 M 4 0 0.00 M M 9.0 17 150 M M 1 26 140
21 82 58 70 M 0 5 0.28 M M 9.9 17 190 M M 7 3 36 170
22 65 48 57 M 8 0 0.00 M M 10.4 18 310 M M 2 30 310
23 68 40 54 M 11 0 0.00 M M 6.0 17 320 M M 1 29 320
24 76 44 60 M 5 0 0.00 M M 6.4 17 320 M M 0 29 330
25 87 36 62 M 3 0 0.00 M M 3.0 9 150 M M 0 M M
26 93 53 73 M 0 8 0.00 M M 9.4 17 220 M M 0 25 180
27 90 64 77 M 0 12 0.00 M M 11.0 16 190 M M 0 28 180
28 86 60 73 M 0 8 0.00 M M 9.3 16 190 M M 0 28 170
29 79 65 72 M 0 7 0.00 M M 12.9 22 160 M M 6 35 160
30 76 51 64 M 1 0 0.14 M M 10.6 29 170 M M 3 45 170
31 78 41 60 M 5 0 0.00 M M 3.4 9 360 M M 0 M M
================================================================================
SM 2336 1373 212 57 0.42 M 233.6 M 70
================================================================================
AV 75.4 44.3 7.5 FASTST M M 2 MAX(MPH)
MISC ----> 29 170 45 170
================================================================================
NOTES:
# LAST OF SEVERAL OCCURRENCES
COLUMN 17 PEAK WIND IN M.P.H.
PRELIMINARY LOCAL CLIMATOLOGICAL DATA (WS FORM: F-6) , PAGE 2
STATION: HORSESHOE BAY
MONTH: MARCH
YEAR: 2022
LATITUDE: 30 31 N
LONGITUDE: 98 22 W
[TEMPERATURE DATA] [PRECIPITATION DATA] SYMBOLS USED IN COLUMN 16
AVERAGE MONTHLY: 59.8 TOTAL FOR MONTH: 0.42 1 = FOG OR MIST
DPTR FM NORMAL: 0.0 DPTR FM NORMAL: M 2 = FOG REDUCING VISIBILITY
HIGHEST: 93 ON 26 GRTST 24HR 0.28 ON 21-21 TO 1/4 MILE OR LESS
LOWEST: 23 ON 12 3 = THUNDER
SNOW, ICE PELLETS, HAIL 4 = ICE PELLETS
TOTAL MONTH: M 5 = HAIL
GRTST 24HR M ON M 6 = FREEZING RAIN OR DRIZZLE
GRTST DEPTH: M ON M 7 = DUSTSTORM OR SANDSTORM:
VSBY 1/2 MILE OR LESS
8 = SMOKE OR HAZE
[NO. OF DAYS WITH] [WEATHER - DAYS WITH] 9 = BLOWING SNOW
X = TORNADO
MAX 32 OR BELOW: 0 0.01 INCH OR MORE: 2
MAX 90 OR ABOVE: 2 0.10 INCH OR MORE: 2
MIN 32 OR BELOW: 5 0.50 INCH OR MORE: 0
MIN 0 OR BELOW: 0 1.00 INCH OR MORE: 0
[HDD (BASE 65) ]
TOTAL THIS MO. 212 CLEAR (SCALE 0-3) 22
DPTR FM NORMAL M PTCLDY (SCALE 4-7) 7
TOTAL FM JUL 1 1555 CLOUDY (SCALE 8-10) 2
DPTR FM NORMAL M
[CDD (BASE 65) ]
TOTAL THIS MO. 57
DPTR FM NORMAL M [PRESSURE DATA]
TOTAL FM JAN 1 69 HIGHEST SLP M ON M
DPTR FM NORMAL M LOWEST SLP M ON M
[REMARKS]
#FINAL-03-22#