000
CXUS54 KEWX 011110
CF6DZB
PRELIMINARY LOCAL CLIMATOLOGICAL DATA (WS FORM: F-6)
STATION: HORSESHOE BAY
MONTH: NOVEMBER
YEAR: 2023
LATITUDE: 30 31 N
LONGITUDE: 98 22 W
TEMPERATURE IN F: :PCPN: SNOW: WIND :SUNSHINE: SKY :PK WND
================================================================================
1 2 3 4 5 6A 6B 7 8 9 10 11 12 13 14 15 16 17 18
12Z AVG MX 2MIN
DY MAX MIN AVG DEP HDD CDD WTR SNW DPTH SPD SPD DIR MIN PSBL S-S WX SPD DR
================================================================================
1 62 32 47 M 18 0 0.00 M M 1.6 5 170 M M 0 M M
2 68 35 52 M 13 0 0.00 M M 3.6 9 160 M M 0 M M
3 77 44 61 M 4 0 0.00 M M 4.8 12 170 M M 1 18 160
4 80 57 69 M 0 4 0.00 M M 6.2 13 180 M M 2 20 180
5 81 52 67 M 0 2 0.00 M M 4.0 10 200 M M 0 16 220
6 82 64 73 M 0 8 0.00 M M 7.7 15 220 M M 2 21 210
7 88 61 75 M 0 10 0.00 M M 5.5 13 210 M M 0 18 170
8 84 68 76 M 0 11 0.00 M M 8.2 16 210 M M 4 22 170
9 73 53 63 M 2 0 0.67 M M 6.5 14 350 M M 9 23 0
10 56 52 54 M 11 0 0.13 M M 5.8 12 340 M M 10 1 16 340
11 62 53 58 M 7 0 0.01 M M 2.9 9 320 M M 10 1 M M
12 61 54 58 M 7 0 0.13 M M 1.4 6 40 M M 8 M M
13 64 54 59 M 6 0 0.03 M M 1.0 5 20 M M 9 M M
14 71 49 60 M 5 0 0.01 M M 1.9 7 330 M M 3 M M
15 73 45 59 M 6 0 0.00 M M 0.8 6 350 M M 0 M M
16 68 45 57 M 8 0 0.00 M M 2.6 8 160 M M 0 M M
17 80 51 66 M 0 1 0.00 M M 4.6 9 350 M M 2 1 22 360
18 65 57 61 M 4 0 0.00 M M 1.8 8 10 M M 10 M M
19 67 52 60 M 5 0 0.02 M M 3.8 8 170 M M 9 1 9 180
20 78 59 69 M 0 4 0.00 M M 6.0 15 340 M M 4 23 340
21 59 42 51 M 14 0 0.00 M M 10.2 20 340 M M 6 30 360
22 65 33 49 M 16 0 0.00 M M 2.3 7 330 M M 0 M M
23 62 36 49 M 16 0 0.00 M M 3.3 13 210 M M 2 20 210
24 66 37 52 M 13 0 0.00 M M 1.9 8 130 M M 0 M M
25 60 39 50 M 15 0 0.03 M M 1.9 8 120 M M 8 M M
26 55 36 46 M 19 0 0.00 M M 8.8 16 350 M M 5 23 350
27 56 32 44 M 21 0 0.00 M M 2.1 6 40 M M 3 M M
28 63 46 55 M 10 0 0.00 M M 2.8 9 180 M M 4 M M
29 62 38 50 M 15 0 0.00 M M 4.2 12 170 M M 7 17 170
30 78 53 66 M 0 1 0.01 M M 5.2 10 190 M M 6 1 21 180
================================================================================
SM 2066 1429 235 41 1.04 M 123.3 M 124
================================================================================
AV 68.9 47.6 4.1 FASTST M M 4 MAX(MPH)
MISC ----> 20 340 30 360
================================================================================
NOTES:
# LAST OF SEVERAL OCCURRENCES
COLUMN 17 PEAK WIND IN M.P.H.
PRELIMINARY LOCAL CLIMATOLOGICAL DATA (WS FORM: F-6) , PAGE 2
STATION: HORSESHOE BAY
MONTH: NOVEMBER
YEAR: 2023
LATITUDE: 30 31 N
LONGITUDE: 98 22 W
[TEMPERATURE DATA] [PRECIPITATION DATA] SYMBOLS USED IN COLUMN 16
AVERAGE MONTHLY: 58.3 TOTAL FOR MONTH: 1.04 1 = FOG OR MIST
DPTR FM NORMAL: 0.0 DPTR FM NORMAL: M 2 = FOG REDUCING VISIBILITY
HIGHEST: 88 ON 7 GRTST 24HR 0.67 ON 9- 9 TO 1/4 MILE OR LESS
LOWEST: 32 ON 27, 1 3 = THUNDER
SNOW, ICE PELLETS, HAIL 4 = ICE PELLETS
TOTAL MONTH: M 5 = HAIL
GRTST 24HR M ON M 6 = FREEZING RAIN OR DRIZZLE
GRTST DEPTH: M ON M 7 = DUSTSTORM OR SANDSTORM:
VSBY 1/2 MILE OR LESS
8 = SMOKE OR HAZE
[NO. OF DAYS WITH] [WEATHER - DAYS WITH] 9 = BLOWING SNOW
X = TORNADO
MAX 32 OR BELOW: 0 0.01 INCH OR MORE: 9
MAX 90 OR ABOVE: 0 0.10 INCH OR MORE: 3
MIN 32 OR BELOW: 2 0.50 INCH OR MORE: 1
MIN 0 OR BELOW: 0 1.00 INCH OR MORE: 0
[HDD (BASE 65) ]
TOTAL THIS MO. 235 CLEAR (SCALE 0-3) 15
DPTR FM NORMAL M PTCLDY (SCALE 4-7) 7
TOTAL FM JUL 1 292 CLOUDY (SCALE 8-10) 8
DPTR FM NORMAL M
[CDD (BASE 65) ]
TOTAL THIS MO. 41
DPTR FM NORMAL M [PRESSURE DATA]
TOTAL FM JAN 1 3586 HIGHEST SLP M ON M
DPTR FM NORMAL M LOWEST SLP M ON M
[REMARKS]
#FINAL-11-23#