000
CXUS53 KMPX 022008
CF6EAU
PRELIMINARY LOCAL CLIMATOLOGICAL DATA (WS FORM: F-6)
STATION: EAU CLAIRE WI
MONTH: JANUARY
YEAR: 2022
LATITUDE: 44 52 N
LONGITUDE: 91 29 W
TEMPERATURE IN F: :PCPN: SNOW: WIND :SUNSHINE: SKY :PK WND
================================================================================
1 2 3 4 5 6A 6B 7 8 9 10 11 12 13 14 15 16 17 18
12Z AVG MX 2MIN
DY MAX MIN AVG DEP HDD CDD WTR SNW DPTH SPD SPD DIR MIN PSBL S-S WX SPD DR
================================================================================
1 7 -10 -1 -17 66 0 0.00 0.0 3 6.7 14 340 M M 0 20 340
2 4 -14 -5 -21 70 0 0.00 0.0 3 3.6 8 260 M M 0 8 10 270
3 22 -9 7 -9 58 0 0.00 0.0 3 3.0 9 200 M M 0 11 200
4 31 4 18 2 47 0 T T 3 5.6 15 140 M M 3 18 20 150
5 28 4 16 0 49 0 0.17 3.5 5 13.4 21 310 M M 10 18 30 300
6 4 -12 -4 -19 69 0 0.01 0.6 5 7.6 14 310 M M 6 8 21 300
7 12 -19 -3 -18 68 0 T T 5 6.8 20 160 M M 2 18 27 140
8 28 12 20 5 45 0 T T 5 13.0 24 170 M M 7 18 31 150
9 22 -4 9 -6 56 0 0.00 0.0 4 11.2 22 290 M M 2 31 290
10 1 -15 -7 -22 72 0 0.00 0.0 4 6.3 13 260 M M 1 19 290
11 31 0 16 1 49 0 0.00 0.0 4 8.0 20 200 M M 1 24 210
12 36 20 28 14 37 0 0.00 0.0 4 1.5 10 20 M M 4 18 13 10
13 36 22 29 15 36 0 T T 4 5.4 17 70 M M 9 18 21 40
14 24 12 18 4 47 0 0.08 0.7 3 12.4 20 70 M M 9 8 25 80
15 15 -5 5 -9 60 0 0.00 0.0 4 3.4 10 40 M M 0 18 16 50
16 25 -5 10 -4 55 0 T 0.1 4 6.8 15 190 M M 7 8 18 220
17 30 23 27 13 38 0 0.00 0.0 4 7.0 15 300 M M 9 22 340
18 39 16 28 14 37 0 0.00 0.0 4 12.4 29 270 M M 7 43 280
19 16 -3 7 -7 58 0 T T 4 12.4 25 300 M M 3 8 36 280
20 2 -15 -6 -20 71 0 0.00 0.0 4 3.7 9 260 M M 0 13 280
21 13 -21 -4 -18 69 0 0.04 0.6 4 8.5 23 210 M M 2 8 32 210
22 23 7 15 1 50 0 0.04 1.2 4 11.2 18 270 M M 7 1 36 290
23 7 -9 -1 -15 66 0 0.04 0.8 5 6.0 9 270 M M 4 14 10
24 12 -5 4 -10 61 0 0.02 0.7 6 7.6 17 320 M M 5 18 23 340
25 -1 -16 -8 -22 73 0 0.00 0.0 5 5.3 15 300 M M 0 18 320
26 21 -19 1 -13 64 0 0.00 0.0 5 9.5 23 200 M M 1 18 29 180
27 30 5 18 4 47 0 T T 5 9.0 20 360 M M 5 30 320
28 12 -12 0 -14 65 0 T T 4 4.8 13 250 M M 5 19 250
29 27 6 17 3 48 0 0.00 0.0 4 5.6 15 180 M M 3 20 170
30 25 4 15 1 50 0 T T 4 3.8 13 330 M M 6 18 18 340
31 30 1 16 1 49 0 0.00 0.0 4 8.6 17 150 M M 1 18 26 150
================================================================================
SM 612 -57 1730 0 0.40 8.2 230.1 M 119
================================================================================
AV 19.7 -1.8 7.4 FASTST M M 4 MAX(MPH)
MISC ----> 29 270 43 280
================================================================================
NOTES:
# LAST OF SEVERAL OCCURRENCES
COLUMN 17 PEAK WIND IN M.P.H.
PRELIMINARY LOCAL CLIMATOLOGICAL DATA (WS FORM: F-6) , PAGE 2
STATION: EAU CLAIRE WI
MONTH: JANUARY
YEAR: 2022
LATITUDE: 44 52 N
LONGITUDE: 91 29 W
[TEMPERATURE DATA] [PRECIPITATION DATA] SYMBOLS USED IN COLUMN 16
AVERAGE MONTHLY: 9.0 TOTAL FOR MONTH: 0.40 1 = FOG OR MIST
DPTR FM NORMAL: -5.6 DPTR FM NORMAL: -0.63 2 = FOG REDUCING VISIBILITY
HIGHEST: 39 ON 18 GRTST 24HR 0.25 ON 14-14 TO 1/4 MILE OR LESS
LOWEST: -21 ON 21 3 = THUNDER
SNOW, ICE PELLETS, HAIL 4 = ICE PELLETS
TOTAL MONTH: 8.2 INCHES 5 = HAIL
GRTST 24HR 3.5 ON 5- 5 6 = FREEZING RAIN OR DRIZZLE
GRTST DEPTH: 6 ON 24 7 = DUSTSTORM OR SANDSTORM:
VSBY 1/2 MILE OR LESS
8 = SMOKE OR HAZE
[NO. OF DAYS WITH] [WEATHER - DAYS WITH] 9 = BLOWING SNOW
X = TORNADO
MAX 32 OR BELOW: 28 0.01 INCH OR MORE: 7
MAX 90 OR ABOVE: 0 0.10 INCH OR MORE: 1
MIN 32 OR BELOW: 31 0.50 INCH OR MORE: 0
MIN 0 OR BELOW: 18 1.00 INCH OR MORE: 0
[HDD (BASE 65) ]
TOTAL THIS MO. 1730 CLEAR (SCALE 0-3) 16
DPTR FM NORMAL 168 PTCLDY (SCALE 4-7) 11
TOTAL FM JUL 1 4350 CLOUDY (SCALE 8-10) 4
DPTR FM NORMAL -304
[CDD (BASE 65) ]
TOTAL THIS MO. 0
DPTR FM NORMAL 0 [PRESSURE DATA]
TOTAL FM JAN 1 0 HIGHEST SLP 30.76 ON 20
DPTR FM NORMAL 0 LOWEST SLP 29.44 ON 5
[REMARKS]
#FINAL-01-22#
THE PRECIPITATION DATA ON JANUARY 3RD, 5TH, 6TH, 8TH, 14TH, 20TH-24TH, AND 28TH IS FROM THE 8 INCH DIAMETER RAIN GAUGE AT THE SNOW OBSERVING SITE.