000
CXUS55 KEAX 041512
CF6EAX
PRELIMINARY LOCAL CLIMATOLOGICAL DATA (WS FORM: F-6)
STATION: PLEASANT HILL NWS MO
MONTH: APRIL
YEAR: 2020
LATITUDE: 38 48 N
LONGITUDE: 94 16 W
TEMPERATURE IN F: :PCPN: SNOW: WIND :SUNSHINE: SKY :PK WND
================================================================================
1 2 3 4 5 6A 6B 7 8 9 10 11 12 13 14 15 16 17 18
12Z AVG MX 2MIN
DY MAX MIN AVG DEP HDD CDD WTR SNW DPTH SPD SPD DIR MIN PSBL S-S WX SPD DR
================================================================================
1 70 44 57 8 8 0 0.00 0.0 0 M M M M M M M M
2 73 56 65 16 0 0 T 0.0 0 M M M M M M M M
3 61 30 46 -4 19 0 0.39 0.0 0 M M M M M M M M
4 46 30 38 -12 27 0 0.00 0.0 0 M M M M M M M M
5 54 40 47 -3 18 0 0.00 0.0 0 M M M M M M M M
6 67 51 59 8 6 0 0.00 0.0 0 M M M M M M M M
7 78 60 69 18 0 4 0.00 0.0 0 M M M M M M M M
8 87 50 69 18 0 4 0.00 0.0 0 M M M M M M M M
9 60 37 49 -3 16 0 0.00 0.0 0 M M M M M M M M
10 55 29 42 -10 23 0 0.00 0.0 0 M M M M M M M M
11 70 44 57 5 8 0 0.01 0.0 0 M M M M M M 3 M M
12 61 32 47 -6 18 0 1.36 0.0 0 M M M M M M 13 M M
13 45 29 37 -16 28 0 0.00 0.0 0 M M M M M M M M
14 51 32 42 -11 23 0 0.00 0.0 0 M M M M M M M M
15 53 34 44 -10 21 0 0.00 0.0 0 M M M M M M M M
16 55 37 46 -8 19 0 0.05 0.0 0 M M M M M M M M
17 46 33 40 -14 25 0 0.23 0.0 0 M M M M M M M M
18 62 32 47 -8 18 0 0.00 0.0 0 M M M M M M M M
19 66 46 56 1 9 0 0.00 0.0 0 M M M M M M M M
20 70 43 57 2 8 0 0.06 0.0 0 M M M M M M M M
21 70 47 59 3 6 0 0.00 0.0 0 M M M M M M M M
22 63 50 57 1 8 0 0.14 0.0 0 M M M M M M M M
23 71 53 62 6 3 0 0.01 0.0 0 M M M M M M M M
24 61 54 58 1 7 0 0.55 0.0 0 M M M M M M M M
25 65 49 57 0 8 0 0.35 0.0 0 M M M M M M M M
26 72 45 59 1 6 0 T 0.0 0 M M M M M M M M
27 74 52 63 5 2 0 0.49 0.0 0 M M M M M M M M
28 78 53 66 8 0 1 T 0.0 0 M M M M M M M M
29 68 50 59 1 6 0 T 0.0 0 M M M M M M M M
30 73 46 60 1 5 0 0.00 0.0 0 M M M M M M M M
================================================================================
SM 1925 1288 345 9 3.64 0.0 M M M
================================================================================
AV 64.2 42.9 M FASTST M M M MAX(MPH)
MISC ----> M M M M
================================================================================
NOTES:
# LAST OF SEVERAL OCCURRENCES
COLUMN 17 PEAK WIND IN M.P.H.
PRELIMINARY LOCAL CLIMATOLOGICAL DATA (WS FORM: F-6) , PAGE 2
STATION: PLEASANT HILL NWS MO
MONTH: APRIL
YEAR: 2020
LATITUDE: 38 48 N
LONGITUDE: 94 16 W
[TEMPERATURE DATA] [PRECIPITATION DATA] SYMBOLS USED IN COLUMN 16
AVERAGE MONTHLY: 53.6 TOTAL FOR MONTH: 3.64 1 = FOG OR MIST
DPTR FM NORMAL: -0.4 DPTR FM NORMAL: -0.43 2 = FOG REDUCING VISIBILITY
HIGHEST: 87 ON 8 GRTST 24HR 1.36 ON 12-12 TO 1/4 MILE OR LESS
LOWEST: 29 ON 13,10 3 = THUNDER
SNOW, ICE PELLETS, HAIL 4 = ICE PELLETS
TOTAL MONTH: 0.0 INCH 5 = HAIL
GRTST 24HR 0.0 6 = FREEZING RAIN OR DRIZZLE
GRTST DEPTH: 0 7 = DUSTSTORM OR SANDSTORM:
VSBY 1/2 MILE OR LESS
8 = SMOKE OR HAZE
[NO. OF DAYS WITH] [WEATHER - DAYS WITH] 9 = BLOWING SNOW
X = TORNADO
MAX 32 OR BELOW: 0 0.01 INCH OR MORE: 11
MAX 90 OR ABOVE: 0 0.10 INCH OR MORE: 7
MIN 32 OR BELOW: 7 0.50 INCH OR MORE: 2
MIN 0 OR BELOW: 0 1.00 INCH OR MORE: 1
[HDD (BASE 65) ]
TOTAL THIS MO. 345 CLEAR (SCALE 0-3) 0
DPTR FM NORMAL -1 PTCLDY (SCALE 4-7) 0
TOTAL FM JUL 1 4603 CLOUDY (SCALE 8-10) 30
DPTR FM NORMAL -433
[CDD (BASE 65) ]
TOTAL THIS MO. 9
DPTR FM NORMAL -4 [PRESSURE DATA]
TOTAL FM JAN 1 9 HIGHEST SLP M ON M
DPTR FM NORMAL -5 LOWEST SLP M ON M
[REMARKS]
#FINAL-04-20#