000
CXUS54 KEWX 011110
CF6ECU
PRELIMINARY LOCAL CLIMATOLOGICAL DATA (WS FORM: F-6)
STATION: EDWARDS COUNTY AIRPORT
MONTH: NOVEMBER
YEAR: 2023
LATITUDE: 29 57 N
LONGITUDE: 100 10 W
TEMPERATURE IN F: :PCPN: SNOW: WIND :SUNSHINE: SKY :PK WND
================================================================================
1 2 3 4 5 6A 6B 7 8 9 10 11 12 13 14 15 16 17 18
12Z AVG MX 2MIN
DY MAX MIN AVG DEP HDD CDD WTR SNW DPTH SPD SPD DIR MIN PSBL S-S WX SPD DR
================================================================================
1 59 34 47 M 18 0 0.00 M M 5.6 9 160 M M 0 M M
2 63 41 52 M 13 0 0.00 M M 10.1 17 170 M M 2 22 170
3 72 48 60 M 5 0 0.00 M M 11.3 18 170 M M 3 1 22 180
4 75 55 65 M 0 0 0.00 M M 11.2 18 180 M M 3 1 25 170
5 73 57 65 M 0 0 0.00 M M 9.3 14 170 M M 1 21 160
6 77 59 68 M 0 3 0.00 M M 10.8 15 170 M M 0 22 200
7 82 57 70 M 0 5 0.00 M M 9.9 16 160 M M 0 18 170
8 81 63 72 M 0 7 0.00 M M 9.6 15 160 M M 3 1 24 160
9 68 48 58 M 7 0 0.36 M M 10.7 16 10 M M 9 1 23 30
10 54 46 50 M 15 0 0.00 M M 9.8 16 360 M M 10 1 21 30
11 55 52 54 M 11 0 0.01 M M 4.7 10 10 M M 10 12 15 40
12 57 52 55 M 10 0 0.14 M M 6.2 9 40 M M 10 1 16 40
13 52 48 50 M 15 0 0.84 M M 7.8 12 40 M M 10 1 17 30
14 64 50 57 M 8 0 0.00 M M 4.1 8 40 M M 8 12 50
15 72 50 61 M 4 0 0.00 M M 2.9 6 99 M M 2 1 12 0
16 68 52 60 M 5 0 0.00 M M 7.2 13 170 M M 1 18 160
17 79 55 67 M 0 2 0.00 M M 7.9 13 20 M M 1 20 20
18 63 54 59 M 6 0 0.00 M M 7.0 12 30 M M 6 18 99
19 63 54 59 M 6 0 0.00 M M 11.2 16 180 M M 9 12 22 160
20 70 55 63 M 2 0 0.00 M M 11.5 20 310 M M 5 1 30 300
21 55 43 49 M 16 0 0.00 M M 12.0 18 350 M M 5 30 350
22 61 41 51 M 14 0 0.00 M M 5.9 10 310 M M 0 12 99
23 59 43 51 M 14 0 0.00 M M 8.6 16 180 M M 0 22 180
24 64 41 53 M 12 0 0.00 M M 8.1 12 160 M M 3 12 17 140
25 54 50 52 M 13 0 0.00 M M 9.0 15 130 M M 10 128 20 120
26 55 41 48 M 17 0 0.00 M M 10.2 17 10 M M 8 12 30 10
27 54 39 47 M 18 0 0.00 M M 4.5 9 140 M M 7 12 130
28 59 43 51 M 14 0 0.00 M M 4.6 9 150 M M 3 16 220
29 54 43 49 M 16 0 0.02 M M 9.9 15 150 M M 9 1 25 160
30 66 54 60 M 5 0 M M M 9.2 16 150 M M 6 12 23 150
================================================================================
SM 1928 1468 264 17 1.37 M 250.7 M 144
================================================================================
AV 64.3 48.9 8.4 FASTST M M 5 MAX(MPH)
MISC ----> 20 310 30 350
================================================================================
NOTES:
# LAST OF SEVERAL OCCURRENCES
COLUMN 17 PEAK WIND IN M.P.H.
PRELIMINARY LOCAL CLIMATOLOGICAL DATA (WS FORM: F-6) , PAGE 2
STATION: EDWARDS COUNTY AIRPORT
MONTH: NOVEMBER
YEAR: 2023
LATITUDE: 29 57 N
LONGITUDE: 100 10 W
[TEMPERATURE DATA] [PRECIPITATION DATA] SYMBOLS USED IN COLUMN 16
AVERAGE MONTHLY: 56.6 TOTAL FOR MONTH: 1.37 1 = FOG OR MIST
DPTR FM NORMAL: 0.0 DPTR FM NORMAL: M 2 = FOG REDUCING VISIBILITY
HIGHEST: 82 ON 7 GRTST 24HR 0.84 ON 13-13 TO 1/4 MILE OR LESS
LOWEST: 34 ON 1 3 = THUNDER
SNOW, ICE PELLETS, HAIL 4 = ICE PELLETS
TOTAL MONTH: M 5 = HAIL
GRTST 24HR M ON M 6 = FREEZING RAIN OR DRIZZLE
GRTST DEPTH: M ON M 7 = DUSTSTORM OR SANDSTORM:
VSBY 1/2 MILE OR LESS
8 = SMOKE OR HAZE
[NO. OF DAYS WITH] [WEATHER - DAYS WITH] 9 = BLOWING SNOW
X = TORNADO
MAX 32 OR BELOW: 0 0.01 INCH OR MORE: 5
MAX 90 OR ABOVE: 0 0.10 INCH OR MORE: 3
MIN 32 OR BELOW: 0 0.50 INCH OR MORE: 1
MIN 0 OR BELOW: 0 1.00 INCH OR MORE: 0
[HDD (BASE 65) ]
TOTAL THIS MO. 264 CLEAR (SCALE 0-3) 13
DPTR FM NORMAL M PTCLDY (SCALE 4-7) 9
TOTAL FM JUL 1 324 CLOUDY (SCALE 8-10) 8
DPTR FM NORMAL M
[CDD (BASE 65) ]
TOTAL THIS MO. 17
DPTR FM NORMAL M [PRESSURE DATA]
TOTAL FM JAN 1 2948 HIGHEST SLP M ON M
DPTR FM NORMAL M LOWEST SLP M ON M
[REMARKS]
#FINAL-11-23#