000
CXUS54 KEWX 011011
CF6EDC
PRELIMINARY LOCAL CLIMATOLOGICAL DATA (WS FORM: F-6)
STATION: AUSTIN EXECUTIVE
MONTH: MARCH
YEAR: 2024
LATITUDE: 30 23 N
LONGITUDE: 97 34 W
TEMPERATURE IN F: :PCPN: SNOW: WIND :SUNSHINE: SKY :PK WND
================================================================================
1 2 3 4 5 6A 6B 7 8 9 10 11 12 13 14 15 16 17 18
12Z AVG MX 2MIN
DY MAX MIN AVG DEP HDD CDD WTR SNW DPTH SPD SPD DIR MIN PSBL S-S WX SPD DR
================================================================================
1 68 43 56 M 9 0 0.00 M M 2.6 8 170 M M 3 18 M M
2 81 46 64 M 1 0 0.00 M M 8.2 15 230 M M 2 18 20 230
3 81 63 72 M 0 7 0.00 M M 9.2 16 200 M M 8 18 22 180
4 82 66 74 M 0 9 0.00 M M 8.3 14 190 M M 5 18 20 190
5 90 61 76 M 0 11 0.00 M M 5.2 12 20 M M 2 128 18 270
6 82 55 69 M 0 4 0.00 M M 6.0 13 140 M M 3 18 16 150
7 75 64 70 M 0 5 0.00 M M 9.3 20 150 M M 9 18 27 150
8 81 52 67 M 0 2 0.18 M M 11.6 24 330 M M 4 18 32 330
9 61 46 54 M 11 0 0.00 M M 14.1 25 340 M M 4 31 340
10 66 45 56 M 9 0 0.00 M M 3.9 9 360 M M 1 17 99
11 73 54 64 M 1 0 0.00 M M 3.8 10 160 M M 5 8 15 170
12 77 55 66 M 0 1 0.00 M M 7.2 14 190 M M 9 128 23 190
13 82 66 74 M 0 9 0.00 M M 11.4 17 150 M M 9 18 24 150
14 79 70 75 M 0 10 0.00 M M 10.4 15 180 M M 10 18 25 170
15 73 63 68 M 0 3 0.05 M M 10.7 24 20 M M 9 18 31 10
16 73 61 67 M 0 2 0.03 M M 7.4 13 30 M M 10 1 21 30
17 64 59 62 M 3 0 0.25 M M 11.8 18 110 M M 9 1 48 210
18 64 50 57 M 8 0 0.00 M M 12.2 20 60 M M 4 8 26 30
19 66 45 56 M 9 0 0.00 M M 4.9 10 200 M M 4 12 200
20 66 50 58 M 7 0 0.00 M M 4.0 10 190 M M 9 8 17 170
21 63 57 60 M 5 0 0.07 M M 4.2 15 10 M M 9 1 15 320
22 75 54 65 M 0 0 0.00 M M 7.3 18 360 M M 4 128 27 10
23 72 54 63 M 2 0 0.00 M M 5.1 15 30 M M 3 18 20 30
24 73 57 65 M 0 0 0.00 M M 11.2 20 170 M M 7 18 29 170
25 77 55 66 M 0 1 0.06 M M 8.1 20 170 M M 5 18 23 180
26 66 46 56 M 9 0 0.00 M M 8.3 14 350 M M 1 8 20 340
27 66 48 57 M 8 0 0.04 M M 4.2 13 280 M M 3 8 18 280
28 77 45 61 M 4 0 0.00 M M 5.7 12 160 M M 1 18 18 160
29 79 55 67 M 0 2 0.00 M M 10.2 21 170 M M 6 128 31 170
30 77 61 69 M 0 4 0.00 M M 7.9 14 210 M M 9 18 21 210
31 79 64 72 M 0 7 0.00 M M 10.2 14 190 M M 10 18 20 210
================================================================================
SM 2288 1710 86 77 0.68 M 244.6 M 177
================================================================================
AV 73.8 55.2 7.9 FASTST M M 6 MAX(MPH)
MISC ----> 25 340 48 210
================================================================================
NOTES:
# LAST OF SEVERAL OCCURRENCES
COLUMN 17 PEAK WIND IN M.P.H.
PRELIMINARY LOCAL CLIMATOLOGICAL DATA (WS FORM: F-6) , PAGE 2
STATION: AUSTIN EXECUTIVE
MONTH: MARCH
YEAR: 2024
LATITUDE: 30 23 N
LONGITUDE: 97 34 W
[TEMPERATURE DATA] [PRECIPITATION DATA] SYMBOLS USED IN COLUMN 16
AVERAGE MONTHLY: 64.5 TOTAL FOR MONTH: 0.68 1 = FOG OR MIST
DPTR FM NORMAL: 0.0 DPTR FM NORMAL: M 2 = FOG REDUCING VISIBILITY
HIGHEST: 90 ON 5 GRTST 24HR 0.25 ON 17-17 TO 1/4 MILE OR LESS
LOWEST: 43 ON 1 3 = THUNDER
SNOW, ICE PELLETS, HAIL 4 = ICE PELLETS
TOTAL MONTH: M 5 = HAIL
GRTST 24HR M ON M 6 = FREEZING RAIN OR DRIZZLE
GRTST DEPTH: M ON M 7 = DUSTSTORM OR SANDSTORM:
VSBY 1/2 MILE OR LESS
8 = SMOKE OR HAZE
[NO. OF DAYS WITH] [WEATHER - DAYS WITH] 9 = BLOWING SNOW
X = TORNADO
MAX 32 OR BELOW: 0 0.01 INCH OR MORE: 7
MAX 90 OR ABOVE: 1 0.10 INCH OR MORE: 2
MIN 32 OR BELOW: 0 0.50 INCH OR MORE: 0
MIN 0 OR BELOW: 0 1.00 INCH OR MORE: 0
[HDD (BASE 65) ]
TOTAL THIS MO. 86 CLEAR (SCALE 0-3) 9
DPTR FM NORMAL M PTCLDY (SCALE 4-7) 11
TOTAL FM JUL 1 1112 CLOUDY (SCALE 8-10) 11
DPTR FM NORMAL M
[CDD (BASE 65) ]
TOTAL THIS MO. 77
DPTR FM NORMAL M [PRESSURE DATA]
TOTAL FM JAN 1 96 HIGHEST SLP M ON M
DPTR FM NORMAL M LOWEST SLP M ON M
[REMARKS]
#FINAL-03-24#