000
CXUS55 KVEF 010910
CF6EED
PRELIMINARY LOCAL CLIMATOLOGICAL DATA (WS FORM: F-6)
STATION: NEEDLES CA
MONTH: APRIL
YEAR: 2022
LATITUDE: 34 46 N
LONGITUDE: 114 37 W
TEMPERATURE IN F: :PCPN: SNOW: WIND :SUNSHINE: SKY :PK WND
================================================================================
1 2 3 4 5 6A 6B 7 8 9 10 11 12 13 14 15 16 17 18
12Z AVG MX 2MIN
DY MAX MIN AVG DEP HDD CDD WTR SNW DPTH SPD SPD DIR MIN PSBL S-S WX SPD DR
================================================================================
1 88 58 73 3 0 8 0.00 M M 4.5 13 230 M M 0 15 130
2 88 62 75 5 0 10 0.00 M M 8.2 21 130 M M 0 27 140
3 87 64 76 5 0 11 0.00 M M 4.3 12 230 M M 0 14 50
4 94 63 79 8 0 14 0.00 M M 7.5 20 290 M M 0 24 250
5 96 67 82 11 0 17 0.00 M M 5.8 14 330 M M 0 18 350
6 85 71 78 7 0 13 0.00 M M 21.7 37 360 M M 0 44 360
7 92 66 79 7 0 14 0.00 M M 17.9 30 10 M M 0 35 360
8 97 70 84 12 0 19 0.00 M M 8.2 23 350 M M 0 29 20
9 99 63 81 9 0 16 0.00 M M 10.8 26 230 M M 0 34 230
10 84 65 75 3 0 10 0.00 M M 14.3 31 360 M M 0 37 360
11 88 60 74 2 0 9 0.00 M M 15.5 29 280 M M 0 41 250
12 72 52 62 -11 3 0 0.00 M M 14.9 31 280 M M 1 41 280
13 76 47 62 -11 3 0 0.00 M M 5.8 15 280 M M 0 19 130
14 85 52 69 -4 0 4 0.00 M M 8.2 20 180 M M 0 25 190
15 88 59 74 1 0 9 0.00 M M 8.7 20 190 M M 0 26 180
16 90 65 78 4 0 13 0.00 M M 9.9 29 280 M M 0 37 220
17 92 59 76 2 0 11 0.00 M M 5.3 15 230 M M 0 17 230
18 99 62 81 7 0 16 0.00 M M 8.5 18 230 M M 0 24 220
19 97 71 84 10 0 19 0.00 M M 11.6 29 270 M M 0 35 250
20 90 66 78 3 0 13 0.00 M M 11.5 23 220 M M 0 31 190
21 90 66 78 3 0 13 0.00 M M 10.7 25 180 M M 0 31 180
22 77 62 70 -5 0 5 T M M 13.2 32 240 M M 2 44 240
23 81 58 70 -6 0 5 0.00 M M 12.9 25 10 M M 0 30 20
24 83 63 73 -3 0 8 0.00 M M 17.0 28 360 M M 0 41 340
25 89 65 77 1 0 12 0.00 M M 9.0 22 10 M M 0 27 360
26 96 59 78 2 0 13 0.00 M M 7.4 22 180 M M 0 28 180
27 94 69 82 5 0 17 0.00 M M 9.1 24 230 M M 0 28 240
28 91 69 80 3 0 15 0.00 M M 10.4 23 200 M M 0 35 220
29 90 59 75 -2 0 10 0.00 M M 11.3 26 10 M M 0 32 10
30 97 61 79 1 0 14 0.00 M M 7.9 20 240 M M 0 24 240
================================================================================
SM 2675 1873 6 338 T M 312.0 M 3
================================================================================
AV 89.2 62.4 10.4 FASTST M M 0 MAX(MPH)
MISC ----> 37 360 # 44 360
================================================================================
NOTES:
# LAST OF SEVERAL OCCURRENCES
COLUMN 17 PEAK WIND IN M.P.H.
PRELIMINARY LOCAL CLIMATOLOGICAL DATA (WS FORM: F-6) , PAGE 2
STATION: NEEDLES CA
MONTH: APRIL
YEAR: 2022
LATITUDE: 34 46 N
LONGITUDE: 114 37 W
[TEMPERATURE DATA] [PRECIPITATION DATA] SYMBOLS USED IN COLUMN 16
AVERAGE MONTHLY: 75.8 TOTAL FOR MONTH: T 1 = FOG OR MIST
DPTR FM NORMAL: 2.1 DPTR FM NORMAL: -0.18 2 = FOG REDUCING VISIBILITY
HIGHEST: 99 ON 18, 9 GRTST 24HR T ON 12-12 TO 1/4 MILE OR LESS
LOWEST: 47 ON 13 3 = THUNDER
SNOW, ICE PELLETS, HAIL 4 = ICE PELLETS
TOTAL MONTH: M 5 = HAIL
GRTST 24HR M ON M 6 = FREEZING RAIN OR DRIZZLE
GRTST DEPTH: M ON M 7 = DUSTSTORM OR SANDSTORM:
VSBY 1/2 MILE OR LESS
8 = SMOKE OR HAZE
[NO. OF DAYS WITH] [WEATHER - DAYS WITH] 9 = BLOWING SNOW
X = TORNADO
MAX 32 OR BELOW: 0 0.01 INCH OR MORE: 0
MAX 90 OR ABOVE: 16 0.10 INCH OR MORE: 0
MIN 32 OR BELOW: 0 0.50 INCH OR MORE: 0
MIN 0 OR BELOW: 0 1.00 INCH OR MORE: 0
[HDD (BASE 65) ]
TOTAL THIS MO. 6 CLEAR (SCALE 0-3) 30
DPTR FM NORMAL -6 PTCLDY (SCALE 4-7) 0
TOTAL FM JUL 1 837 CLOUDY (SCALE 8-10) 0
DPTR FM NORMAL -100
[CDD (BASE 65) ]
TOTAL THIS MO. 338
DPTR FM NORMAL 65 [PRESSURE DATA]
TOTAL FM JAN 1 493 HIGHEST SLP M ON M
DPTR FM NORMAL 88 LOWEST SLP 29.44 ON 11
[REMARKS]
#FINAL-04-22#