000
CXUS55 KGJT 010910
CF6EEO
PRELIMINARY LOCAL CLIMATOLOGICAL DATA (WS FORM: F-6)
STATION: MEEKER CO
MONTH: MARCH
YEAR: 2024
LATITUDE: 40 2 N
LONGITUDE: 107 53 W
TEMPERATURE IN F: :PCPN: SNOW: WIND :SUNSHINE: SKY :PK WND
================================================================================
1 2 3 4 5 6A 6B 7 8 9 10 11 12 13 14 15 16 17 18
12Z AVG MX 2MIN
DY MAX MIN AVG DEP HDD CDD WTR SNW DPTH SPD SPD DIR MIN PSBL S-S WX SPD DR
================================================================================
1 48 32 40 9 25 0 0.00 M M 10.4 24 210 M M 2 35 210
2 50 22 36 4 29 0 0.15 M M 19.4 41 220 M M 3 12 69 210
3 40 17 29 -3 36 0 0.29 M M 10.2 36 240 M M 9 128 48 220
4 35 19 27 -5 38 0 0.22 M M 4.6 24 290 M M 10 12 31 300
5 41 17 29 -4 36 0 0.02 M M 3.1 18 220 M M 9 1 25 210
6 44 19 32 -1 33 0 0.01 M M 4.8 21 290 M M 6 30 280
7 39 20 30 -4 35 0 0.01 M M 2.2 10 220 M M 6 1 14 220
8 39 20 30 -4 35 0 0.01 M M 6.3 18 10 M M 7 1 25 30
9 44 11 28 -6 37 0 0.00 M M 3.3 10 140 M M 0 15 100
10 49 17 33 -2 32 0 0.00 M M 4.0 17 220 M M 0 24 200
11 52 19 36 1 29 0 T M M 7.4 21 220 M M 4 31 210
12 51 22 37 2 28 0 T M M 6.0 21 210 M M 5 29 220
13 36 29 33 -3 32 0 0.27 M M 4.4 16 300 M M 10 12 22 290
14 42 23 33 -3 32 0 0.04 M M 10.5 28 20 M M 7 1 43 10
15 48 21 35 -1 30 0 0.00 M M 3.9 16 30 M M 2 21 30
16 50 19 35 -2 30 0 0.00 M M 3.6 17 30 M M 1 23 30
17 50 21 36 -1 29 0 0.00 M M 7.0 25 10 M M 0 34 20
18 54 20 37 0 28 0 0.00 M M 3.2 13 20 M M 0 16 20
19 58 21 40 2 25 0 0.00 M M 3.3 12 320 M M 0 16 280
20 59 21 40 2 25 0 0.00 M M 3.4 16 320 M M 0 30 290
21 60 21 41 3 24 0 0.03 M M 4.7 37 320 M M 3 3 52 310
22 59 25 42 4 23 0 0.00 M M 5.3 16 250 M M 2 22 250
23 56 32 44 5 21 0 T M M 8.2 32 220 M M 7 43 210
24 43 26 35 -4 30 0 0.18 M M 7.4 28 210 M M 10 1 41 180
25 36 19 28 -11 37 0 0.00 M M 4.8 14 350 M M 6 17 350
26 39 20 30 -10 35 0 0.11 M M 5.6 22 240 M M 9 18 27 240
27 44 23 34 -6 31 0 T M M 5.9 21 240 M M 6 1 27 230
28 51 28 40 0 25 0 0.21 M M 11.3 28 210 M M 5 1 46 190
29 38 28 33 -7 32 0 0.32 M M 2.2 13 250 M M 9 12 15 250
30 51 31 41 1 24 0 0.00 M M 4.6 18 220 M M 8 24 230
31 46 28 37 -4 28 0 0.02 M M 10.5 26 180 M M 7 1 45 190
================================================================================
SM 1452 691 934 0 1.89 M 191.5 M 153
================================================================================
AV 46.8 22.3 6.2 FASTST M M 5 MAX(MPH)
MISC ----> 41 220 69 210
================================================================================
NOTES:
# LAST OF SEVERAL OCCURRENCES
COLUMN 17 PEAK WIND IN M.P.H.
PRELIMINARY LOCAL CLIMATOLOGICAL DATA (WS FORM: F-6) , PAGE 2
STATION: MEEKER CO
MONTH: MARCH
YEAR: 2024
LATITUDE: 40 2 N
LONGITUDE: 107 53 W
[TEMPERATURE DATA] [PRECIPITATION DATA] SYMBOLS USED IN COLUMN 16
AVERAGE MONTHLY: 34.6 TOTAL FOR MONTH: 1.89 1 = FOG OR MIST
DPTR FM NORMAL: -1.9 DPTR FM NORMAL: 0.82 2 = FOG REDUCING VISIBILITY
HIGHEST: 60 ON 21 GRTST 24HR 0.53 ON 28-29 TO 1/4 MILE OR LESS
LOWEST: 11 ON 9 3 = THUNDER
SNOW, ICE PELLETS, HAIL 4 = ICE PELLETS
TOTAL MONTH: M 5 = HAIL
GRTST 24HR M ON M 6 = FREEZING RAIN OR DRIZZLE
GRTST DEPTH: M ON M 7 = DUSTSTORM OR SANDSTORM:
VSBY 1/2 MILE OR LESS
8 = SMOKE OR HAZE
[NO. OF DAYS WITH] [WEATHER - DAYS WITH] 9 = BLOWING SNOW
X = TORNADO
MAX 32 OR BELOW: 0 0.01 INCH OR MORE: 15
MAX 90 OR ABOVE: 0 0.10 INCH OR MORE: 8
MIN 32 OR BELOW: 31 0.50 INCH OR MORE: 0
MIN 0 OR BELOW: 0 1.00 INCH OR MORE: 0
[HDD (BASE 65) ]
TOTAL THIS MO. 934 CLEAR (SCALE 0-3) 11
DPTR FM NORMAL 49 PTCLDY (SCALE 4-7) 13
TOTAL FM JUL 1 6503 CLOUDY (SCALE 8-10) 7
DPTR FM NORMAL 68
[CDD (BASE 65) ]
TOTAL THIS MO. 0
DPTR FM NORMAL 0 [PRESSURE DATA]
TOTAL FM JAN 1 0 HIGHEST SLP M ON M
DPTR FM NORMAL 0 LOWEST SLP 29.25 ON 24
[REMARKS]
#FINAL-03-24#