000
CXUS54 KBMX 011110
CF6EET
PRELIMINARY LOCAL CLIMATOLOGICAL DATA (WS FORM: F-6)
STATION: SHELBY COUNTY AIRPORT
MONTH: FEBRUARY
YEAR: 2023
LATITUDE: 33 10 N
LONGITUDE: 86 47 W
TEMPERATURE IN F: :PCPN: SNOW: WIND :SUNSHINE: SKY :PK WND
================================================================================
1 2 3 4 5 6A 6B 7 8 9 10 11 12 13 14 15 16 17 18
12Z AVG MX 2MIN
DY MAX MIN AVG DEP HDD CDD WTR SNW DPTH SPD SPD DIR MIN PSBL S-S WX SPD DR
================================================================================
1 51 42 47 0 18 0 0.09 0.0 0 4.4 10 320 M M 10 1 14 310
2 48 44 46 -1 19 0 0.92 0.0 0 3.5 9 340 M M 10 1 13 280
3 50 34 42 -5 23 0 0.03 0.0 0 7.3 16 310 M M 2 25 340
4 57 31 44 -4 21 0 0.00 0.0 0 3.0 9 160 M M 0 13 150
5 64 35 50 2 15 0 0.00 0.0 0 2.5 10 230 M M 0 16 250
6 69 38 54 6 11 0 0.00 0.0 M 1.7 10 60 M M 0 1 15 40
7 73 40 57 9 8 0 T 0.0 M 2.2 10 170 M M 4 15 160
8 77 57 67 19 0 2 0.06 0.0 M 4.2 17 170 M M 7 1 24 190
9 66 53 60 11 5 0 0.16 0.0 0 5.9 16 150 M M 9 1 25 250
10 63 46 55 6 10 0 0.00 0.0 0 4.5 13 320 M M 3 19 360
11 51 43 47 -2 18 0 0.94 0.0 0 5.9 15 50 M M 7 1 26 30
12 58 37 48 -1 17 0 0.17 0.0 0 6.9 17 310 M M 5 1 25 310
13 66 31 49 -1 16 0 0.00 0.0 0 2.0 13 230 M M 0 18 240
14 74 39 57 7 8 0 0.00 0.0 0 7.2 20 160 M M 0 29 170
15 71 60 66 16 0 1 0.12 0.0 0 5.4 15 160 M M 10 1 19 170
16 75 59 67 17 0 2 2.62 0.0 0 7.4 22 320 M M 10 13 30 320
17 59 35 47 -3 18 0 0.84 0.0 0 8.9 22 320 M M 7 1 31 310
18 57 29 43 -8 22 0 0.00 0.0 0 2.9 9 10 M M 0 16 30
19 65 39 52 1 13 0 0.00 0.0 0 2.8 12 170 M M 0 16 130
20 68 46 57 6 8 0 0.00 0.0 0 4.5 16 210 M M 4 1 23 220
21 78 60 69 18 0 4 0.20 0.0 0 5.5 12 190 M M 6 18 18 190
22 83 64 74 22 0 9 0.00 0.0 0 11.3 24 170 M M 6 35 170
23 81 70 76 24 0 11 T 0.0 0 6.6 15 190 M M 8 21 190
24 71 56 64 12 1 0 0.29 0.0 0 3.5 9 50 M M 10 1 13 30
25 72 55 64 12 1 0 0.04 0.0 0 3.0 13 300 M M 8 128 18 310
26 76 58 67 14 0 2 T 0.0 0 2.5 9 290 M M 5 1 15 320
27 80 62 71 18 0 6 0.01 0.0 0 8.4 22 200 M M 6 1 29 190
28 79 54 67 14 0 2 0.00 0.0 0 1.7 10 220 M M 0 16 290
================================================================================
SM 1882 1317 252 39 6.49 0.0 135.6 M 137
================================================================================
AV 67.2 47.0 4.8 FASTST M M 5 MAX(MPH)
MISC ----> 24 170 35 170
================================================================================
NOTES:
# LAST OF SEVERAL OCCURRENCES
COLUMN 17 PEAK WIND IN M.P.H.
PRELIMINARY LOCAL CLIMATOLOGICAL DATA (WS FORM: F-6) , PAGE 2
STATION: SHELBY COUNTY AIRPORT
MONTH: FEBRUARY
YEAR: 2023
LATITUDE: 33 10 N
LONGITUDE: 86 47 W
[TEMPERATURE DATA] [PRECIPITATION DATA] SYMBOLS USED IN COLUMN 16
AVERAGE MONTHLY: 57.1 TOTAL FOR MONTH: 6.49 1 = FOG OR MIST
DPTR FM NORMAL: 7.2 DPTR FM NORMAL: 0.73 2 = FOG REDUCING VISIBILITY
HIGHEST: 83 ON 22 GRTST 24HR 3.46 ON 16-17 TO 1/4 MILE OR LESS
LOWEST: 29 ON 18 3 = THUNDER
SNOW, ICE PELLETS, HAIL 4 = ICE PELLETS
TOTAL MONTH: 0.0 INCH 5 = HAIL
GRTST 24HR 0.0 6 = FREEZING RAIN OR DRIZZLE
GRTST DEPTH: 0 7 = DUSTSTORM OR SANDSTORM:
VSBY 1/2 MILE OR LESS
8 = SMOKE OR HAZE
[NO. OF DAYS WITH] [WEATHER - DAYS WITH] 9 = BLOWING SNOW
X = TORNADO
MAX 32 OR BELOW: 0 0.01 INCH OR MORE: 14
MAX 90 OR ABOVE: 0 0.10 INCH OR MORE: 9
MIN 32 OR BELOW: 3 0.50 INCH OR MORE: 4
MIN 0 OR BELOW: 0 1.00 INCH OR MORE: 1
[HDD (BASE 65) ]
TOTAL THIS MO. 252 CLEAR (SCALE 0-3) 10
DPTR FM NORMAL -176 PTCLDY (SCALE 4-7) 10
TOTAL FM JUL 1 1520 CLOUDY (SCALE 8-10) 8
DPTR FM NORMAL -465
[CDD (BASE 65) ]
TOTAL THIS MO. 39
DPTR FM NORMAL 34 [PRESSURE DATA]
TOTAL FM JAN 1 43 HIGHEST SLP 30.54 ON 4
DPTR FM NORMAL 41 LOWEST SLP 29.68 ON 27
[REMARKS]
#FINAL-02-23#