000
CXUS54 KBMX 011010
CF6EET
PRELIMINARY LOCAL CLIMATOLOGICAL DATA (WS FORM: F-6)
STATION: SHELBY COUNTY AIRPORT
MONTH: AUGUST
YEAR: 2023
LATITUDE: 33 10 N
LONGITUDE: 86 47 W
TEMPERATURE IN F: :PCPN: SNOW: WIND :SUNSHINE: SKY :PK WND
================================================================================
1 2 3 4 5 6A 6B 7 8 9 10 11 12 13 14 15 16 17 18
12Z AVG MX 2MIN
DY MAX MIN AVG DEP HDD CDD WTR SNW DPTH SPD SPD DIR MIN PSBL S-S WX SPD DR
================================================================================
1 94 73 84 2 0 19 0.00 0.0 0 2.1 9 350 M M 1 16 320
2 95 68 82 0 0 17 0.00 0.0 0 1.4 8 150 M M 0 13 360
3 94 73 84 2 0 19 0.51 0.0 0 3.3 26 310 M M 2 123 42 310
4 84 73 79 -3 0 14 0.23 0.0 0 1.6 13 350 M M 2 13 25 350
5 95 72 84 2 0 19 0.00 0.0 0 0.8 10 300 M M 0 1 13 20
6 95 74 85 3 0 20 0.66 0.0 0 3.2 24 290 M M 2 138 38 280
7 95 73 84 2 0 19 0.08 0.0 0 4.6 28 310 M M 2 13 38 320
8 84 70 77 -5 0 12 0.38 0.0 0 1.4 18 320 M M 2 13 27 320
9 93 68 81 -1 0 16 0.04 0.0 0 2.4 12 80 M M 4 123 27 20
10 88 71 80 -2 0 15 0.23 0.0 0 4.0 13 350 M M 3 13 24 350
11 93 73 83 2 0 18 0.35 0.0 0 3.7 22 10 M M 5 13 44 10
12 96 73 85 4 0 20 0.45 0.0 0 3.1 16 300 M M 1 13 30 20
13 97 74 86 5 0 21 0.00 0.0 0 2.5 12 300 M M 0 3 17 300
14 97 76 87 6 0 22 0.00 0.0 0 3.8 15 310 M M 0 3 22 310
15 88 69 79 -2 0 14 0.00 0.0 0 4.6 14 310 M M 2 23 340
16 87 65 76 -5 0 11 0.00 0.0 0 1.9 8 360 M M 2 13 310
17 89 65 77 -4 0 12 0.00 0.0 0 2.4 10 300 M M 1 18 290
18 93 67 80 -1 0 15 0.00 0.0 0 1.8 10 310 M M 1 16 320
19 93 71 82 1 0 17 0.00 0.0 0 1.5 7 80 M M 1 12 70
20 93 72 83 2 0 18 0.00 0.0 0 2.7 10 130 M M 0 20 110
21 96 75 86 5 0 21 0.00 0.0 0 1.5 8 120 M M 0 13 130
22 98 76 87 7 0 22 0.00 0.0 0 2.3 10 350 M M 1 16 360
23 99 75 87 7 0 22 0.00 0.0 0 2.5 9 140 M M 1 1 16 130
24 97 78 88 8 0 23 0.00 0.0 0 1.6 8 160 M M 1 18 13 80
25 101 76 89 9 0 24 0.00 0.0 0 1.9 9 290 M M 1 13 14 290
26 101 76 89 9 0 24 0.00 0.0 0 1.9 16 320 M M 1 13 28 320
27 96 75 86 6 0 21 T 0.0 0 1.3 14 250 M M 2 3 25 250
28 92 75 84 4 0 19 0.33 0.0 0 2.9 12 60 M M 5 13 24 30
29 92 73 83 3 0 18 0.68 0.0 0 2.9 13 130 M M 3 13 20 120
30 89 71 80 0 0 15 0.00 0.0 0 4.5 13 320 M M 5 1 20 310
31 89 67 78 -1 0 13 0.00 0.0 0 2.1 9 350 M M 0 1 14 10
================================================================================
SM 2893 2237 0 560 3.94 0.0 78.2 M 51
================================================================================
AV 93.3 72.2 2.5 FASTST M M 2 MAX(MPH)
MISC ----> 28 310 44 10
================================================================================
NOTES:
# LAST OF SEVERAL OCCURRENCES
COLUMN 17 PEAK WIND IN M.P.H.
PRELIMINARY LOCAL CLIMATOLOGICAL DATA (WS FORM: F-6) , PAGE 2
STATION: SHELBY COUNTY AIRPORT
MONTH: AUGUST
YEAR: 2023
LATITUDE: 33 10 N
LONGITUDE: 86 47 W
[TEMPERATURE DATA] [PRECIPITATION DATA] SYMBOLS USED IN COLUMN 16
AVERAGE MONTHLY: 82.7 TOTAL FOR MONTH: 3.94 1 = FOG OR MIST
DPTR FM NORMAL: 1.8 DPTR FM NORMAL: -0.78 2 = FOG REDUCING VISIBILITY
HIGHEST: 101 ON 26,25 GRTST 24HR 0.74 ON 3- 4 TO 1/4 MILE OR LESS
LOWEST: 65 ON 17,16 3 = THUNDER
SNOW, ICE PELLETS, HAIL 4 = ICE PELLETS
TOTAL MONTH: 0.0 INCH 5 = HAIL
GRTST 24HR 0.0 6 = FREEZING RAIN OR DRIZZLE
GRTST DEPTH: 0 7 = DUSTSTORM OR SANDSTORM:
VSBY 1/2 MILE OR LESS
8 = SMOKE OR HAZE
[NO. OF DAYS WITH] [WEATHER - DAYS WITH] 9 = BLOWING SNOW
X = TORNADO
MAX 32 OR BELOW: 0 0.01 INCH OR MORE: 11
MAX 90 OR ABOVE: 23 0.10 INCH OR MORE: 9
MIN 32 OR BELOW: 0 0.50 INCH OR MORE: 3
MIN 0 OR BELOW: 0 1.00 INCH OR MORE: 0
[HDD (BASE 65) ]
TOTAL THIS MO. 0 CLEAR (SCALE 0-3) 26
DPTR FM NORMAL 0 PTCLDY (SCALE 4-7) 5
TOTAL FM JUL 1 0 CLOUDY (SCALE 8-10) 0
DPTR FM NORMAL 0
[CDD (BASE 65) ]
TOTAL THIS MO. 560
DPTR FM NORMAL 67 [PRESSURE DATA]
TOTAL FM JAN 1 1817 HIGHEST SLP 30.15 ON 21
DPTR FM NORMAL 82 LOWEST SLP 29.69 ON 30
[REMARKS]
#FINAL-08-23#