000
CXUS56 KEKA 050127
CF6EKA
PRELIMINARY LOCAL CLIMATOLOGICAL DATA (WS FORM: F-6)
STATION: EUREKA CA
MONTH: JANUARY
YEAR: 2022
LATITUDE: 40 47 N
LONGITUDE: 124 10 W
TEMPERATURE IN F: :PCPN: SNOW: WIND :SUNSHINE: SKY :PK WND
================================================================================
1 2 3 4 5 6A 6B 7 8 9 10 11 12 13 14 15 16 17 18
12Z AVG MX 2MIN
DY MAX MIN AVG DEP HDD CDD WTR SNW DPTH SPD SPD DIR MIN PSBL S-S WX SPD DR
================================================================================
1 48 30 39 -8 26 0 0.00 0.0 0 0.8 5 20 M M 5 6 M
2 52 32 42 -5 23 0 0.00 0.0 0 8.5 16 150 M M 9 31 M
3 54 47 51 4 14 0 0.64 0.0 0 11.8 17 180 M M 10 33 M
4 53 47 50 3 15 0 0.59 0.0 0 4.1 10 180 M M 10 10 M
5 55 46 51 3 14 0 0.22 0.0 0 1.3 6 250 M M 9 1 8 M
6 56 50 53 5 12 0 0.06 0.0 0 3.6 9 210 M M 10 2 13 M
7 52 40 46 -2 19 0 0.27 0.0 0 5.3 12 180 M M 9 1 16 M
8 51 35 43 -5 22 0 0.00 0.0 0 2.3 6 30 M M 2 1 6 M
9 56 35 46 -2 19 0 0.00 0.0 0 2.4 7 270 M M 1 7 M
10 60 44 52 4 13 0 T 0.0 0 1.9 6 320 M M 7 8 M
11 58 41 50 2 15 0 0.00 0.0 0 1.5 7 260 M M 8 18 9 M
12 60 39 50 2 15 0 0.00 0.0 0 3.7 10 270 M M 4 1 11 M
13 56 43 50 2 15 0 0.07 0.0 0 3.6 7 350 M M 7 1 9 M
14 54 40 47 -1 18 0 0.00 0.0 0 3.1 13 10 M M 2 28 13 M
15 58 41 50 2 15 0 0.00 0.0 0 1.2 6 40 M M 5 28 6 M
16 54 36 45 -3 20 0 0.00 0.0 0 1.0 6 320 M M 6 1 7 M
17 51 40 46 -2 19 0 0.00 0.0 0 2.0 6 360 M M 9 2 8 M
18 49 43 46 -2 19 0 0.00 0.0 0 2.3 9 300 M M 10 1 9 M
19 53 42 48 0 17 0 0.00 0.0 0 1.3 9 290 M M 8 2 9 M
20 56 46 51 3 14 0 T 0.0 0 5.5 12 360 M M 6 18 20 M
21 55 40 48 0 17 0 0.00 0.0 0 4.1 12 20 M M 6 1 14 M
22 71 37 54 6 11 0 0.00 0.0 0 3.8 10 10 M M 1 14 M
23 63 39 51 3 14 0 0.00 0.0 0 2.5 7 280 M M 0 8 10 M
24 58 36 47 -1 18 0 0.00 0.0 0 2.6 13 280 M M 3 13 M
25 49 41 45 -3 20 0 0.00 0.0 0 1.8 5 310 M M 9 2 6 M
26 50 37 44 -4 21 0 0.00 0.0 0 2.5 5 360 M M 5 2 6 M
27 55 33 44 -4 21 0 0.00 0.0 0 2.1 5 270 M M 1 2 6 M
28 62 34 48 0 17 0 0.00 0.0 0 2.0 6 290 M M 3 6 M
29 57 35 46 -2 19 0 0.00 0.0 0 3.4 9 310 M M 0 9 M
30 54 43 49 1 16 0 0.03 0.0 0 2.0 6 330 M M 7 1 9 M
31 50 41 46 -2 19 0 0.02 0.0 0 11.1 20 10 M M 5 1 24 M
================================================================================
SM 1710 1233 537 0 1.90 0.0 105.1 M 177
================================================================================
AV 55.2 39.8 3.4 FASTST M M 6 MAX(MPH)
MISC ----> 20 10 33 9999
================================================================================
NOTES:
# LAST OF SEVERAL OCCURRENCES
COLUMN 17 PEAK WIND IN M.P.H.
PRELIMINARY LOCAL CLIMATOLOGICAL DATA (WS FORM: F-6) , PAGE 2
STATION: EUREKA CA
MONTH: JANUARY
YEAR: 2022
LATITUDE: 40 47 N
LONGITUDE: 124 10 W
[TEMPERATURE DATA] [PRECIPITATION DATA] SYMBOLS USED IN COLUMN 16
AVERAGE MONTHLY: 47.5 TOTAL FOR MONTH: 1.90 1 = FOG OR MIST
DPTR FM NORMAL: -0.4 DPTR FM NORMAL: -4.77 2 = FOG REDUCING VISIBILITY
HIGHEST: 71 ON 22 GRTST 24HR 0.99 ON 3- 4 TO 1/4 MILE OR LESS
LOWEST: 30 ON 1 3 = THUNDER
SNOW, ICE PELLETS, HAIL 4 = ICE PELLETS
TOTAL MONTH: 0.0 INCH 5 = HAIL
GRTST 24HR 0.0 6 = FREEZING RAIN OR DRIZZLE
GRTST DEPTH: 0 7 = DUSTSTORM OR SANDSTORM:
VSBY 1/2 MILE OR LESS
8 = SMOKE OR HAZE
[NO. OF DAYS WITH] [WEATHER - DAYS WITH] 9 = BLOWING SNOW
X = TORNADO
MAX 32 OR BELOW: 0 0.01 INCH OR MORE: 8
MAX 90 OR ABOVE: 0 0.10 INCH OR MORE: 4
MIN 32 OR BELOW: 2 0.50 INCH OR MORE: 2
MIN 0 OR BELOW: 0 1.00 INCH OR MORE: 0
[HDD (BASE 65) ]
TOTAL THIS MO. 537 CLEAR (SCALE 0-3) 9
DPTR FM NORMAL 8 PTCLDY (SCALE 4-7) 11
TOTAL FM JUL 1 2572 CLOUDY (SCALE 8-10) 11
DPTR FM NORMAL 65
[CDD (BASE 65) ]
TOTAL THIS MO. 0
DPTR FM NORMAL 0 [PRESSURE DATA]
TOTAL FM JAN 1 0 HIGHEST SLP 30.44 ON 20
DPTR FM NORMAL 0 LOWEST SLP 29.75 ON 7
[REMARKS]
#FINAL-01-22#