000
CXUS51 KRLX 011326
CF6EKN
PRELIMINARY LOCAL CLIMATOLOGICAL DATA (WS FORM: F-6)
STATION: ELKINS WV
MONTH: JANUARY
YEAR: 2023
LATITUDE: 38 52 N
LONGITUDE: 79 51 W
TEMPERATURE IN F: :PCPN: SNOW: WIND :SUNSHINE: SKY :PK WND
================================================================================
1 2 3 4 5 6A 6B 7 8 9 10 11 12 13 14 15 16 17 18
12Z AVG MX 2MIN
DY MAX MIN AVG DEP HDD CDD WTR SNW DPTH SPD SPD DIR MIN PSBL S-S WX SPD DR
================================================================================
1 58 45 52 20 13 0 T 0.0 0 5.4 18 250 M M 7 24 260
2 64 40 52 20 13 0 0.00 0.0 0 2.2 14 250 M M 9 18 250
3 72 50 61 30 4 0 0.12 0.0 0 6.5 22 220 M M 7 1 29 230
4 66 48 57 26 8 0 0.02 0.0 0 5.5 20 260 M M 7 28 250
5 54 33 44 13 21 0 0.00 0.0 0 4.0 16 250 M M 3 23 250
6 43 33 38 7 27 0 0.05 T 0 6.9 20 310 M M 10 1 28 300
7 41 21 31 0 34 0 0.00 0.0 0 4.6 15 290 M M 8 19 300
8 40 17 29 -2 36 0 0.05 0.0 0 0.4 14 270 M M 7 18 20 280
9 39 20 30 -1 35 0 0.05 0.1 T 5.3 14 250 M M 8 1 19 240
10 43 22 33 2 32 0 0.00 0.0 0 0.5 6 280 M M 5 7 160
11 50 24 37 6 28 0 0.30 0.0 0 2.5 13 160 M M 7 1 18 160
12 62 39 51 20 14 0 0.15 0.0 0 4.6 21 230 M M 7 1 28 190
13 49 28 39 9 26 0 0.09 1.3 0 7.7 22 300 M M 10 18 31 280
14 28 22 25 -5 40 0 0.06 1.5 2 8.7 16 310 M M 10 21 300
15 32 15 24 -6 41 0 0.00 0.0 2 2.2 10 290 M M 6 14 290
16 47 12 30 0 35 0 0.00 0.0 2 0.1 7 280 M M 1 8 280
17 53 32 43 13 22 0 0.69 0.0 T 5.6 22 250 M M 10 1 32 260
18 52 37 45 15 20 0 0.00 0.0 0 6.4 21 270 M M 6 28 250
19 60 37 49 19 16 0 0.11 0.0 0 6.2 25 270 M M 7 1 35 270
20 48 31 40 10 25 0 0.04 0.3 0 12.2 28 280 M M 10 1 35 250
21 32 22 27 -3 38 0 T 0.1 T 3.7 14 300 M M 8 19 270
22 42 22 32 2 33 0 0.15 0.0 0 1.2 8 120 M M 6 1 11 170
23 39 29 34 4 31 0 0.11 1.2 T 8.5 18 290 M M 10 1 27 290
24 42 25 34 4 31 0 0.00 0.0 1 3.9 16 220 M M 5 22 210
25 51 27 39 8 26 0 0.58 0.0 0 11.7 28 160 M M 5 44 180
26 39 30 35 4 30 0 0.05 0.3 T 12.1 22 250 M M 10 1 35 240
27 41 26 34 3 31 0 0.01 0.4 T 8.4 21 260 M M 7 31 250
28 52 26 39 8 26 0 0.00 0.0 T 7.3 24 220 M M 3 37 230
29 47 25 36 5 29 0 0.26 0.0 0 2.7 14 260 M M 8 1 18 290
30 57 40 49 18 16 0 T 0.0 0 3.8 15 260 M M 9 12 19 290
31 48 29 39 8 26 0 0.12 T T 3.9 15 320 M M 10 168 20 310
================================================================================
SM 1491 907 807 0 3.01 5.2 164.7 M 226
================================================================================
AV 48.1 29.3 5.3 FASTST M M 7 MAX(MPH)
MISC ----> # 28 280 44 180
================================================================================
NOTES:
# LAST OF SEVERAL OCCURRENCES
COLUMN 17 PEAK WIND IN M.P.H.
PRELIMINARY LOCAL CLIMATOLOGICAL DATA (WS FORM: F-6) , PAGE 2
STATION: ELKINS WV
MONTH: JANUARY
YEAR: 2023
LATITUDE: 38 52 N
LONGITUDE: 79 51 W
[TEMPERATURE DATA] [PRECIPITATION DATA] SYMBOLS USED IN COLUMN 16
AVERAGE MONTHLY: 38.7 TOTAL FOR MONTH: 3.01 1 = FOG OR MIST
DPTR FM NORMAL: 7.9 DPTR FM NORMAL: -0.35 2 = FOG REDUCING VISIBILITY
HIGHEST: 72 ON 3 GRTST 24HR 0.91 ON 11-12 TO 1/4 MILE OR LESS
LOWEST: 12 ON 16 3 = THUNDER
SNOW, ICE PELLETS, HAIL 4 = ICE PELLETS
TOTAL MONTH: 5.2 INCHES 5 = HAIL
GRTST 24HR 1.5 ON 14-14 6 = FREEZING RAIN OR DRIZZLE
GRTST DEPTH: 2 ON 16,15 7 = DUSTSTORM OR SANDSTORM:
VSBY 1/2 MILE OR LESS
8 = SMOKE OR HAZE
[NO. OF DAYS WITH] [WEATHER - DAYS WITH] 9 = BLOWING SNOW
X = TORNADO
MAX 32 OR BELOW: 3 0.01 INCH OR MORE: 19
MAX 90 OR ABOVE: 0 0.10 INCH OR MORE: 10
MIN 32 OR BELOW: 21 0.50 INCH OR MORE: 2
MIN 0 OR BELOW: 0 1.00 INCH OR MORE: 0
[HDD (BASE 65) ]
TOTAL THIS MO. 807 CLEAR (SCALE 0-3) 1
DPTR FM NORMAL -255 PTCLDY (SCALE 4-7) 20
TOTAL FM JUL 1 2963 CLOUDY (SCALE 8-10) 10
DPTR FM NORMAL -219
[CDD (BASE 65) ]
TOTAL THIS MO. 0
DPTR FM NORMAL 0 [PRESSURE DATA]
TOTAL FM JAN 1 0 HIGHEST SLP 30.41 ON 7
DPTR FM NORMAL 0 LOWEST SLP 29.58 ON 25
[REMARKS]
#FINAL-01-23#