000
CXUS56 KLKN 011210
CF6EKO
PRELIMINARY LOCAL CLIMATOLOGICAL DATA (WS FORM: F-6)
STATION: ELKO AIRPORT NV
MONTH: AUGUST
YEAR: 2022
LATITUDE: 40 49 N
LONGITUDE: 115 47 W
TEMPERATURE IN F: :PCPN: SNOW: WIND :SUNSHINE: SKY :PK WND
================================================================================
1 2 3 4 5 6A 6B 7 8 9 10 11 12 13 14 15 16 17 18
12Z AVG MX 2MIN
DY MAX MIN AVG DEP HDD CDD WTR SNW DPTH SPD SPD DIR MIN PSBL S-S WX SPD DR
================================================================================
1 84 61 73 0 0 8 0.04 0.0 0 4.2 15 140 M M 4 21 250
2 90 60 75 2 0 10 0.00 0.0 0 8.7 23 340 M M 3 34 340
3 93 57 75 3 0 10 0.00 0.0 0 4.6 18 270 M M 1 26 290
4 96 62 79 7 0 14 T 0.0 0 6.5 26 290 M M 1 34 180
5 75 59 67 -5 0 2 0.48 0.0 0 3.2 16 120 M M 7 13 23 120
6 77 54 66 -6 0 1 0.18 0.0 0 7.8 25 50 M M 7 13 33 60
7 87 50 69 -3 0 4 0.00 0.0 0 4.8 10 30 M M 0 15 50
8 86 50 68 -4 0 3 T 0.0 0 6.1 29 280 M M 2 38 290
9 86 58 72 1 0 7 0.14 0.0 0 5.2 35 240 M M 3 13 47 200
10 74 57 66 -5 0 1 0.03 0.0 0 4.3 15 50 M M 4 3 17 60
11 90 53 72 1 0 7 0.00 0.0 0 4.8 14 290 M M 1 20 280
12 95 58 77 6 0 12 T 0.0 0 7.5 30 150 M M 3 3 43 160
13 87 52 70 0 0 5 T 0.0 0 4.9 17 190 M M 1 26 190
14 95 55 75 5 0 10 T 0.0 0 6.9 21 50 M M 1 3 33 40
15 91 51 71 1 0 6 0.00 0.0 0 4.4 10 110 M M 0 16 110
16 93 51 72 2 0 7 0.00 0.0 0 4.8 17 100 M M 0 25 30
17 95 48 72 2 0 7 0.00 0.0 0 4.5 16 70 M M 0 23 70
18 82 53 68 -1 0 3 0.05 0.0 0 6.5 31 130 M M 2 3 44 130
19 80 45 63 -6 2 0 T 0.0 0 4.4 17 170 M M 2 3 25 170
20 85 47 66 -3 0 1 0.00 0.0 0 2.6 13 60 M M 1 16 240
21 86 50 68 0 0 3 0.00 0.0 0 4.2 24 280 M M 1 3 31 310
22 90 49 70 2 0 5 0.00 0.0 0 5.6 21 250 M M 0 28 250
23 94 45 70 2 0 5 0.00 0.0 0 4.3 18 260 M M 0 26 230
24 92 45 69 1 0 4 T 0.0 0 4.9 20 150 M M 0 26 140
25 94 43 69 1 0 4 0.00 0.0 0 5.1 20 270 M M 0 31 270
26 91 46 69 2 0 4 0.00 0.0 0 5.9 24 260 M M 0 31 270
27 87 45 66 -1 0 1 0.00 0.0 0 7.9 28 260 M M 0 39 250
28 89 39 64 -3 1 0 0.00 0.0 0 5.1 23 270 M M 0 30 250
29 92 40 66 0 0 1 0.00 0.0 0 3.3 17 30 M M 0 25 20
30 98 52 75 9 0 10 0.00 0.0 0 5.1 20 210 M M 0 27 210
31 94 50 72 6 0 7 0.00 0.0 0 4.4 16 240 M M 0 23 200
================================================================================
SM 2748 1585 3 162 0.92 0.0 162.5 M 44
================================================================================
AV 88.6 51.1 5.2 FASTST M M 1 MAX(MPH)
MISC ----> 35 240 47 200
================================================================================
NOTES:
# LAST OF SEVERAL OCCURRENCES
COLUMN 17 PEAK WIND IN M.P.H.
PRELIMINARY LOCAL CLIMATOLOGICAL DATA (WS FORM: F-6) , PAGE 2
STATION: ELKO AIRPORT NV
MONTH: AUGUST
YEAR: 2022
LATITUDE: 40 49 N
LONGITUDE: 115 47 W
[TEMPERATURE DATA] [PRECIPITATION DATA] SYMBOLS USED IN COLUMN 16
AVERAGE MONTHLY: 69.9 TOTAL FOR MONTH: 0.92 1 = FOG OR MIST
DPTR FM NORMAL: 0.3 DPTR FM NORMAL: 0.59 2 = FOG REDUCING VISIBILITY
HIGHEST: 98 ON 30 GRTST 24HR 0.50 ON 5- 6 TO 1/4 MILE OR LESS
LOWEST: 39 ON 28 3 = THUNDER
SNOW, ICE PELLETS, HAIL 4 = ICE PELLETS
TOTAL MONTH: 0.0 INCH 5 = HAIL
GRTST 24HR 0.0 6 = FREEZING RAIN OR DRIZZLE
GRTST DEPTH: 0 7 = DUSTSTORM OR SANDSTORM:
VSBY 1/2 MILE OR LESS
8 = SMOKE OR HAZE
[NO. OF DAYS WITH] [WEATHER - DAYS WITH] 9 = BLOWING SNOW
X = TORNADO
MAX 32 OR BELOW: 0 0.01 INCH OR MORE: 6
MAX 90 OR ABOVE: 17 0.10 INCH OR MORE: 3
MIN 32 OR BELOW: 0 0.50 INCH OR MORE: 0
MIN 0 OR BELOW: 0 1.00 INCH OR MORE: 0
[HDD (BASE 65) ]
TOTAL THIS MO. 3 CLEAR (SCALE 0-3) 27
DPTR FM NORMAL -21 PTCLDY (SCALE 4-7) 4
TOTAL FM JUL 1 3 CLOUDY (SCALE 8-10) 0
DPTR FM NORMAL -32
[CDD (BASE 65) ]
TOTAL THIS MO. 162
DPTR FM NORMAL -4 [PRESSURE DATA]
TOTAL FM JAN 1 633 HIGHEST SLP 30.21 ON 7
DPTR FM NORMAL 171 LOWEST SLP 29.72 ON 27
[REMARKS]
#FINAL-08-22#