000
CXUS54 KSHV 011300
CF6ELD
PRELIMINARY LOCAL CLIMATOLOGICAL DATA (WS FORM: F-6)
STATION: EL DORADO
MONTH: OCTOBER
YEAR: 2021
LATITUDE: 33 13 N
LONGITUDE: 92 49 W
TEMPERATURE IN F: :PCPN: SNOW: WIND :SUNSHINE: SKY :PK WND
================================================================================
1 2 3 4 5 6A 6B 7 8 9 10 11 12 13 14 15 16 17 18
12Z AVG MX 2MIN
DY MAX MIN AVG DEP HDD CDD WTR SNW DPTH SPD SPD DIR MIN PSBL S-S WX SPD DR
================================================================================
1 76 69 73 3 0 8 0.60 0.0 0 3.2 14 130 M M 9 13 18 120
2 82 69 76 6 0 11 0.20 0.0 0 5.3 13 150 M M 6 13 16 150
3 85 65 75 5 0 10 T 0.0 0 3.2 14 320 M M 5 13 17 300
4 84 62 73 4 0 8 0.00 0.0 0 3.8 10 360 M M 2 1 17 340
5 83 60 72 3 0 7 0.02 0.0 0 3.5 15 40 M M 2 13 19 20
6 84 59 72 3 0 7 0.00 0.0 0 1.1 9 340 M M 0 1 12 40
7 86 58 72 4 0 7 0.00 0.0 0 1.2 9 190 M M 1 1 13 190
8 87 60 74 6 0 9 0.00 0.0 0 3.3 12 190 M M 0 1 14 200
9 86 60 73 6 0 8 0.00 0.0 0 5.2 14 140 M M 0 1 19 160
10 87 63 75 8 0 10 0.00 0.0 0 8.1 20 160 M M 3 12 26 140
11 82 57 70 4 0 5 T 0.0 0 7.5 21 150 M M 3 1 26 170
12 82 55 69 3 0 4 0.61 0.0 0 4.5 10 120 M M 4 13 15 110
13 86 70 78 12 0 13 0.00 0.0 0 7.4 18 150 M M 3 24 160
14 82 68 75 10 0 10 0.02 0.0 0 4.5 13 150 M M 5 12 17 170
15 88 55 72 7 0 7 T 0.0 0 8.1 24 320 M M 7 123 29 320
16 72 45 59 -5 6 0 0.00 0.0 0 5.5 16 330 M M 0 25 320
17 73 42 58 -6 7 0 0.00 0.0 0 1.9 9 30 M M 0 12 130
18 M 45 M M M M 0.00 0.0 0 1.7 10 120 M M 0 1 14 110
19 M M M M M M 0.00 M M M M M M M 0 M M
20 M M M M M M 0.00 0.0 0 1.4 9 200 M M 1 12 210
21 84 52 68 6 0 3 0.00 0.0 0 4.3 15 320 M M 2 1 20 320
22 79 46 63 1 2 0 0.00 0.0 0 1.9 8 50 M M 0 11 70
23 86 52 69 7 0 4 0.00 0.0 0 5.6 14 200 M M 2 18 190
24 85 66 76 15 0 11 0.00 0.0 0 7.7 18 180 M M 2 1 25 150
25 84 58 71 10 0 6 0.00 0.0 0 4.4 13 350 M M 1 18 330
26 76 53 65 4 0 0 0.00 0.0 0 6.9 14 70 M M 1 18 80
27 73 57 65 5 0 0 1.20 0.0 0 8.8 22 270 M M 6 13 32 290
28 58 54 56 -4 9 0 0.01 0.0 0 11.1 25 300 M M 10 18 40 310
29 61 52 57 -3 8 0 0.00 0.0 0 9.2 22 310 M M 10 31 300
30 71 47 59 0 6 0 0.00 0.0 0 4.2 13 320 M M 3 16 250
31 74 41 58 -1 7 0 0.00 0.0 0 1.0 8 50 M M 0 1 11 20
================================================================================
SM 2236 1640 45 148 2.66 0.0 145.5 M 88
================================================================================
AV 79.9 56.6 4.8 FASTST M M 3 MAX(MPH)
MISC ----> 25 300 40 310
================================================================================
NOTES:
# LAST OF SEVERAL OCCURRENCES
COLUMN 17 PEAK WIND IN M.P.H.
PRELIMINARY LOCAL CLIMATOLOGICAL DATA (WS FORM: F-6) , PAGE 2
STATION: EL DORADO
MONTH: OCTOBER
YEAR: 2021
LATITUDE: 33 13 N
LONGITUDE: 92 49 W
[TEMPERATURE DATA] [PRECIPITATION DATA] SYMBOLS USED IN COLUMN 16
AVERAGE MONTHLY: 68.2 TOTAL FOR MONTH: 2.66 1 = FOG OR MIST
DPTR FM NORMAL: 3.6 DPTR FM NORMAL: -1.92 2 = FOG REDUCING VISIBILITY
HIGHEST: 88 ON 15 GRTST 24HR 1.21 ON 27-28 TO 1/4 MILE OR LESS
LOWEST: 41 ON 31 3 = THUNDER
SNOW, ICE PELLETS, HAIL 4 = ICE PELLETS
TOTAL MONTH: 0.0 INCH 5 = HAIL
GRTST 24HR 0.0 6 = FREEZING RAIN OR DRIZZLE
GRTST DEPTH: 0 7 = DUSTSTORM OR SANDSTORM:
VSBY 1/2 MILE OR LESS
8 = SMOKE OR HAZE
[NO. OF DAYS WITH] [WEATHER - DAYS WITH] 9 = BLOWING SNOW
X = TORNADO
MAX 32 OR BELOW: 0 0.01 INCH OR MORE: 7
MAX 90 OR ABOVE: 0 0.10 INCH OR MORE: 4
MIN 32 OR BELOW: 0 0.50 INCH OR MORE: 3
MIN 0 OR BELOW: 0 1.00 INCH OR MORE: 1
[HDD (BASE 65) ]
TOTAL THIS MO. 45 CLEAR (SCALE 0-3) 21
DPTR FM NORMAL -67 PTCLDY (SCALE 4-7) 7
TOTAL FM JUL 1 45 CLOUDY (SCALE 8-10) 3
DPTR FM NORMAL -73
[CDD (BASE 65) ]
TOTAL THIS MO. 148
DPTR FM NORMAL 50 [PRESSURE DATA]
TOTAL FM JAN 1 2173 HIGHEST SLP 30.34 ON 17
DPTR FM NORMAL -90 LOWEST SLP 29.44 ON 27
[REMARKS]
#FINAL-10-21#