000
CXUS54 KEPZ 011030
CF6ELP
PRELIMINARY LOCAL CLIMATOLOGICAL DATA (WS FORM: F-6)
STATION: EL PASO
MONTH: APRIL
YEAR: 2021
LATITUDE: 31 47 N
LONGITUDE: 106 24 W
TEMPERATURE IN F: :PCPN: SNOW: WIND :SUNSHINE: SKY :PK WND
================================================================================
1 2 3 4 5 6A 6B 7 8 9 10 11 12 13 14 15 16 17 18
12Z AVG MX 2MIN
DY MAX MIN AVG DEP HDD CDD WTR SNW DPTH SPD SPD DIR MIN PSBL S-S WX SPD DR
================================================================================
1 73 46 60 0 5 0 0.00 0.0 0 11.2 21 130 M M 4 32 160
2 86 49 68 7 0 3 0.00 0.0 0 5.5 17 110 M M 3 22 110
3 87 56 72 11 0 7 0.00 0.0 0 5.3 24 70 M M 1 33 80
4 87 52 70 9 0 5 0.00 0.0 0 4.5 15 130 M M 1 22 120
5 92 57 75 13 0 10 0.00 0.0 0 10.0 23 250 M M 4 31 250
6 86 63 75 13 0 10 0.00 0.0 0 17.6 33 280 M M 6 49 270
7 83 53 68 6 0 3 0.00 0.0 0 7.9 32 300 M M 1 52 310
8 88 66 77 15 0 12 0.00 0.0 0 19.9 33 300 M M 2 46 300
9 85 67 76 13 0 11 0.00 0.0 0 15.0 33 280 M M 1 43 270
10 85 53 69 6 0 4 0.00 0.0 0 10.2 30 300 M M 1 40 300
11 86 59 73 10 0 8 0.00 0.0 0 9.4 23 260 M M 5 35 260
12 88 65 77 13 0 12 0.00 0.0 0 8.1 21 200 M M 3 29 170
13 77 53 65 1 0 0 0.00 0.0 0 8.9 21 130 M M 2 27 160
14 84 52 68 4 0 3 0.00 0.0 0 8.0 21 240 M M 8 27 240
15 83 62 73 9 0 8 0.00 0.0 0 15.7 35 270 M M 8 49 250
16 74 60 67 2 0 2 0.00 0.0 0 9.0 20 320 M M 7 26 320
17 68 47 58 -7 7 0 T 0.0 0 15.2 29 70 M M 6 37 80
18 63 44 54 -11 11 0 T 0.0 0 11.7 20 100 M M 5 31 100
19 73 46 60 -6 5 0 0.00 0.0 0 6.4 17 250 M M 3 24 260
20 83 51 67 1 0 2 0.00 0.0 0 9.8 24 120 M M 1 32 120
21 75 44 60 -6 5 0 0.00 0.0 0 9.8 18 100 M M 3 30 90
22 81 46 64 -3 1 0 0.00 0.0 0 13.7 30 240 M M 3 40 250
23 76 62 69 2 0 4 0.00 0.0 0 18.8 32 250 M M 2 43 250
24 83 53 68 1 0 3 0.00 0.0 0 8.7 22 290 M M 0 33 290
25 90 52 71 3 0 6 0.00 0.0 0 10.9 26 250 M M 4 35 270
26 87 71 79 11 0 14 0.00 0.0 0 18.8 30 280 M M 7 8 40 280
27 80 63 72 4 0 7 0.00 0.0 0 15.0 30 240 M M 7 78 45 230
28 68 54 61 -7 4 0 0.01 0.0 0 10.6 29 240 M M 6 39 240
29 56 47 52 -17 13 0 0.17 0.0 0 12.7 28 30 M M 6 36 20
30 73 51 62 -7 3 0 0.06 0.0 0 8.3 18 40 M M 6 28 60
================================================================================
SM 2400 1644 54 134 0.24 0.0 336.6 M 116
================================================================================
AV 80.0 54.8 11.2 FASTST M M 4 MAX(MPH)
MISC ----> 35 270 52 310
================================================================================
NOTES:
# LAST OF SEVERAL OCCURRENCES
COLUMN 17 PEAK WIND IN M.P.H.
PRELIMINARY LOCAL CLIMATOLOGICAL DATA (WS FORM: F-6) , PAGE 2
STATION: EL PASO
MONTH: APRIL
YEAR: 2021
LATITUDE: 31 47 N
LONGITUDE: 106 24 W
[TEMPERATURE DATA] [PRECIPITATION DATA] SYMBOLS USED IN COLUMN 16
AVERAGE MONTHLY: 67.4 TOTAL FOR MONTH: 0.24 1 = FOG OR MIST
DPTR FM NORMAL: 2.8 DPTR FM NORMAL: 0.01 2 = FOG REDUCING VISIBILITY
HIGHEST: 92 ON 5 GRTST 24HR 0.23 ON 29-30 TO 1/4 MILE OR LESS
LOWEST: 44 ON 21,18 3 = THUNDER
SNOW, ICE PELLETS, HAIL 4 = ICE PELLETS
TOTAL MONTH: 0.0 INCH 5 = HAIL
GRTST 24HR 0.0 6 = FREEZING RAIN OR DRIZZLE
GRTST DEPTH: 0 7 = DUSTSTORM OR SANDSTORM:
VSBY 1/2 MILE OR LESS
8 = SMOKE OR HAZE
[NO. OF DAYS WITH] [WEATHER - DAYS WITH] 9 = BLOWING SNOW
X = TORNADO
MAX 32 OR BELOW: 0 0.01 INCH OR MORE: 3
MAX 90 OR ABOVE: 2 0.10 INCH OR MORE: 1
MIN 32 OR BELOW: 0 0.50 INCH OR MORE: 0
MIN 0 OR BELOW: 0 1.00 INCH OR MORE: 0
[HDD (BASE 65) ]
TOTAL THIS MO. 54 CLEAR (SCALE 0-3) 12
DPTR FM NORMAL -38 PTCLDY (SCALE 4-7) 18
TOTAL FM JUL 1 2145 CLOUDY (SCALE 8-10) 0
DPTR FM NORMAL -320
[CDD (BASE 65) ]
TOTAL THIS MO. 134
DPTR FM NORMAL 52 [PRESSURE DATA]
TOTAL FM JAN 1 147 HIGHEST SLP 30.31 ON 1
DPTR FM NORMAL 55 LOWEST SLP 29.51 ON 26
[REMARKS]
#FINAL-04-21#