000
CXUS54 KEPZ 010955
CLMELP
CLIMATE REPORT
NATIONAL WEATHER SERVICE EL PASO TX/SANTA TERESA NM
255 AM MST THU FEB 01 2024
...................................
...THE EL PASO CLIMATE SUMMARY FOR THE MONTH OF JANUARY 2024...
CLIMATE NORMAL PERIOD 1991 TO 2020
CLIMATE RECORD PERIOD 1879 TO 2024
WEATHER OBSERVED NORMAL DEPART LAST YEAR`S
VALUE DATE(S) VALUE FROM VALUE DATE(S)
NORMAL
................................................................
TEMPERATURE (F)
RECORD
HIGH 80 01/24/1970
LOW -8 01/11/1962
HIGHEST 73 01/18 59 14 71 01/06
01/30
LOWEST 21 01/16 29 -8 20 01/27
AVG. MAXIMUM 60.6 58.6 2.0 61.0
AVG. MINIMUM 37.3 34.5 2.8 34.8
MEAN 49.0 46.5 2.5 47.9
DAYS MAX >= 90 0 0.0 0.0 0
DAYS MAX <= 32 0 0.1 -0.1 0
DAYS MIN <= 32 7 14.5 -7.5 11
DAYS MIN <= 0 0 0.0 0.0 0
PRECIPITATION (INCHES)
RECORD
MAXIMUM 1.84 1949
MINIMUM 0.00 2014
TOTALS 0.26 0.39 -0.13 0.23
DAYS >= .01 4 4
DAYS >= .10 1 0
DAYS >= .50 0 0
DAYS >= 1.00 0 0
GREATEST
24 HR. TOTAL 0.14 01/26 TO 01/26
SNOWFALL (INCHES)
TOTALS T 0.0
SNOWDEPTH AVG. 0 0
DAYS >= TRACE 2 0
GREATEST
SNOW DEPTH 0
24 HR TOTAL MM
DEGREE DAYS
HEATING TOTAL 489 572 -83 523
SINCE 7/1 1233 1545 -312 MM
COOLING TOTAL 0 0 0 0
SINCE 1/1 0 0 0 MM
FREEZE DATES
RECORD
EARLIEST 10/16/1880
LATEST 05/02/1967
EARLIEST 11/23
LATEST 03/19
................................................................
WIND (MPH)
AVERAGE WIND SPEED 10.0
HIGHEST WIND SPEED/DIRECTION 52/270 DATE 01/08
HIGHEST GUST SPEED/DIRECTION 69/250 DATE 01/08
SKY COVER
AVERAGE SKY COVER 0.42
AVERAGE RH (PERCENT) 40
WEATHER CONDITIONS. NUMBER OF DAYS WITH
THUNDERSTORM 2 MIXED PRECIP 0
HEAVY RAIN 0 RAIN 2
LIGHT RAIN 11 FREEZING RAIN 0
LT FREEZING RAIN 0 HAIL 0
HEAVY SNOW 0 SNOW 0
LIGHT SNOW 2 SLEET 0
FOG 0 FOG W/VIS <= 1/4 MILE 0
HAZE 2
- INDICATES NEGATIVE NUMBERS.
R INDICATES RECORD WAS SET OR TIED.
MM INDICATES DATA IS MISSING.
T INDICATES TRACE AMOUNT.
$$