000
CXUS53 KTOP 010810
CF6EMP
PRELIMINARY LOCAL CLIMATOLOGICAL DATA (WS FORM: F-6)
STATION: EMPORIA KS
MONTH: JULY
YEAR: 2022
LATITUDE: 38 19 N
LONGITUDE: 96 12 W
TEMPERATURE IN F: :PCPN: SNOW: WIND :SUNSHINE: SKY :PK WND
================================================================================
1 2 3 4 5 6A 6B 7 8 9 10 11 12 13 14 15 16 17 18
12Z AVG MX 2MIN
DY MAX MIN AVG DEP HDD CDD WTR SNW DPTH SPD SPD DIR MIN PSBL S-S WX SPD DR
================================================================================
1 94 66 80 2 0 15 T M M 7.7 18 50 M M 1 3 24 40
2 85 70 78 0 0 13 0.98 M M 8.8 16 120 M M 7 13 23 130
3 91 71 81 3 0 16 T M M 8.0 25 120 M M 3 1 37 120
4 95 74 85 7 0 20 0.00 M M 13.3 23 200 M M 0 31 210
5 94 76 85 7 0 20 0.00 M M 12.2 21 180 M M 2 30 180
6 96 75 86 8 0 21 0.00 M M 8.2 17 160 M M 1 25 170
7 93 78 86 8 0 21 T M M 7.9 17 190 M M 1 24 110
8 89 74 82 4 0 17 0.00 M M 8.0 15 340 M M 2 22 340
9 88 71 80 1 0 15 0.00 M M 7.1 15 40 M M 2 22 30
10 94 64 79 0 0 14 0.00 M M 8.0 15 170 M M 0 20 170
11 98 69 84 5 0 19 0.00 M M 7.2 21 20 M M 0 28 360
12 89 66 78 -1 0 13 0.04 M M 5.9 15 10 M M 2 3 27 340
13 93 60 77 -2 0 12 0.00 M M 4.8 13 120 M M 0 17 120
14 98 67 83 4 0 18 0.00 M M 10.9 18 170 M M 0 26 170
15 101 76 89 10 0 24 T M M 12.1 22 210 M M 1 3 31 180
16 99 70 85 6 0 20 0.00 M M M M M M M 0 M M
17 92 74 83 4 0 18 0.08 M M M M M M M 2 3 M M
18 95 67 81 2 0 16 0.00 M M 5.3 10 80 M M 1 12 17 120
19 103 65 84 5 0 19 0.00 M M 9.1 18 190 M M 0 26 170
20 98 73 86 6 0 21 0.00 M M 8.1 16 10 M M 0 23 10
21 101 67 84 4 0 19 0.00 M M 5.8 15 170 M M 0 20 180
22 101 72 87 7 0 22 0.00 M M 10.5 21 190 M M 0 28 190
23 103 75 89 9 0 24 0.00 M M 15.3 28 200 M M 0 39 190
24 99 75 87 7 0 22 T M M 10.9 23 30 M M 2 32 30
25 85 67 76 -4 0 11 M M M 11.9 20 100 M M 6 1 26 50
26 93 67 80 0 0 15 T M M 7.5 28 340 M M 2 13 42 340
27 90 71 81 1 0 16 T M M 5.6 16 140 M M 2 13 22 150
28 86 68 77 -3 0 12 M M M 5.8 31 320 M M 3 13 45 330
29 81 65 73 -7 0 8 0.00 M M 6.7 15 40 M M 0 20 30
30 82 64 73 -7 0 8 0.00 M M 5.0 12 160 M M 4 15 160
31 95 69 82 2 0 17 0.00 M M 8.0 16 170 M M 5 1 22 170
================================================================================
SM 2901 2166 0 526 1.10 M 245.6 M 49
================================================================================
AV 93.6 69.9 8.5 FASTST M M 2 MAX(MPH)
MISC ----> 31 320 45 330
================================================================================
NOTES:
# LAST OF SEVERAL OCCURRENCES
COLUMN 17 PEAK WIND IN M.P.H.
PRELIMINARY LOCAL CLIMATOLOGICAL DATA (WS FORM: F-6) , PAGE 2
STATION: EMPORIA KS
MONTH: JULY
YEAR: 2022
LATITUDE: 38 19 N
LONGITUDE: 96 12 W
[TEMPERATURE DATA] [PRECIPITATION DATA] SYMBOLS USED IN COLUMN 16
AVERAGE MONTHLY: 81.7 TOTAL FOR MONTH: 1.10 1 = FOG OR MIST
DPTR FM NORMAL: 2.7 DPTR FM NORMAL: -2.80 2 = FOG REDUCING VISIBILITY
HIGHEST: 103 ON 23,19 GRTST 24HR 0.98 ON 1- 2 TO 1/4 MILE OR LESS
LOWEST: 60 ON 13 3 = THUNDER
SNOW, ICE PELLETS, HAIL 4 = ICE PELLETS
TOTAL MONTH: M 5 = HAIL
GRTST 24HR M ON M 6 = FREEZING RAIN OR DRIZZLE
GRTST DEPTH: M ON M 7 = DUSTSTORM OR SANDSTORM:
VSBY 1/2 MILE OR LESS
8 = SMOKE OR HAZE
[NO. OF DAYS WITH] [WEATHER - DAYS WITH] 9 = BLOWING SNOW
X = TORNADO
MAX 32 OR BELOW: 0 0.01 INCH OR MORE: 3
MAX 90 OR ABOVE: 23 0.10 INCH OR MORE: 1
MIN 32 OR BELOW: 0 0.50 INCH OR MORE: 1
MIN 0 OR BELOW: 0 1.00 INCH OR MORE: 0
[HDD (BASE 65) ]
TOTAL THIS MO. 0 CLEAR (SCALE 0-3) 26
DPTR FM NORMAL 0 PTCLDY (SCALE 4-7) 5
TOTAL FM JUL 1 0 CLOUDY (SCALE 8-10) 0
DPTR FM NORMAL 0
[CDD (BASE 65) ]
TOTAL THIS MO. 526
DPTR FM NORMAL 92 [PRESSURE DATA]
TOTAL FM JAN 1 1091 HIGHEST SLP M ON M
DPTR FM NORMAL 249 LOWEST SLP 29.69 ON 19
[REMARKS]
#FINAL-07-22#