000
CXUS53 KTOP 010810
CF6EMP
PRELIMINARY LOCAL CLIMATOLOGICAL DATA (WS FORM: F-6)
STATION: EMPORIA KS
MONTH: MARCH
YEAR: 2021
LATITUDE: 38 19 N
LONGITUDE: 96 12 W
TEMPERATURE IN F: :PCPN: SNOW: WIND :SUNSHINE: SKY :PK WND
================================================================================
1 2 3 4 5 6A 6B 7 8 9 10 11 12 13 14 15 16 17 18
12Z AVG MX 2MIN
DY MAX MIN AVG DEP HDD CDD WTR SNW DPTH SPD SPD DIR MIN PSBL S-S WX SPD DR
================================================================================
1 57 23 40 0 25 0 0.00 M M 5.8 15 320 M M 0 20 10
2 64 24 44 4 21 0 0.00 M M 9.5 24 210 M M 0 36 220
3 73 35 54 13 11 0 0.00 M M 9.5 16 220 M M 0 24 230
4 71 32 52 11 13 0 0.00 M M 7.6 21 150 M M 0 30 160
5 61 42 52 11 13 0 0.00 M M 9.2 17 70 M M 4 8 23 70
6 67 33 50 8 15 0 0.00 M M 8.7 16 200 M M 2 12 23 220
7 68 37 53 11 12 0 0.00 M M 15.0 32 200 M M 0 43 200
8 73 40 57 15 8 0 0.00 M M 14.8 28 180 M M 0 37 180
9 76 51 64 21 1 0 0.00 M M 25.1 37 170 M M 0 51 190
10 81 48 65 22 0 0 0.03 M M 23.6 39 200 M M 5 3 56 200
11 62 39 51 7 14 0 0.00 M M 9.6 20 350 M M 6 8 26 350
12 48 41 45 1 20 0 0.63 M M 13.4 26 80 M M 8 13 32 70
13 53 44 49 5 16 0 0.14 M M 15.0 23 110 M M 10 1 30 110
14 58 47 53 8 12 0 0.46 M M 13.5 26 120 M M 8 12 40 110
15 62 45 54 9 11 0 T M M 10.8 22 220 M M 7 1 28 210
16 64 41 53 7 12 0 T M M 10.6 22 40 M M 6 123 27 30
17 45 36 41 -5 24 0 1.46 M M 17.0 30 10 M M 10 13 43 360
18 54 35 45 -1 20 0 0.04 M M 16.4 29 330 M M 9 18 42 350
19 57 32 45 -2 20 0 0.00 M M 6.6 12 100 M M 1 17 60
20 63 30 47 0 18 0 0.00 M M 11.4 22 150 M M 0 32 180
21 67 45 56 9 9 0 0.00 M M 18.2 31 180 M M 0 8 41 170
22 61 51 56 8 9 0 0.17 M M 13.8 26 150 M M 8 18 40 140
23 58 47 53 5 12 0 0.13 M M 14.8 23 120 M M 10 18 32 270
24 51 43 47 -1 18 0 T M M 11.1 23 290 M M 10 33 280
25 51 38 45 -4 20 0 0.00 M M 6.1 13 20 M M 9 18 17 20
26 71 32 52 3 13 0 T M M 11.9 25 160 M M 4 123 33 150
27 63 44 54 5 11 0 0.01 M M 10.4 23 340 M M 2 13 33 340
28 64 32 48 -2 17 0 0.00 M M 8.3 15 170 M M 0 8 22 360
29 79 47 63 13 2 0 0.00 M M 26.4 43 190 M M 0 60 190
30 62 41 52 2 13 0 0.00 M M 18.0 39 190 M M 3 54 180
31 56 30 43 -8 22 0 0.00 M M 8.0 17 330 M M 1 8 27 310
================================================================================
SM 1940 1205 432 0 3.07 M 400.1 M 123
================================================================================
AV 62.6 38.9 12.9 FASTST M M 4 MAX(MPH)
MISC ----> 43 190 60 190
================================================================================
NOTES:
# LAST OF SEVERAL OCCURRENCES
COLUMN 17 PEAK WIND IN M.P.H.
PRELIMINARY LOCAL CLIMATOLOGICAL DATA (WS FORM: F-6) , PAGE 2
STATION: EMPORIA KS
MONTH: MARCH
YEAR: 2021
LATITUDE: 38 19 N
LONGITUDE: 96 12 W
[TEMPERATURE DATA] [PRECIPITATION DATA] SYMBOLS USED IN COLUMN 16
AVERAGE MONTHLY: 50.7 TOTAL FOR MONTH: 3.07 1 = FOG OR MIST
DPTR FM NORMAL: 5.3 DPTR FM NORMAL: 0.54 2 = FOG REDUCING VISIBILITY
HIGHEST: 81 ON 10 GRTST 24HR 1.50 ON 17-18 TO 1/4 MILE OR LESS
LOWEST: 23 ON 1 3 = THUNDER
SNOW, ICE PELLETS, HAIL 4 = ICE PELLETS
TOTAL MONTH: M 5 = HAIL
GRTST 24HR M ON M 6 = FREEZING RAIN OR DRIZZLE
GRTST DEPTH: M ON M 7 = DUSTSTORM OR SANDSTORM:
VSBY 1/2 MILE OR LESS
8 = SMOKE OR HAZE
[NO. OF DAYS WITH] [WEATHER - DAYS WITH] 9 = BLOWING SNOW
X = TORNADO
MAX 32 OR BELOW: 0 0.01 INCH OR MORE: 9
MAX 90 OR ABOVE: 0 0.10 INCH OR MORE: 6
MIN 32 OR BELOW: 8 0.50 INCH OR MORE: 2
MIN 0 OR BELOW: 0 1.00 INCH OR MORE: 1
[HDD (BASE 65) ]
TOTAL THIS MO. 432 CLEAR (SCALE 0-3) 16
DPTR FM NORMAL -178 PTCLDY (SCALE 4-7) 6
TOTAL FM JUL 1 4127 CLOUDY (SCALE 8-10) 9
DPTR FM NORMAL -304
[CDD (BASE 65) ]
TOTAL THIS MO. 0
DPTR FM NORMAL -2 [PRESSURE DATA]
TOTAL FM JAN 1 0 HIGHEST SLP M ON M
DPTR FM NORMAL -2 LOWEST SLP 29.41 ON 23
[REMARKS]
#FINAL-03-21#