000
CXUS56 KOTX 010910
CF6EPH
PRELIMINARY LOCAL CLIMATOLOGICAL DATA (WS FORM: F-6)
STATION: EPHRATA WA AIRPORT
MONTH: MAY
YEAR: 2022
LATITUDE: 47 18 N
LONGITUDE: 119 31 W
TEMPERATURE IN F: :PCPN: SNOW: WIND :SUNSHINE: SKY :PK WND
================================================================================
1 2 3 4 5 6A 6B 7 8 9 10 11 12 13 14 15 16 17 18
12Z AVG MX 2MIN
DY MAX MIN AVG DEP HDD CDD WTR SNW DPTH SPD SPD DIR MIN PSBL S-S WX SPD DR
================================================================================
1 67 38 53 -3 12 0 0.00 M M 7.4 18 150 M M 2 26 140
2 61 44 53 -3 12 0 0.00 M M 9.2 25 300 M M 5 35 300
3 72 48 60 3 5 0 0.00 M M 11.3 26 300 M M 0 33 310
4 73 43 58 1 7 0 0.00 M M 3.8 14 210 M M 0 18 180
5 60 43 52 -5 13 0 0.17 M M 11.2 26 180 M M 4 1 31 190
6 64 37 51 -7 14 0 0.01 M M 9.0 21 310 M M 6 27 240
7 64 37 51 -7 14 0 T M M 14.9 29 270 M M 4 35 270
8 58 28 43 -15 22 0 0.00 M M 9.1 21 230 M M 2 28 230
9 63 32 48 -11 17 0 0.00 M M 11.5 21 310 M M 1 26 230
10 64 37 51 -8 14 0 0.00 M M 7.9 21 310 M M 1 25 310
11 66 37 52 -7 13 0 0.00 M M 8.3 18 200 M M 0 24 210
12 61 38 50 -10 15 0 T M M 12.6 29 210 M M 5 36 220
13 61 32 47 -13 18 0 0.01 M M 10.1 20 210 M M 1 28 250
14 63 45 54 -6 11 0 0.02 M M 4.4 12 190 M M 6 16 220
15 72 49 61 1 4 0 0.02 M M 9.3 21 330 M M 6 25 330
16 74 38 56 -5 9 0 0.00 M M 9.3 24 310 M M 3 12 31 310
17 70 37 54 -7 11 0 0.00 M M 6.2 18 300 M M 0 24 330
18 71 46 59 -2 6 0 T M M 14.7 37 250 M M 3 46 260
19 66 37 52 -10 13 0 0.00 M M 15.0 24 330 M M 2 30 320
20 64 45 55 -7 10 0 0.05 M M 9.9 24 330 M M 4 3 28 330
21 64 44 54 -8 11 0 T M M 8.6 23 20 M M 6 29 10
22 72 40 56 -6 9 0 0.00 M M 6.7 15 160 M M 1 20 220
23 73 45 59 -3 6 0 T M M 9.0 25 310 M M 6 33 320
24 68 45 57 -6 8 0 T M M 6.3 15 230 M M 3 20 240
25 77 55 66 3 0 1 T M M 9.5 20 230 M M 4 24 230
26 78 54 66 3 0 1 0.08 M M 7.4 18 220 M M 3 22 220
27 68 51 60 -3 5 0 T M M 9.6 20 300 M M 2 25 300
28 65 41 53 -11 12 0 T M M 5.1 18 240 M M 4 22 250
29 70 52 61 -3 4 0 T M M 13.2 26 310 M M 9 34 320
30 69 52 61 -3 4 0 T M M 9.2 21 300 M M 7 27 310
31 77 46 62 -2 3 0 0.00 M M 5.1 14 50 M M 4 19 60
================================================================================
SM 2095 1316 302 2 0.36 M 284.8 M 104
================================================================================
AV 67.6 42.5 9.2 FASTST M M 3 MAX(MPH)
MISC ----> 37 250 46 260
================================================================================
NOTES:
# LAST OF SEVERAL OCCURRENCES
COLUMN 17 PEAK WIND IN M.P.H.
PRELIMINARY LOCAL CLIMATOLOGICAL DATA (WS FORM: F-6) , PAGE 2
STATION: EPHRATA WA AIRPORT
MONTH: MAY
YEAR: 2022
LATITUDE: 47 18 N
LONGITUDE: 119 31 W
[TEMPERATURE DATA] [PRECIPITATION DATA] SYMBOLS USED IN COLUMN 16
AVERAGE MONTHLY: 55.0 TOTAL FOR MONTH: 0.36 1 = FOG OR MIST
DPTR FM NORMAL: -5.4 DPTR FM NORMAL: -0.39 2 = FOG REDUCING VISIBILITY
HIGHEST: 78 ON 26 GRTST 24HR 0.17 ON 5- 5 TO 1/4 MILE OR LESS
LOWEST: 28 ON 8 3 = THUNDER
SNOW, ICE PELLETS, HAIL 4 = ICE PELLETS
TOTAL MONTH: M 5 = HAIL
GRTST 24HR M ON M 6 = FREEZING RAIN OR DRIZZLE
GRTST DEPTH: M ON M 7 = DUSTSTORM OR SANDSTORM:
VSBY 1/2 MILE OR LESS
8 = SMOKE OR HAZE
[NO. OF DAYS WITH] [WEATHER - DAYS WITH] 9 = BLOWING SNOW
X = TORNADO
MAX 32 OR BELOW: 0 0.01 INCH OR MORE: 7
MAX 90 OR ABOVE: 0 0.10 INCH OR MORE: 1
MIN 32 OR BELOW: 3 0.50 INCH OR MORE: 0
MIN 0 OR BELOW: 0 1.00 INCH OR MORE: 0
[HDD (BASE 65) ]
TOTAL THIS MO. 302 CLEAR (SCALE 0-3) 15
DPTR FM NORMAL 121 PTCLDY (SCALE 4-7) 15
TOTAL FM JUL 1 6063 CLOUDY (SCALE 8-10) 1
DPTR FM NORMAL 361
[CDD (BASE 65) ]
TOTAL THIS MO. 2
DPTR FM NORMAL -38 [PRESSURE DATA]
TOTAL FM JAN 1 2 HIGHEST SLP M ON M
DPTR FM NORMAL -40 LOWEST SLP 29.54 ON 6
[REMARKS]
#FINAL-05-22#