000
CXUS51 KCLE 151107
CLMERI
CLIMATE REPORT...CORRECTED
NATIONAL WEATHER SERVICE CLEVELAND, OH
607 AM EST THU FEB 15 2024
...................................
...THE ERIE PA CLIMATE SUMMARY FOR THE MONTH OF JANUARY 2024...
CLIMATE NORMAL PERIOD 1991 TO 2020
CLIMATE RECORD PERIOD 1873 TO 2024
WEATHER OBSERVED NORMAL DEPART LAST YEAR`S
VALUE DATE(S) VALUE FROM VALUE
NORMAL
..............................................................
TEMPERATURE (F)
RECORD
HIGH 73 01/25/1950
01/01/1876
LOW -18 01/19/1994
HIGHEST 49 01/09
LOWEST 6 01/17
AVG. MAXIMUM 33.3 35.2 -1.9 39.3
AVG. MINIMUM 23.5 21.3 2.2 29.5
MEAN 28.4 28.2 0.2 34.4
DAYS MAX >= 90 0 0.0 0.0 0
DAYS MAX <= 32 9 14.5 -5.5 5
DAYS MIN <= 32 21 26.2 -5.2 22
DAYS MIN <= 0 0 1.2 -1.2 0
PRECIPITATION (INCHES)
RECORD
MAXIMUM 6.25 1950
MINIMUM 0.85 1944
TOTALS 4.08 3.41 0.67 5.72
DAYS >= .01 19 19.7 -0.7 20
DAYS >= .10 12 10.1 1.9 12
DAYS >= .50 1 1.4 -0.4 4
DAYS >= 1.00 0 0.1 -0.1 1
GREATEST
24 HR. TOTAL 0.63 01/27 TO 01/28 1.26
SNOWFALL (INCHES)
RECORDS
TOTAL 62.4 1978
TOTALS 14.7 31.8 -17.1 11.1
SINCE 7/1 21.5 67.8 -46.3 40.5
DAYS >= 1.0 3 8.9 -5.9 4
GREATEST
24 HR TOTAL 5.6 01/19 TO 01/19
DEGREE DAYS
HEATING TOTAL MM 1139 MM 942
SINCE 7/1 MM 3185 MM 3023
COOLING TOTAL 0 0 0 0
SINCE 1/1 0 0 0 0
..............................................................
WIND (MPH)
AVERAGE WIND SPEED 10.7
HIGHEST WIND SPEED/DIRECTION 43/150 DATE 01/09
HIGHEST GUST SPEED/DIRECTION 68/140 DATE 01/12
SKY COVER
AVERAGE SKY COVER 0.88
AVERAGE RH (PERCENT) 76
WEATHER CONDITIONS. NUMBER OF DAYS WITH
THUNDERSTORM 0 MIXED PRECIP 0
HEAVY RAIN 0 RAIN 3
LIGHT RAIN 15 FREEZING RAIN 0
LT FREEZING RAIN 0 HAIL 0
HEAVY SNOW 2 SNOW 5
LIGHT SNOW 19 SLEET 0
FOG 24 FOG W/VIS <= 1/4 MILE 5
HAZE 18
- INDICATES NEGATIVE NUMBERS.
R INDICATES RECORD WAS SET OR TIED.
MM INDICATES DATA IS MISSING.
T INDICATES TRACE AMOUNT.
$$