000
CXUS51 KCLE 011413
CLMERI
CLIMATE REPORT
NATIONAL WEATHER SERVICE CLEVELAND, OH
1013 AM EDT FRI SEP 01 2023
...................................
...THE ERIE PA CLIMATE SUMMARY FOR THE MONTH OF AUGUST 2023...
CLIMATE NORMAL PERIOD 1991 TO 2020
CLIMATE RECORD PERIOD 1873 TO 2023
WEATHER OBSERVED NORMAL DEPART LAST YEAR`S
VALUE DATE(S) VALUE FROM VALUE
NORMAL
..............................................................
TEMPERATURE (F)
RECORD
HIGH 96 08/06/1918
LOW 37 08/29/1982
HIGHEST 86 08/06
LOWEST 53 08/28
AVG. MAXIMUM 76.1 79.9 -3.8 80.1
AVG. MINIMUM 61.8 63.2 -1.4 64.4
MEAN 69.0 71.5 -2.5 72.3
DAYS MAX >= 90 0 1.1 -1.1 2
DAYS MAX <= 32 0 0.0 0.0 0
DAYS MIN <= 32 0 0.0 0.0 0
DAYS MIN <= 0 0 0.0 0.0 0
PRECIPITATION (INCHES)
RECORD
MAXIMUM 11.06 1977
MINIMUM 0.29 1929
TOTALS 2.68 3.35 -0.67 3.49
DAYS >= .01 13 10.2 2.8 12
DAYS >= .10 7 6.3 0.7 6
DAYS >= .50 2 2.1 -0.1 1
DAYS >= 1.00 0 0.7 -0.7 1
GREATEST
24 HR. TOTAL 0.67 08/17 TO 08/17 2.22
SNOWFALL (INCHES)
RECORDS
TOTAL T 1992
TOTALS 0.0 0.0 0.0 0.0
SINCE 7/1 0.0 0.0 0.0 0.0
DAYS >= 1.0 0 0.0 0.0 0
GREATEST
24 HR TOTAL 0.0
DEGREE DAYS
HEATING TOTAL 8 7 1 0
SINCE 7/1 8 7 1 0
COOLING TOTAL 138 210 -72 235
SINCE 1/1 461 649 -188 666
..............................................................
WIND (MPH)
AVERAGE WIND SPEED 7.8
HIGHEST WIND SPEED/DIRECTION 37/310 DATE 08/10
HIGHEST GUST SPEED/DIRECTION 48/310 DATE 08/10
SKY COVER
AVERAGE SKY COVER 0.39
AVERAGE RH (PERCENT) 74
WEATHER CONDITIONS. NUMBER OF DAYS WITH
THUNDERSTORM 8 MIXED PRECIP 0
HEAVY RAIN 4 RAIN 7
LIGHT RAIN 16 FREEZING RAIN 0
LT FREEZING RAIN 0 HAIL 0
HEAVY SNOW 0 SNOW 0
LIGHT SNOW 0 SLEET 0
FOG 17 FOG W/VIS <= 1/4 MILE 2
HAZE 13
- INDICATES NEGATIVE NUMBERS.
R INDICATES RECORD WAS SET OR TIED.
MM INDICATES DATA IS MISSING.
T INDICATES TRACE AMOUNT.
$$