000
CXUS54 KEWX 011010
CF6ERV
PRELIMINARY LOCAL CLIMATOLOGICAL DATA (WS FORM: F-6)
STATION: KERRVILLE
MONTH: APRIL
YEAR: 2022
LATITUDE: 29 58 N
LONGITUDE: 99 5 W
TEMPERATURE IN F: :PCPN: SNOW: WIND :SUNSHINE: SKY :PK WND
================================================================================
1 2 3 4 5 6A 6B 7 8 9 10 11 12 13 14 15 16 17 18
12Z AVG MX 2MIN
DY MAX MIN AVG DEP HDD CDD WTR SNW DPTH SPD SPD DIR MIN PSBL S-S WX SPD DR
================================================================================
1 81 41 61 M 4 0 M M M 9.4 21 160 M M 0 30 160
2 87 56 72 M 0 7 M M M 5.4 10 60 M M 2 17 350
3 85 46 66 M 0 1 M M M 7.7 16 150 M M 2 24 180
4 79 62 71 M 0 6 M M M 10.8 22 170 M M 8 26 170
5 95 61 78 M 0 13 M M M 6.9 17 230 M M 3 1 23 230
6 77 56 67 M 0 2 M M M 11.8 23 360 M M 0 32 350
7 75 42 59 M 6 0 M M M 7.8 15 320 M M 0 25 320
8 77 32 55 M 10 0 M M M 4.4 14 320 M M 0 33 320
9 85 35 60 M 5 0 M M M 8.9 20 180 M M 0 28 160
10 88 57 73 M 0 8 M M M 12.5 20 130 M M 2 25 170
11 87 66 77 M 0 12 M M M 9.5 16 160 M M 5 26 160
12 96 69 83 M 0 18 M M M 12.9 20 180 M M 5 1 26 170
13 90 52 71 M 0 6 M M M 11.7 20 340 M M 4 18 27 340
14 83 49 66 M 0 1 M M M 7.9 15 140 M M 0 22 140
15 83 58 71 M 0 6 M M M 8.0 14 150 M M 8 18 150
16 87 68 78 M 0 13 M M M 6.7 10 160 M M 5 1 M M
17 91 63 77 M 0 12 M M M 5.4 12 100 M M 5 1 22 130
18 83 59 71 M 0 6 M M M 6.5 12 70 M M 1 20 50
19 68 53 61 M 4 0 0.03 M M 9.9 17 150 M M 8 25 140
20 85 67 76 M 0 11 M M M 13.5 20 160 M M 8 1 26 160
21 80 69 75 M 0 10 M M M 12.9 17 130 M M 9 1 24 130
22 87 68 78 M 0 13 M M M 19.9 29 140 M M 8 35 140
23 86 68 77 M 0 12 M M M 18.0 24 160 M M 9 35 160
24 86 68 77 M 0 12 M M M 13.8 20 150 M M 9 25 150
25 72 57 65 M 0 0 0.87 M M 8.0 18 330 M M 9 3 22 330
26 73 55 64 M 1 0 M M M 5.9 10 110 M M 9 M M
27 77 57 67 M 0 2 M M M 7.0 14 140 M M 9 25 150
28 83 65 74 M 0 9 M M M 14.4 21 140 M M 9 28 150
29 83 66 75 M 0 10 M M M 12.7 20 170 M M 9 25 160
30 89 69 79 M 0 14 0.19 M M 6.1 13 100 M M 8 1 21 170
================================================================================
SM 2498 1734 30 204 1.09 M 296.3 M 154
================================================================================
AV 83.3 57.8 9.9 FASTST M M 5 MAX(MPH)
MISC ----> 29 140 35 160
================================================================================
NOTES:
# LAST OF SEVERAL OCCURRENCES
COLUMN 17 PEAK WIND IN M.P.H.
PRELIMINARY LOCAL CLIMATOLOGICAL DATA (WS FORM: F-6) , PAGE 2
STATION: KERRVILLE
MONTH: APRIL
YEAR: 2022
LATITUDE: 29 58 N
LONGITUDE: 99 5 W
[TEMPERATURE DATA] [PRECIPITATION DATA] SYMBOLS USED IN COLUMN 16
AVERAGE MONTHLY: 70.5 TOTAL FOR MONTH: 1.09 1 = FOG OR MIST
DPTR FM NORMAL: 0.0 DPTR FM NORMAL: M 2 = FOG REDUCING VISIBILITY
HIGHEST: 96 ON 12 GRTST 24HR 0.87 ON 25-25 TO 1/4 MILE OR LESS
LOWEST: 32 ON 8 3 = THUNDER
SNOW, ICE PELLETS, HAIL 4 = ICE PELLETS
TOTAL MONTH: M 5 = HAIL
GRTST 24HR M ON M 6 = FREEZING RAIN OR DRIZZLE
GRTST DEPTH: M ON M 7 = DUSTSTORM OR SANDSTORM:
VSBY 1/2 MILE OR LESS
8 = SMOKE OR HAZE
[NO. OF DAYS WITH] [WEATHER - DAYS WITH] 9 = BLOWING SNOW
X = TORNADO
MAX 32 OR BELOW: 0 0.01 INCH OR MORE: 3
MAX 90 OR ABOVE: 4 0.10 INCH OR MORE: 2
MIN 32 OR BELOW: 1 0.50 INCH OR MORE: 1
MIN 0 OR BELOW: 0 1.00 INCH OR MORE: 0
[HDD (BASE 65) ]
TOTAL THIS MO. 30 CLEAR (SCALE 0-3) 10
DPTR FM NORMAL M PTCLDY (SCALE 4-7) 11
TOTAL FM JUL 1 1860 CLOUDY (SCALE 8-10) 9
DPTR FM NORMAL M
[CDD (BASE 65) ]
TOTAL THIS MO. 204
DPTR FM NORMAL M [PRESSURE DATA]
TOTAL FM JAN 1 251 HIGHEST SLP M ON M
DPTR FM NORMAL M LOWEST SLP M ON M
[REMARKS]
#FINAL-04-22#