000
CXUS53 KDMX 161118
CF6EST
PRELIMINARY LOCAL CLIMATOLOGICAL DATA (WS FORM: F-6)
STATION: ESTHERVILLE IA
MONTH: AUGUST
YEAR: 2021
LATITUDE: 43 24 N
LONGITUDE: 94 45 W
TEMPERATURE IN F: :PCPN: SNOW: WIND :SUNSHINE: SKY :PK WND
================================================================================
1 2 3 4 5 6A 6B 7 8 9 10 11 12 13 14 15 16 17 18
12Z AVG MX 2MIN
DY MAX MIN AVG DEP HDD CDD WTR SNW DPTH SPD SPD DIR MIN PSBL S-S WX SPD DR
================================================================================
1 78 55 67 -3 0 2 0.00 0.0 0 8.1 17 10 M M 0 18 24 10
2 80 52 66 -4 0 1 0.00 0.0 0 4.5 8 300 M M 2 18 11 130
3 80 54 67 -3 0 2 0.00 0.0 0 4.9 9 190 M M 1 13 200
4 80 53 67 -3 0 2 0.00 0.0 0 9.4 20 200 M M 1 1 29 200
5 84 65 75 5 0 10 T 0.0 0 10.1 18 190 M M 5 13 27 190
6 85 60 73 4 0 8 0.00 0.0 0 5.7 14 140 M M 1 1 17 150
7 86 72 79 10 0 14 0.05 0.0 0 8.6 24 220 M M 2 13 35 220
8 77 65 71 2 0 6 T 0.0 0 7.7 22 210 M M 5 13 32 210
9 86 63 75 6 0 10 0.00 0.0 0 7.5 13 160 M M 3 12 21 110
10 89 65 77 8 0 12 0.00 0.0 0 6.9 18 360 M M 0 1 28 360
11 86 60 73 4 0 8 0.00 0.0 0 8.4 18 320 M M 1 12 27 290
12 83 57 70 1 0 5 0.00 0.0 0 8.6 22 360 M M 0 29 350
13 82 52 67 -2 0 2 0.00 0.0 0 7.9 21 350 M M 0 27 340
14 85 50 68 0 0 3 0.00 0.0 0 6.6 15 160 M M 0 22 160
15 83 51 67 -1 0 2 0.00 0.0 0 9.4 18 150 M M 0 26 150
16 85 56 71 3 0 6 0.00 0.0 0 10.7 17 170 M M 2 25 150
17 87 61 74 6 0 9 0.00 0.0 0 10.8 18 180 M M 1 26 170
18 88 66 77 9 0 12 0.00 0.0 0 11.0 20 160 M M 1 1 29 200
19 89 66 78 10 0 13 0.00 0.0 0 8.9 18 170 M M 0 1 28 190
20 88 68 78 10 0 13 0.42 0.0 0 13.0 26 150 M M 4 13 35 160
21 76 52 64 -3 1 0 0.00 0.0 0 8.9 18 320 M M 2 1 27 320
22 78 50 64 -3 1 0 T 0.0 0 9.8 22 150 M M 2 30 130
23 88 65 77 10 0 12 0.00 0.0 0 6.4 14 170 M M 3 138 19 130
24 82 67 75 8 0 10 0.33 0.0 0 10.0 32 10 M M 1 13 46 360
25 86 62 74 7 0 9 0.00 0.0 0 7.0 15 10 M M 3 12 21 10
26 81 61 71 5 0 6 1.98 0.0 0 8.7 41 160 M M 4 13 53 160
27 84 67 76 10 0 11 1.30 0.0 0 9.0 23 150 M M 6 13 47 200
28 87 65 76 10 0 11 1.45 0.0 0 14.4 30 160 M M 2 13 45 340
29 81 58 70 4 0 5 0.13 0.0 0 7.1 18 180 M M 2 13 28 170
30 81 55 68 2 0 3 0.01 0.0 0 3.6 13 130 M M 1 8 19 130
31 80 59 70 4 0 5 0.00 0.0 0 7.6 17 100 M M 2 23 110
================================================================================
SM 2585 1852 2 212 5.67 0.0 261.2 M 57
================================================================================
AV 83.4 59.7 8.4 FASTST M M 2 MAX(MPH)
MISC ----> 41 160 53 160
================================================================================
NOTES:
# LAST OF SEVERAL OCCURRENCES
COLUMN 17 PEAK WIND IN M.P.H.
PRELIMINARY LOCAL CLIMATOLOGICAL DATA (WS FORM: F-6) , PAGE 2
STATION: ESTHERVILLE IA
MONTH: AUGUST
YEAR: 2021
LATITUDE: 43 24 N
LONGITUDE: 94 45 W
[TEMPERATURE DATA] [PRECIPITATION DATA] SYMBOLS USED IN COLUMN 16
AVERAGE MONTHLY: 71.6 TOTAL FOR MONTH: 5.67 1 = FOG OR MIST
DPTR FM NORMAL: 3.6 DPTR FM NORMAL: 2.36 2 = FOG REDUCING VISIBILITY
HIGHEST: 89 ON 19,10 GRTST 24HR 3.18 ON 26-27 TO 1/4 MILE OR LESS
LOWEST: 50 ON 22,14 3 = THUNDER
SNOW, ICE PELLETS, HAIL 4 = ICE PELLETS
TOTAL MONTH: 0.0 INCH 5 = HAIL
GRTST 24HR 0.0 6 = FREEZING RAIN OR DRIZZLE
GRTST DEPTH: 0 7 = DUSTSTORM OR SANDSTORM:
VSBY 1/2 MILE OR LESS
8 = SMOKE OR HAZE
[NO. OF DAYS WITH] [WEATHER - DAYS WITH] 9 = BLOWING SNOW
X = TORNADO
MAX 32 OR BELOW: 0 0.01 INCH OR MORE: 8
MAX 90 OR ABOVE: 0 0.10 INCH OR MORE: 6
MIN 32 OR BELOW: 0 0.50 INCH OR MORE: 3
MIN 0 OR BELOW: 0 1.00 INCH OR MORE: 3
[HDD (BASE 65) ]
TOTAL THIS MO. 2 CLEAR (SCALE 0-3) 26
DPTR FM NORMAL -30 PTCLDY (SCALE 4-7) 5
TOTAL FM JUL 1 13 CLOUDY (SCALE 8-10) 0
DPTR FM NORMAL -32
[CDD (BASE 65) ]
TOTAL THIS MO. 212
DPTR FM NORMAL 87 [PRESSURE DATA]
TOTAL FM JAN 1 680 HIGHEST SLP 30.29 ON 14
DPTR FM NORMAL 206 LOWEST SLP 29.66 ON 20
[REMARKS]
#FINAL-08-21#