000
CXUS56 KPQR 011155
CF6EUG
PRELIMINARY LOCAL CLIMATOLOGICAL DATA (WS FORM: F-6)
STATION: EUGENE OR
MONTH: AUGUST
YEAR: 2022
LATITUDE: 44 7 N
LONGITUDE: 123 13 W
TEMPERATURE IN F: :PCPN: SNOW: WIND :SUNSHINE: SKY :PK WND
================================================================================
1 2 3 4 5 6A 6B 7 8 9 10 11 12 13 14 15 16 17 18
12Z AVG MX 2MIN
DY MAX MIN AVG DEP HDD CDD WTR SNW DPTH SPD SPD DIR MIN PSBL S-S WX SPD DR
================================================================================
1 86 63 75 6 0 10 0.00 0.0 0 9.8 16 240 M M 5 20 250
2 95 55 75 6 0 10 0.00 0.0 0 4.2 10 230 M M 4 1 14 40
3 88 52 70 1 0 5 0.00 0.0 0 7.2 17 250 M M 1 22 230
4 82 47 65 -4 0 0 0.00 0.0 0 7.6 20 10 M M 3 1 24 20
5 86 53 70 1 0 5 0.00 0.0 0 8.9 17 10 M M 1 28 360
6 92 50 71 2 0 6 0.00 0.0 0 4.1 13 350 M M 1 17 350
7 99 54 77 8 0 12 0.00 0.0 0 6.9 18 240 M M 4 22 230
8 81 57 69 0 0 4 0.00 0.0 0 9.9 18 240 M M 4 23 240
9 86 59 73 4 0 8 0.06 0.0 0 6.6 25 240 M M 7 3 30 250
10 82 57 70 1 0 5 0.00 0.0 0 5.6 15 10 M M 7 17 360
11 89 50 70 2 0 5 0.00 0.0 0 5.2 18 240 M M 1 1 24 270
12 78 54 66 -2 0 1 0.00 0.0 0 7.3 15 290 M M 3 20 280
13 84 49 67 -1 0 2 0.00 0.0 0 4.9 13 30 M M 1 17 10
14 88 49 69 1 0 4 0.00 0.0 0 5.0 14 20 M M 1 1 17 360
15 91 51 71 3 0 6 0.00 0.0 0 4.4 15 330 M M 1 1 19 360
16 93 51 72 4 0 7 0.00 0.0 0 6.9 20 10 M M 1 25 10
17 96 56 76 8 0 11 0.00 0.0 0 4.2 14 200 M M 4 16 10
18 92 65 79 11 0 14 0.00 0.0 0 5.9 18 220 M M 5 22 220
19 81 62 72 4 0 7 T 0.0 0 8.9 16 220 M M 5 19 240
20 83 59 71 3 0 6 T 0.0 0 3.1 8 350 M M 6 18 10 170
21 94 50 72 5 0 7 0.00 0.0 0 5.2 13 210 M M 5 12 16 360
22 89 58 74 7 0 9 0.00 0.0 0 7.8 17 230 M M 2 21 230
23 90 53 72 5 0 7 0.00 0.0 0 6.4 20 10 M M 1 25 350
24 91 55 73 6 0 8 0.00 0.0 0 4.6 10 210 M M 0 1 16 30
25 94 59 77 10 0 12 0.00 0.0 0 7.0 15 20 M M 1 17 10
26 85 56 71 4 0 6 0.00 0.0 0 4.8 17 350 M M 5 20 350
27 78 55 67 0 0 2 T 0.0 0 9.1 17 10 M M 7 23 10
28 82 50 66 -1 0 1 0.00 0.0 0 10.1 20 20 M M 0 23 10
29 91 50 71 5 0 6 0.00 0.0 0 3.4 12 40 M M 4 15 40
30 98 57 78 12 0 13 0.00 0.0 0 4.6 18 240 M M 1 21 240
31 92 59 76 10 0 11 0.00 0.0 0 9.0 15 250 M M 1 19 250
================================================================================
SM 2736 1695 0 210 0.06 0.0 198.6 M 92
================================================================================
AV 88.3 54.7 6.4 FASTST M M 3 MAX(MPH)
MISC ----> 25 240 30 250
================================================================================
NOTES:
# LAST OF SEVERAL OCCURRENCES
COLUMN 17 PEAK WIND IN M.P.H.
PRELIMINARY LOCAL CLIMATOLOGICAL DATA (WS FORM: F-6) , PAGE 2
STATION: EUGENE OR
MONTH: AUGUST
YEAR: 2022
LATITUDE: 44 7 N
LONGITUDE: 123 13 W
[TEMPERATURE DATA] [PRECIPITATION DATA] SYMBOLS USED IN COLUMN 16
AVERAGE MONTHLY: 71.5 TOTAL FOR MONTH: 0.06 1 = FOG OR MIST
DPTR FM NORMAL: 3.6 DPTR FM NORMAL: -0.33 2 = FOG REDUCING VISIBILITY
HIGHEST: 99 ON 7 GRTST 24HR 0.06 ON 9- 9 TO 1/4 MILE OR LESS
LOWEST: 47 ON 4 3 = THUNDER
SNOW, ICE PELLETS, HAIL 4 = ICE PELLETS
TOTAL MONTH: 0.0 INCH 5 = HAIL
GRTST 24HR 0.0 6 = FREEZING RAIN OR DRIZZLE
GRTST DEPTH: 0 7 = DUSTSTORM OR SANDSTORM:
VSBY 1/2 MILE OR LESS
8 = SMOKE OR HAZE
[NO. OF DAYS WITH] [WEATHER - DAYS WITH] 9 = BLOWING SNOW
X = TORNADO
MAX 32 OR BELOW: 0 0.01 INCH OR MORE: 1
MAX 90 OR ABOVE: 14 0.10 INCH OR MORE: 0
MIN 32 OR BELOW: 0 0.50 INCH OR MORE: 0
MIN 0 OR BELOW: 0 1.00 INCH OR MORE: 0
[HDD (BASE 65) ]
TOTAL THIS MO. 0 CLEAR (SCALE 0-3) 15
DPTR FM NORMAL -24 PTCLDY (SCALE 4-7) 16
TOTAL FM JUL 1 4 CLOUDY (SCALE 8-10) 0
DPTR FM NORMAL -43
[CDD (BASE 65) ]
TOTAL THIS MO. 210
DPTR FM NORMAL 96 [PRESSURE DATA]
TOTAL FM JAN 1 445 HIGHEST SLP 30.21 ON 13
DPTR FM NORMAL 191 LOWEST SLP 29.81 ON 24
[REMARKS]
#FINAL-08-22#