000
CXUS56 KPQR 011155
CF6EUG
PRELIMINARY LOCAL CLIMATOLOGICAL DATA (WS FORM: F-6)
STATION: EUGENE OR
MONTH: JULY
YEAR: 2021
LATITUDE: 44 7 N
LONGITUDE: 123 13 W
TEMPERATURE IN F: :PCPN: SNOW: WIND :SUNSHINE: SKY :PK WND
================================================================================
1 2 3 4 5 6A 6B 7 8 9 10 11 12 13 14 15 16 17 18
12Z AVG MX 2MIN
DY MAX MIN AVG DEP HDD CDD WTR SNW DPTH SPD SPD DIR MIN PSBL S-S WX SPD DR
================================================================================
1 77 59 68 3 0 3 0.00 0.0 0 5.9 15 310 M M 8 18 310
2 89 54 72 7 0 7 0.00 0.0 0 8.3 20 340 M M 2 1 28 20
3 92 54 73 8 0 8 0.00 0.0 0 6.8 17 10 M M 1 1 23 350
4 91 54 73 7 0 8 0.00 0.0 0 5.7 16 360 M M 0 19 350
5 91 53 72 6 0 7 0.00 0.0 0 7.8 18 30 M M 0 8 23 360
6 94 52 73 7 0 8 0.00 0.0 0 8.8 22 220 M M 2 25 240
7 82 57 70 4 0 5 0.01 0.0 0 7.3 14 20 M M 6 1 21 360
8 81 49 65 -2 0 0 0.00 0.0 0 3.9 16 350 M M 4 18 360
9 92 48 70 3 0 5 0.00 0.0 0 7.1 18 20 M M 1 1 25 360
10 93 55 74 7 0 9 0.00 0.0 0 7.0 21 350 M M 0 1 25 340
11 91 52 72 5 0 7 0.00 0.0 0 11.3 23 10 M M 1 32 20
12 90 53 72 4 0 7 0.00 0.0 0 8.1 20 350 M M 2 26 360
13 91 53 72 4 0 7 0.00 0.0 0 8.3 22 10 M M 0 37 360
14 88 51 70 2 0 5 0.00 0.0 0 6.7 18 10 M M 1 22 10
15 82 50 66 -2 0 1 0.00 0.0 0 6.6 16 360 M M 3 20 360
16 84 49 67 -1 0 2 0.00 0.0 0 3.2 17 340 M M 2 20 350
17 85 50 68 0 0 3 0.00 0.0 0 4.8 18 340 M M 2 1 20 340
18 89 49 69 0 0 4 0.00 0.0 0 6.8 16 360 M M 0 20 360
19 90 53 72 3 0 7 0.00 0.0 0 5.4 17 360 M M 1 22 360
20 84 52 68 -1 0 3 0.00 0.0 0 6.8 17 10 M M 3 21 20
21 78 54 66 -3 0 1 0.00 0.0 0 6.8 17 10 M M 5 8 25 330
22 84 50 67 -2 0 2 0.00 0.0 0 10.0 17 10 M M 1 22 350
23 89 49 69 0 0 4 0.00 0.0 0 9.2 22 10 M M 1 27 360
24 94 57 76 7 0 11 0.00 0.0 0 9.4 21 360 M M 0 26 360
25 94 57 76 7 0 11 0.00 0.0 0 9.9 21 20 M M 2 31 10
26 93 58 76 7 0 11 0.00 0.0 0 9.4 20 20 M M 5 25 20
27 90 59 75 6 0 10 0.00 0.0 0 4.0 12 10 M M 5 15 10
28 96 58 77 8 0 12 0.00 0.0 0 5.7 14 360 M M 4 8 19 360
29 99 57 78 9 0 13 0.00 0.0 0 6.6 20 40 M M 2 27 30
30 92 60 76 7 0 11 T 0.0 0 4.4 12 220 M M 5 3 14 350
31 90 66 78 9 0 13 0.00 0.0 0 5.2 13 50 M M 6 16 30
================================================================================
SM 2755 1672 0 205 0.01 0.0 217.2 M 75
================================================================================
AV 88.9 53.9 7.0 FASTST M M 2 MAX(MPH)
MISC ----> 23 10 37 360
================================================================================
NOTES:
# LAST OF SEVERAL OCCURRENCES
COLUMN 17 PEAK WIND IN M.P.H.
PRELIMINARY LOCAL CLIMATOLOGICAL DATA (WS FORM: F-6) , PAGE 2
STATION: EUGENE OR
MONTH: JULY
YEAR: 2021
LATITUDE: 44 7 N
LONGITUDE: 123 13 W
[TEMPERATURE DATA] [PRECIPITATION DATA] SYMBOLS USED IN COLUMN 16
AVERAGE MONTHLY: 71.4 TOTAL FOR MONTH: 0.01 1 = FOG OR MIST
DPTR FM NORMAL: 3.6 DPTR FM NORMAL: -0.31 2 = FOG REDUCING VISIBILITY
HIGHEST: 99 ON 29 GRTST 24HR 0.01 ON 7- 7 TO 1/4 MILE OR LESS
LOWEST: 48 ON 9 3 = THUNDER
SNOW, ICE PELLETS, HAIL 4 = ICE PELLETS
TOTAL MONTH: 0.0 INCH 5 = HAIL
GRTST 24HR 0.0 6 = FREEZING RAIN OR DRIZZLE
GRTST DEPTH: 0 7 = DUSTSTORM OR SANDSTORM:
VSBY 1/2 MILE OR LESS
8 = SMOKE OR HAZE
[NO. OF DAYS WITH] [WEATHER - DAYS WITH] 9 = BLOWING SNOW
X = TORNADO
MAX 32 OR BELOW: 0 0.01 INCH OR MORE: 1
MAX 90 OR ABOVE: 18 0.10 INCH OR MORE: 0
MIN 32 OR BELOW: 0 0.50 INCH OR MORE: 0
MIN 0 OR BELOW: 0 1.00 INCH OR MORE: 0
[HDD (BASE 65) ]
TOTAL THIS MO. 0 CLEAR (SCALE 0-3) 22
DPTR FM NORMAL -24 PTCLDY (SCALE 4-7) 9
TOTAL FM JUL 1 0 CLOUDY (SCALE 8-10) 0
DPTR FM NORMAL -20
[CDD (BASE 65) ]
TOTAL THIS MO. 205
DPTR FM NORMAL 92 [PRESSURE DATA]
TOTAL FM JAN 1 353 HIGHEST SLP 30.25 ON 23
DPTR FM NORMAL 213 LOWEST SLP 29.87 ON 26
[REMARKS]
#FINAL-07-21#