000
CXUS53 KPAH 010730
CF6EVV
PRELIMINARY LOCAL CLIMATOLOGICAL DATA (WS FORM: F-6)
STATION: EVANSVILLE IN
MONTH: MAY
YEAR: 2023
LATITUDE: 38 2 N
LONGITUDE: 87 32 W
TEMPERATURE IN F: :PCPN: SNOW: WIND :SUNSHINE: SKY :PK WND
================================================================================
1 2 3 4 5 6A 6B 7 8 9 10 11 12 13 14 15 16 17 18
12Z AVG MX 2MIN
DY MAX MIN AVG DEP HDD CDD WTR SNW DPTH SPD SPD DIR MIN PSBL S-S WX SPD DR
================================================================================
1 64 47 56 -6 9 0 0.00 0.0 0 13.2 29 260 M M 7 42 270
2 64 45 55 -8 10 0 0.00 0.0 0 10.4 22 260 M M 3 35 260
3 66 42 54 -9 11 0 0.00 0.0 0 5.9 14 330 M M 0 21 340
4 74 39 57 -6 8 0 0.00 0.0 0 1.6 10 260 M M 0 15 260
5 74 47 61 -3 4 0 0.00 0.0 0 5.3 17 220 M M 2 29 190
6 80 59 70 6 0 5 0.00 0.0 0 7.4 14 190 M M 6 3 23 140
7 74 61 68 4 0 3 2.00 0.0 0 9.4 32 260 M M 6 138 51 270
8 81 61 71 6 0 6 0.66 0.0 0 6.2 18 170 M M 4 13 28 270
9 78 59 69 4 0 4 0.00 0.0 0 6.4 15 20 M M 5 138 22 360
10 80 54 67 2 0 2 0.00 0.0 0 5.2 14 80 M M 0 21 90
11 79 57 68 2 0 3 T 0.0 0 5.2 14 170 M M 3 22 150
12 74 66 70 4 0 5 0.02 0.0 0 6.1 15 210 M M 8 1 19 200
13 82 68 75 9 0 10 T 0.0 0 5.0 13 220 M M 6 18 17 220
14 87 67 77 11 0 12 0.20 0.0 0 4.4 14 190 M M 6 138 20 180
15 81 64 73 6 0 8 T 0.0 0 6.3 14 50 M M 2 1 18 60
16 72 56 64 -3 1 0 0.34 0.0 0 5.8 15 350 M M 6 13 23 360
17 82 54 68 1 0 3 0.00 0.0 0 3.7 10 360 M M 1 1 15 340
18 80 54 67 -1 0 2 0.00 0.0 0 3.8 10 90 M M 0 14 100
19 81 59 70 2 0 5 0.27 0.0 0 7.8 22 350 M M 5 1 28 350
20 72 54 63 -5 2 0 0.10 0.0 0 7.7 16 350 M M 2 18 24 360
21 78 48 63 -5 2 0 0.00 0.0 0 3.4 14 40 M M 0 1 20 50
22 80 53 67 -2 0 2 0.00 0.0 0 5.6 20 60 M M 0 27 60
23 86 58 72 3 0 7 0.00 0.0 0 2.8 9 90 M M 2 16 110
24 85 60 73 4 0 8 0.00 0.0 0 4.1 16 50 M M 1 23 50
25 77 54 66 -4 0 1 0.00 0.0 0 9.9 15 50 M M 0 21 50
26 78 50 64 -6 1 0 0.00 0.0 0 8.6 17 40 M M 0 25 50
27 82 55 69 -1 0 4 0.00 0.0 0 7.1 20 60 M M 1 25 60
28 77 53 65 -5 0 0 0.00 0.0 0 4.9 13 80 M M 3 17 70
29 85 58 72 1 0 7 0.00 0.0 0 2.3 12 350 M M 2 17 360
30 88 60 74 3 0 9 0.00 0.0 0 3.1 12 130 M M 2 16 130
31 89 64 77 6 0 12 T 0.0 0 2.5 15 170 M M 1 21 100
================================================================================
SM 2430 1726 48 118 3.59 0.0 181.1 M 84
================================================================================
AV 78.4 55.7 5.8 FASTST M M 3 MAX(MPH)
MISC ----> 32 260 51 270
================================================================================
NOTES:
# LAST OF SEVERAL OCCURRENCES
COLUMN 17 PEAK WIND IN M.P.H.
PRELIMINARY LOCAL CLIMATOLOGICAL DATA (WS FORM: F-6) , PAGE 2
STATION: EVANSVILLE IN
MONTH: MAY
YEAR: 2023
LATITUDE: 38 2 N
LONGITUDE: 87 32 W
[TEMPERATURE DATA] [PRECIPITATION DATA] SYMBOLS USED IN COLUMN 16
AVERAGE MONTHLY: 67.0 TOTAL FOR MONTH: 3.59 1 = FOG OR MIST
DPTR FM NORMAL: 0.1 DPTR FM NORMAL: -1.53 2 = FOG REDUCING VISIBILITY
HIGHEST: 89 ON 31 GRTST 24HR 2.49 ON 7- 8 TO 1/4 MILE OR LESS
LOWEST: 39 ON 4 3 = THUNDER
SNOW, ICE PELLETS, HAIL 4 = ICE PELLETS
TOTAL MONTH: 0.0 INCH 5 = HAIL
GRTST 24HR 0.0 6 = FREEZING RAIN OR DRIZZLE
GRTST DEPTH: 0 7 = DUSTSTORM OR SANDSTORM:
VSBY 1/2 MILE OR LESS
8 = SMOKE OR HAZE
[NO. OF DAYS WITH] [WEATHER - DAYS WITH] 9 = BLOWING SNOW
X = TORNADO
MAX 32 OR BELOW: 0 0.01 INCH OR MORE: 7
MAX 90 OR ABOVE: 0 0.10 INCH OR MORE: 6
MIN 32 OR BELOW: 0 0.50 INCH OR MORE: 2
MIN 0 OR BELOW: 0 1.00 INCH OR MORE: 1
[HDD (BASE 65) ]
TOTAL THIS MO. 48 CLEAR (SCALE 0-3) 21
DPTR FM NORMAL -25 PTCLDY (SCALE 4-7) 10
TOTAL FM JUL 1 3886 CLOUDY (SCALE 8-10) 0
DPTR FM NORMAL -449
[CDD (BASE 65) ]
TOTAL THIS MO. 118
DPTR FM NORMAL -16 [PRESSURE DATA]
TOTAL FM JAN 1 143 HIGHEST SLP M ON M
DPTR FM NORMAL -24 LOWEST SLP 29.57 ON 1
[REMARKS]
#FINAL-05-23#