000
CXUS53 KPAH 011004
CF6EVV
PRELIMINARY LOCAL CLIMATOLOGICAL DATA (WS FORM: F-6)
STATION: EVANSVILLE IN
MONTH: JANUARY
YEAR: 2023
LATITUDE: 38 2 N
LONGITUDE: 87 32 W
TEMPERATURE IN F: :PCPN: SNOW: WIND :SUNSHINE: SKY :PK WND
================================================================================
1 2 3 4 5 6A 6B 7 8 9 10 11 12 13 14 15 16 17 18
12Z AVG MX 2MIN
DY MAX MIN AVG DEP HDD CDD WTR SNW DPTH SPD SPD DIR MIN PSBL S-S WX SPD DR
================================================================================
1 54 43 49 14 16 0 0.00 0.0 0 3.3 9 200 M M 10 128 12 180
2 63 46 55 21 10 0 0.91 0.0 0 3.4 12 230 M M 9 123 15 240
3 64 59 62 28 3 0 0.28 0.0 0 9.7 18 180 M M 7 18 26 190
4 60 35 48 14 17 0 0.00 0.0 0 6.4 21 240 M M 4 27 240
5 49 32 41 7 24 0 0.00 0.0 0 9.2 22 260 M M 4 29 260
6 47 28 38 4 27 0 0.00 0.0 0 4.4 16 240 M M 1 23 230
7 53 30 42 8 23 0 T 0.0 0 6.2 12 50 M M 6 16 70
8 42 34 38 4 27 0 0.00 0.0 0 6.7 13 300 M M 10 21 290
9 47 23 35 1 30 0 0.00 0.0 0 3.5 10 210 M M 1 18 15 230
10 56 37 47 13 18 0 0.00 0.0 0 4.9 15 220 M M 1 20 220
11 64 37 51 18 14 0 0.02 0.0 0 2.6 12 210 M M 7 1 15 190
12 58 36 47 14 18 0 0.74 0.0 0 10.8 23 330 M M 10 1238 39 330
13 37 31 34 1 31 0 0.04 T 0 11.4 18 320 M M 10 18 30 300
14 36 26 31 -2 34 0 0.00 0.0 0 3.9 14 330 M M 6 19 350
15 47 25 36 3 29 0 0.00 0.0 0 5.7 14 130 M M 0 1 20 150
16 54 39 47 14 18 0 0.17 0.0 0 9.1 17 190 M M 8 1 25 190
17 62 39 51 18 14 0 0.00 0.0 0 7.8 20 260 M M 3 128 25 260
18 61 38 50 17 15 0 1.82 0.0 0 6.8 20 60 M M 7 1 28 50
19 60 40 50 17 15 0 0.01 0.0 0 15.7 33 250 M M 5 47 240
20 40 35 38 5 27 0 0.00 0.0 0 7.8 17 290 M M 10 26 280
21 41 31 36 3 29 0 0.00 0.0 0 3.4 9 160 M M 7 13 140
22 39 33 36 3 29 0 0.15 T T 4.6 13 330 M M 10 1 18 320
23 42 29 36 3 29 0 0.02 0.0 0 6.2 14 250 M M 7 1 24 300
24 47 28 38 5 27 0 0.61 0.3 0 3.0 14 130 M M 2 1 21 130
25 38 32 35 2 30 0 0.42 T T 10.3 17 60 M M 10 1 26 60
26 36 25 31 -3 34 0 0.01 T 0 9.1 20 240 M M 9 1 30 250
27 53 23 38 4 27 0 0.00 0.0 0 12.8 28 210 M M 5 40 200
28 55 37 46 12 19 0 0.05 0.0 0 9.7 28 210 M M 5 1 38 210
29 48 35 42 8 23 0 0.02 0.0 0 7.0 15 200 M M 10 1 22 200
30 36 22 29 -5 36 0 0.21 0.5 0 9.5 16 360 M M 10 16 23 360
31 25 19 22 -12 43 0 0.02 0.1 1 8.8 15 350 M M 10 146 23 360
================================================================================
SM 1514 1027 736 0 5.50 0.9 223.7 M 204
================================================================================
AV 48.8 33.1 7.2 FASTST M M 7 MAX(MPH)
MISC ----> 33 250 47 240
================================================================================
NOTES:
# LAST OF SEVERAL OCCURRENCES
COLUMN 17 PEAK WIND IN M.P.H.
PRELIMINARY LOCAL CLIMATOLOGICAL DATA (WS FORM: F-6) , PAGE 2
STATION: EVANSVILLE IN
MONTH: JANUARY
YEAR: 2023
LATITUDE: 38 2 N
LONGITUDE: 87 32 W
[TEMPERATURE DATA] [PRECIPITATION DATA] SYMBOLS USED IN COLUMN 16
AVERAGE MONTHLY: 41.0 TOTAL FOR MONTH: 5.50 1 = FOG OR MIST
DPTR FM NORMAL: 7.4 DPTR FM NORMAL: 2.15 2 = FOG REDUCING VISIBILITY
HIGHEST: 64 ON 11, 3 GRTST 24HR 1.82 ON 18-18 TO 1/4 MILE OR LESS
LOWEST: 19 ON 31 3 = THUNDER
SNOW, ICE PELLETS, HAIL 4 = ICE PELLETS
TOTAL MONTH: 0.9 INCH 5 = HAIL
GRTST 24HR 0.5 ON 30-30 6 = FREEZING RAIN OR DRIZZLE
GRTST DEPTH: 1 ON 31 7 = DUSTSTORM OR SANDSTORM:
VSBY 1/2 MILE OR LESS
8 = SMOKE OR HAZE
[NO. OF DAYS WITH] [WEATHER - DAYS WITH] 9 = BLOWING SNOW
X = TORNADO
MAX 32 OR BELOW: 1 0.01 INCH OR MORE: 17
MAX 90 OR ABOVE: 0 0.10 INCH OR MORE: 9
MIN 32 OR BELOW: 15 0.50 INCH OR MORE: 4
MIN 0 OR BELOW: 0 1.00 INCH OR MORE: 1
[HDD (BASE 65) ]
TOTAL THIS MO. 736 CLEAR (SCALE 0-3) 5
DPTR FM NORMAL -237 PTCLDY (SCALE 4-7) 14
TOTAL FM JUL 1 2466 CLOUDY (SCALE 8-10) 12
DPTR FM NORMAL -195
[CDD (BASE 65) ]
TOTAL THIS MO. 0
DPTR FM NORMAL 0 [PRESSURE DATA]
TOTAL FM JAN 1 0 HIGHEST SLP 30.45 ON 31
DPTR FM NORMAL 0 LOWEST SLP 29.52 ON 25
[REMARKS]
#FINAL-01-23#