000
CXUS55 KPAH 010700
CF6EVV
PRELIMINARY LOCAL CLIMATOLOGICAL DATA (WS FORM: F-6)
STATION: EVANSVILLE IN
MONTH: AUGUST
YEAR: 2020
LATITUDE: 38 2 N
LONGITUDE: 87 32 W
TEMPERATURE IN F: :PCPN: SNOW: WIND :SUNSHINE: SKY :PK WND
================================================================================
1 2 3 4 5 6A 6B 7 8 9 10 11 12 13 14 15 16 17 18
12Z AVG MX 2MIN
DY MAX MIN AVG DEP HDD CDD WTR SNW DPTH SPD SPD DIR MIN PSBL S-S WX SPD DR
================================================================================
1 81 66 74 -4 0 9 0.39 0.0 0 5.1 16 200 M M 10 138 23 310
2 84 65 75 -3 0 10 0.24 0.0 0 6.7 24 200 M M 6 138 33 200
3 83 66 75 -3 0 10 2.28 0.0 0 3.1 15 270 M M 5 13 20 330
4 80 60 70 -8 0 5 0.00 0.0 0 5.8 13 330 M M 4 20 350
5 80 57 69 -9 0 4 0.00 0.0 0 3.4 12 360 M M 2 15 360
6 82 61 72 -5 0 7 0.00 0.0 0 4.4 10 30 M M 3 16 340
7 84 60 72 -5 0 7 0.00 0.0 0 3.2 10 40 M M 0 15 100
8 87 60 74 -3 0 9 0.00 0.0 0 2.2 10 90 M M 1 14 100
9 84 72 78 1 0 13 0.19 0.0 0 2.1 10 50 M M 5 1 14 280
10 93 69 81 4 0 16 0.28 0.0 0 8.2 26 340 M M 3 13 41 330
11 87 69 78 1 0 13 0.00 0.0 0 2.8 10 280 M M 3 1 14 270
12 84 73 79 2 0 14 T 0.0 0 1.5 8 20 M M 3 1 12 10
13 89 72 81 4 0 16 0.25 0.0 0 3.6 23 90 M M 3 138 35 80
14 86 71 79 2 0 14 0.11 0.0 0 6.0 14 70 M M 4 1 19 70
15 89 68 79 2 0 14 0.00 0.0 0 3.2 13 10 M M 1 1 16 360
16 84 69 77 0 0 12 0.00 0.0 0 6.6 16 20 M M 2 23 360
17 88 64 76 -1 0 11 0.00 0.0 0 3.9 12 240 M M 1 16 260
18 86 66 76 -1 0 11 1.06 0.0 0 4.7 28 340 M M 4 13 46 340
19 81 61 71 -6 0 6 0.00 0.0 0 8.3 15 20 M M 1 22 50
20 83 59 71 -6 0 6 0.00 0.0 0 4.7 14 30 M M 0 8 20 80
21 83 64 74 -3 0 9 0.00 0.0 0 4.0 9 90 M M 1 14 90
22 87 66 77 1 0 12 T 0.0 0 2.5 12 50 M M 2 13 14 40
23 90 67 79 3 0 14 0.00 0.0 0 1.7 10 250 M M 1 18 14 260
24 91 68 80 4 0 15 0.00 0.0 0 3.6 13 240 M M 1 17 240
25 91 70 81 5 0 16 0.00 0.0 0 1.0 7 100 M M 0 128 12 110
26 89 70 80 4 0 15 0.12 0.0 0 5.0 25 220 M M 3 138 35 210
27 87 73 80 4 0 15 0.75 0.0 0 3.3 23 250 M M 2 13 39 250
28 87 72 80 5 0 15 0.35 0.0 0 6.2 22 200 M M 7 138 29 170
29 89 71 80 5 0 15 0.00 0.0 0 6.2 13 310 M M 6 1 19 320
30 79 64 72 -3 0 7 T 0.0 0 4.4 10 90 M M 6 13 60
31 84 71 78 3 0 13 T 0.0 0 2.3 12 220 M M 7 18 14 210
================================================================================
SM 2652 2064 0 353 6.02 0.0 129.7 M 97
================================================================================
AV 85.5 66.6 4.2 FASTST M M 3 MAX(MPH)
MISC ----> 28 340 46 340
================================================================================
NOTES:
# LAST OF SEVERAL OCCURRENCES
COLUMN 17 PEAK WIND IN M.P.H.
PRELIMINARY LOCAL CLIMATOLOGICAL DATA (WS FORM: F-6) , PAGE 2
STATION: EVANSVILLE IN
MONTH: AUGUST
YEAR: 2020
LATITUDE: 38 2 N
LONGITUDE: 87 32 W
[TEMPERATURE DATA] [PRECIPITATION DATA] SYMBOLS USED IN COLUMN 16
AVERAGE MONTHLY: 76.1 TOTAL FOR MONTH: 6.02 1 = FOG OR MIST
DPTR FM NORMAL: -0.6 DPTR FM NORMAL: 3.04 2 = FOG REDUCING VISIBILITY
HIGHEST: 93 ON 10 GRTST 24HR 2.52 ON 2- 3 TO 1/4 MILE OR LESS
LOWEST: 57 ON 5 3 = THUNDER
SNOW, ICE PELLETS, HAIL 4 = ICE PELLETS
TOTAL MONTH: 0.0 INCH 5 = HAIL
GRTST 24HR 0.0 6 = FREEZING RAIN OR DRIZZLE
GRTST DEPTH: 0 7 = DUSTSTORM OR SANDSTORM:
VSBY 1/2 MILE OR LESS
8 = SMOKE OR HAZE
[NO. OF DAYS WITH] [WEATHER - DAYS WITH] 9 = BLOWING SNOW
X = TORNADO
MAX 32 OR BELOW: 0 0.01 INCH OR MORE: 11
MAX 90 OR ABOVE: 4 0.10 INCH OR MORE: 11
MIN 32 OR BELOW: 0 0.50 INCH OR MORE: 3
MIN 0 OR BELOW: 0 1.00 INCH OR MORE: 2
[HDD (BASE 65) ]
TOTAL THIS MO. 0 CLEAR (SCALE 0-3) 19
DPTR FM NORMAL -1 PTCLDY (SCALE 4-7) 11
TOTAL FM JUL 1 0 CLOUDY (SCALE 8-10) 1
DPTR FM NORMAL 0
[CDD (BASE 65) ]
TOTAL THIS MO. 353
DPTR FM NORMAL -10 [PRESSURE DATA]
TOTAL FM JAN 1 1278 HIGHEST SLP M ON M
DPTR FM NORMAL 79 LOWEST SLP 29.67 ON 28
[REMARKS]
#FINAL-08-20#