000
CXUS56 KSLC 010723
CF6EVW
PRELIMINARY LOCAL CLIMATOLOGICAL DATA (WS FORM: F-6)
STATION: EVANSTON WY
MONTH: NOVEMBER
YEAR: 2022
LATITUDE: 41 16 N
LONGITUDE: 111 2 W
TEMPERATURE IN F: :PCPN: SNOW: WIND :SUNSHINE: SKY :PK WND
================================================================================
1 2 3 4 5 6A 6B 7 8 9 10 11 12 13 14 15 16 17 18
12Z AVG MX 2MIN
DY MAX MIN AVG DEP HDD CDD WTR SNW DPTH SPD SPD DIR MIN PSBL S-S WX SPD DR
================================================================================
1 59 33 46 9 19 0 0.00 M M 14.1 35 200 M M 1 49 210
2 47 24 36 -1 29 0 0.24 M M 10.9 35 200 M M 10 12 50 200
3 28 15 22 -15 43 0 T M M 5.1 12 10 M M 7 12 14 350
4 29 14 22 -14 43 0 0.00 M M 16.1 30 230 M M 6 128 42 230
5 35 26 31 -5 34 0 0.05 M M 18.3 40 230 M M 9 12 55 230
6 34 26 30 -5 35 0 T M M 9.2 17 220 M M 8 1 21 220
7 46 32 39 4 26 0 T M M 12.9 25 210 M M 5 1 34 210
8 44 33 39 5 26 0 0.08 M M 11.3 29 200 M M 9 12 40 190
9 38 20 29 -5 36 0 0.01 M M 11.9 40 230 M M 7 128 57 230
10 24 11 18 -16 47 0 T M M 13.6 28 250 M M 8 1 39 250
11 22 8 15 -18 50 0 0.00 M M 7.0 15 260 M M 0 18 18 260
12 26 5 16 -17 49 0 0.00 M M 2.2 9 100 M M 2 128 10 110
13 23 12 18 -14 47 0 T M M 5.3 15 350 M M 5 128 18 340
14 25 14 20 -12 45 0 T M M 6.0 13 250 M M 5 18 17 240
15 24 11 18 -13 47 0 T M M 3.8 8 230 M M 4 18 11 230
16 29 12 21 -10 44 0 0.00 M M 6.6 15 230 M M 1 18 19 230
17 31 13 22 -8 43 0 T M M 9.9 17 80 M M 2 22 80
18 19 7 13 -17 52 0 T M M 8.0 20 90 M M 4 8 25 80
19 26 3 15 -15 50 0 0.00 M M 2.7 8 140 M M 0 9 250
20 35 12 24 -5 41 0 0.00 M M 8.4 14 240 M M 0 16 240
21 38 17 28 -1 37 0 0.00 M M 6.1 10 250 M M 0 13 210
22 40 17 29 1 36 0 0.00 M M 5.1 14 220 M M 0 18 230
23 32 19 26 -2 39 0 T M M 11.9 24 260 M M 8 1 31 270
24 34 14 24 -3 41 0 0.00 M M 2.5 12 350 M M 0 15 350
25 43 19 31 4 34 0 0.00 M M 5.6 12 220 M M 0 14 220
26 36 22 29 3 36 0 T M M 9.3 15 250 M M 5 19 260
27 32 21 27 1 38 0 0.00 M M 14.4 30 240 M M 7 1 44 220
28 30 14 22 -4 43 0 0.07 M M 13.5 25 230 M M 10 12 37 240
29 18 6 12 -13 53 0 T M M 12.7 23 260 M M 5 128 30 310
30 33 7 20 -5 45 0 0.00 M M 6.6 15 200 M M 2 19 180
================================================================================
SM 980 487 1208 0 0.45 M 271.0 M 130
================================================================================
AV 32.7 16.2 9.0 FASTST M M 4 MAX(MPH)
MISC ----> # 40 230 57 230
================================================================================
NOTES:
# LAST OF SEVERAL OCCURRENCES
COLUMN 17 PEAK WIND IN M.P.H.
PRELIMINARY LOCAL CLIMATOLOGICAL DATA (WS FORM: F-6) , PAGE 2
STATION: EVANSTON WY
MONTH: NOVEMBER
YEAR: 2022
LATITUDE: 41 16 N
LONGITUDE: 111 2 W
[TEMPERATURE DATA] [PRECIPITATION DATA] SYMBOLS USED IN COLUMN 16
AVERAGE MONTHLY: 24.5 TOTAL FOR MONTH: 0.45 1 = FOG OR MIST
DPTR FM NORMAL: -6.6 DPTR FM NORMAL: -0.11 2 = FOG REDUCING VISIBILITY
HIGHEST: 59 ON 1 GRTST 24HR 0.24 ON 2- 2 TO 1/4 MILE OR LESS
LOWEST: 3 ON 19 3 = THUNDER
SNOW, ICE PELLETS, HAIL 4 = ICE PELLETS
TOTAL MONTH: M 5 = HAIL
GRTST 24HR M ON M 6 = FREEZING RAIN OR DRIZZLE
GRTST DEPTH: M ON M 7 = DUSTSTORM OR SANDSTORM:
VSBY 1/2 MILE OR LESS
8 = SMOKE OR HAZE
[NO. OF DAYS WITH] [WEATHER - DAYS WITH] 9 = BLOWING SNOW
X = TORNADO
MAX 32 OR BELOW: 16 0.01 INCH OR MORE: 5
MAX 90 OR ABOVE: 0 0.10 INCH OR MORE: 1
MIN 32 OR BELOW: 28 0.50 INCH OR MORE: 0
MIN 0 OR BELOW: 0 1.00 INCH OR MORE: 0
[HDD (BASE 65) ]
TOTAL THIS MO. 1208 CLEAR (SCALE 0-3) 12
DPTR FM NORMAL 191 PTCLDY (SCALE 4-7) 13
TOTAL FM JUL 1 1876 CLOUDY (SCALE 8-10) 5
DPTR FM NORMAL -147
[CDD (BASE 65) ]
TOTAL THIS MO. 0
DPTR FM NORMAL 0 [PRESSURE DATA]
TOTAL FM JAN 1 429 HIGHEST SLP M ON M
DPTR FM NORMAL 224 LOWEST SLP 29.46 ON 9
[REMARKS]
#FINAL-11-22#