000
CXUS52 KMHX 051308
CLMEWN


CLIMATE REPORT
NATIONAL WEATHER SERVICE NEWPORT/MOREHEAD CITY NC
908 AM EDT THU APR 5 2018

...................................

...THE NEW BERN NC CLIMATE SUMMARY FOR THE MONTH OF MARCH 2018...

CLIMATE NORMAL PERIOD 1981 TO 2010
CLIMATE RECORD PERIOD 1948 TO 2018

WEATHER         OBSERVED          NORMAL  DEPART  LAST YEAR`S
                 VALUE   DATE(S)  VALUE   FROM    VALUE  DATE(S)
                                          NORMAL
................................................................
TEMPERATURE (F)
RECORD
 HIGH              90   03/16/2016
                        03/30/1985
                        03/08/1974
 LOW               16   03/04/2009
HIGHEST            79   03/29                         80  03/27
                                                          03/21
                                                          03/01
LOWEST             27   03/15                         23  03/17
                        03/06
AVG. MAXIMUM     59.0              64.9    -5.9     64.4
AVG. MINIMUM     37.3              42.0    -4.7     39.3
MEAN             48.1              53.5    -5.4     51.8
DAYS MAX >= 90      0               0.0     0.0        0
DAYS MAX <= 32      0               0.0     0.0        0
DAYS MIN <= 32     10               4.0     6.0        9
DAYS MIN <= 0       0               0.0     0.0        0

PRECIPITATION (INCHES)
RECORD
 MAXIMUM         9.17   1983
 MINIMUM         0.60   1967
TOTALS           4.23              4.39   -0.16     4.03
DAILY AVG.       0.14              0.14    0.00     0.13
DAYS >= .01        10              10.2    -0.2       10
DAYS >= .10         7               7.1    -0.1        7
DAYS >= .50         3               3.0     0.0        3
DAYS >= 1.00        1               1.3    -0.3        1
GREATEST
 24 HR. TOTAL    1.29   03/20 TO 03/20

SNOWFALL (INCHES)
RECORDS
 TOTAL             MM   5
 24 HR TOTAL       MM
 SNOW DEPTH        MM   MM
TOTALS              T               0.0     0.0      0.0
 LIQUID EQUIV      MM              0.00      MM     0.00
SINCE 7/1         6.0               1.4     4.6        T
 LIQUID 7/1      0.60              0.10    0.50       MM
SNOWDEPTH AVG.      0                MM      MM        0
DAYS >= TRACE       1               0.0     1.0        0
DAYS >= 1.0         0               0.0     0.0        0
GREATEST
 SNOW DEPTH         0   MM                             0  MM
 24 HR TOTAL        T   03/12 TO 03/12
 STORM TOTAL       MM                                 MM
 (MM/DD(HH))

DEGREE_DAYS
HEATING TOTAL     523               369     154      411
 SINCE 7/1       2692              2515     177     2151
.................................................................

WIND (MPH)
AVERAGE WIND SPEED              9.6
RESULTANT WIND SPEED/DIRECTION   4/317
HIGHEST WIND SPEED/DIRECTION    35/310    DATE  03/02
HIGHEST GUST SPEED/DIRECTION    51/310    DATE  03/02

SKY COVER
POSSIBLE SUNSHINE (PERCENT)   MM
AVERAGE SKY COVER           0.40
NUMBER OF DAYS FAIR           15
NUMBER OF DAYS PC             11
NUMBER OF DAYS CLOUDY          5

AVERAGE RH (PERCENT)     68

WEATHER CONDITIONS. NUMBER OF DAYS WITH
  0
  7
  0
  0
  0
  0
  0
HAZE                      4

-  INDICATES NEGATIVE NUMBERS.
R  INDICATES RECORD WAS SET OR TIED.
MM INDICATES DATA IS MISSING.
T  INDICATES TRACE AMOUNT.

$$
