000
CXUS52 KMHX 011420
CLMEWN
CLIMATE REPORT
NATIONAL WEATHER SERVICE NEWPORT/MOREHEAD CITY
920 AM EST THU FEB 01 2024
...................................
...THE NEW BERN NC CLIMATE SUMMARY FOR THE MONTH OF JANUARY 2024...
CLIMATE NORMAL PERIOD 1991 TO 2020
CLIMATE RECORD PERIOD 1948 TO 2024
WEATHER OBSERVED NORMAL DEPART LAST YEAR`S
VALUE DATE(S) VALUE FROM VALUE DATE(S)
NORMAL
................................................................
TEMPERATURE (F)
RECORD
HIGH 82 01/03/2020
LOW 1 01/21/1985
HIGHEST 81 01/26 78 01/04
LOWEST 18 01/22 27 01/16
AVG. MAXIMUM 58.5 55.1 3.4 62.7
AVG. MINIMUM 35.3 33.8 1.5 39.1
MEAN 46.9 44.5 2.4 50.9
DAYS MAX >= 90 0 0.0 0.0 0
DAYS MAX <= 32 0 0.7 -0.7 0
DAYS MIN <= 32 13 14.6 -1.6 9
DAYS MIN <= 0 0 0.0 0.0 0
PRECIPITATION (INCHES)
RECORD
MAXIMUM 8.08 1966
MINIMUM 0.77 1951
TOTALS 2.47 3.89 -1.42 3.56
DAILY AVG. 0.08 0.13 -0.05 0.11
DAYS >= .01 12 10.2 1.8 9
DAYS >= .10 5 6.7 -1.7 5
DAYS >= .50 1 2.6 -1.6 3
DAYS >= 1.00 1 1.0 0.0 1
GREATEST
24 HR. TOTAL 1.26 01/09 TO 01/10
SNOWFALL (INCHES)
RECORDS
TOTAL MM 2022
24 HR TOTAL MM
SNOW DEPTH 1 01/23/2022
TOTALS 0.0 MM MM 0.0
LIQUID EQUIV 0.00 MM MM 0.00
SINCE 7/1 0.0 MM MM MM
LIQUID 7/1 0.00 MM MM MM
SNOWDEPTH AVG. 0 0
DAYS >= TRACE 0 MM MM 0
DAYS >= 1.0 0 MM MM 0
GREATEST
SNOW DEPTH 0 0 MM
24 HR TOTAL MM
STORM TOTAL 0.0 0.0
DEGREE DAYS
HEATING TOTAL 564 639 -75 436
SINCE 7/1 1456 1628 -172 MM
................................................................
WIND (MPH)
AVERAGE WIND SPEED 7.2
RESULTANT WIND SPEED/DIRECTION 2/260
HIGHEST WIND SPEED/DIRECTION 47/210 DATE 01/09
HIGHEST GUST SPEED/DIRECTION 78/170 DATE 01/09
SKY COVER
POSSIBLE SUNSHINE (PERCENT) MM
AVERAGE SKY COVER 0.31
NUMBER OF DAYS FAIR 18
NUMBER OF DAYS PC 10
NUMBER OF DAYS CLOUDY 3
AVERAGE RH (PERCENT) 70
WEATHER CONDITIONS. NUMBER OF DAYS WITH
THUNDERSTORM 1 MIXED PRECIP 0
HEAVY RAIN 2 RAIN 5
LIGHT RAIN 15 FREEZING RAIN 0
LT FREEZING RAIN 0 HAIL 0
HEAVY SNOW 0 SNOW 0
LIGHT SNOW 0 SLEET 0
FOG 8 FOG W/VIS <= 1/4 MILE 1
HAZE 2
- INDICATES NEGATIVE NUMBERS.
R INDICATES RECORD WAS SET OR TIED.
MM INDICATES DATA IS MISSING.
T INDICATES TRACE AMOUNT.
$$