000
CDUS41 KOKX 140617
CLIEWR


CLIMATE REPORT
NATIONAL WEATHER SERVICE NEW YORK NY
217 AM EDT SAT APR 14 2018


...................................

...THE NEWARK NJ CLIMATE SUMMARY FOR APRIL 13 2018...

CLIMATE NORMAL PERIOD 1981 TO 2010
CLIMATE RECORD PERIOD 1929 TO 2018


WEATHER ITEM   OBSERVED TIME   RECORD YEAR NORMAL DEPARTURE LAST
                VALUE   (LST)  VALUE       VALUE  FROM      YEAR
                                                  NORMAL
..................................................................
TEMPERATURE (F)
 YESTERDAY
  MAXIMUM         84    335 PM  86    1977  61     23       66
  MINIMUM         58    124 AM  26    1940  43     15       48
  AVERAGE         71                        52     19       57

PRECIPITATION (IN)
  YESTERDAY        0.00          1.05 2004   0.15  -0.15     0.00
  MONTH TO DATE    0.92                      1.92  -1.00     2.07
  SINCE MAR 1      5.40                      6.10  -0.70     7.14
  SINCE JAN 1     13.20                     12.52   0.68    13.88

SNOWFALL (IN)
  YESTERDAY        0.0           T    1961   0.0    0.0      0.0
  MONTH TO DATE    5.0                       0.6    4.4      0.0
  SINCE OCT 1     39.4                      28.2   11.2     30.0
  SINCE JUL 1     39.4                      28.2   11.2     30.0
  SNOW DEPTH       0

DEGREE DAYS
 HEATING
  YESTERDAY        0                        13    -13        8
  MONTH TO DATE  247                       200     47      144
  SINCE MAR 1   1005                       909     96      916
  SINCE JUL 1   4330                      4544   -214     3925

 COOLING
  YESTERDAY        6                         0      6        0
  MONTH TO DATE    6                         0      6        9
  SINCE MAR 1      6                         1      5        9
  SINCE JAN 1      9                         1      8        9
..................................................................


WIND (MPH)
  HIGHEST WIND SPEED    24   HIGHEST WIND DIRECTION    SW (230)
  HIGHEST GUST SPEED    31   HIGHEST GUST DIRECTION    SW (230)
  AVERAGE WIND SPEED    15.0


SKY COVER
  AVERAGE SKY COVER 0.6


WEATHER CONDITIONS
 THE FOLLOWING WEATHER WAS RECORDED YESTERDAY.
  NO SIGNIFICANT WEATHER WAS OBSERVED.


RELATIVE HUMIDITY (PERCENT)
 HIGHEST    57           100 AM
 LOWEST     31          1100 AM
 AVERAGE    44

..........................................................


THE NEWARK NJ CLIMATE NORMALS FOR TODAY
                         NORMAL    RECORD    YEAR
 MAXIMUM TEMPERATURE (F)   62        88      1941
 MINIMUM TEMPERATURE (F)   43        26      1950


SUNRISE AND SUNSET
APRIL 14 2018.........SUNRISE   620 AM EDT   SUNSET   735 PM EDT
APRIL 15 2018.........SUNRISE   618 AM EDT   SUNSET   736 PM EDT


-  INDICATES NEGATIVE NUMBERS.
R  INDICATES RECORD WAS SET OR TIED.
MM INDICATES DATA IS MISSING.
T  INDICATES TRACE AMOUNT.




$$
