554
CDUS41 KOKX 160619
CLIEWR


CLIMATE REPORT
NATIONAL WEATHER SERVICE NEW YORK NY
217 AM EDT MON APR 16 2018


...................................

...THE NEWARK NJ CLIMATE SUMMARY FOR APRIL 15 2018...

CLIMATE NORMAL PERIOD 1981 TO 2010
CLIMATE RECORD PERIOD 1929 TO 2018


WEATHER ITEM   OBSERVED TIME   RECORD YEAR NORMAL DEPARTURE LAST
                VALUE   (LST)  VALUE       VALUE  FROM      YEAR
                                                  NORMAL
..................................................................
TEMPERATURE (F)
 YESTERDAY
  MAXIMUM         45    149 AM  88    1960  62    -17       67
  MINIMUM         39    856 PM  25    1943  44     -5       47
  AVERAGE         42                        53    -11       57

PRECIPITATION (IN)
  YESTERDAY        0.44          6.18 2007   0.14   0.30      T
  MONTH TO DATE    1.36                      2.20  -0.84     2.07
  SINCE MAR 1      5.84                      6.38  -0.54     7.14
  SINCE JAN 1     13.64                     12.80   0.84    13.88

SNOWFALL (IN)
  YESTERDAY        0.0           0.3  2014   0.1   -0.1      0.0
  MONTH TO DATE    5.0                       0.7    4.3      0.0
  SINCE OCT 1     39.4                      28.3   11.1     30.0
  SINCE JUL 1     39.4                      28.3   11.1     30.0
  SNOW DEPTH       0

DEGREE DAYS
 HEATING
  YESTERDAY       23                        13     10        8
  MONTH TO DATE  272                       226     46      163
  SINCE MAR 1   1030                       935     95      935
  SINCE JUL 1   4355                      4570   -215     3944

 COOLING
  YESTERDAY        0                         0      0        0
  MONTH TO DATE    6                         0      6        9
  SINCE MAR 1      6                         1      5        9
  SINCE JAN 1      9                         1      8        9
..................................................................


WIND (MPH)
  HIGHEST WIND SPEED    21   HIGHEST WIND DIRECTION    NE (50)
  HIGHEST GUST SPEED    28   HIGHEST GUST DIRECTION    NE (50)
  AVERAGE WIND SPEED    14.4


SKY COVER
  AVERAGE SKY COVER 1.0


WEATHER CONDITIONS
 THE FOLLOWING WEATHER WAS RECORDED YESTERDAY.
  HEAVY RAIN
  RAIN
  LIGHT RAIN
  FOG


RELATIVE HUMIDITY (PERCENT)
 HIGHEST    92          1200 AM
 LOWEST     62           100 PM
 AVERAGE    77

..........................................................


THE NEWARK NJ CLIMATE NORMALS FOR TODAY
                         NORMAL    RECORD    YEAR
 MAXIMUM TEMPERATURE (F)   62        92      2002
 MINIMUM TEMPERATURE (F)   44        26      1943


SUNRISE AND SUNSET
APRIL 16 2018.........SUNRISE   616 AM EDT   SUNSET   737 PM EDT
APRIL 17 2018.........SUNRISE   615 AM EDT   SUNSET   738 PM EDT


-  INDICATES NEGATIVE NUMBERS.
R  INDICATES RECORD WAS SET OR TIED.
MM INDICATES DATA IS MISSING.
T  INDICATES TRACE AMOUNT.




$$
