000
CDUS41 KOKX 010616
CLIEWR


CLIMATE REPORT
NATIONAL WEATHER SERVICE NEW YORK NY
216 AM EDT TUE MAY 1 2018


...................................

...THE NEWARK NJ CLIMATE SUMMARY FOR APRIL 30 2018...

CLIMATE NORMAL PERIOD 1981 TO 2010
CLIMATE RECORD PERIOD 1929 TO 2018


WEATHER ITEM   OBSERVED TIME   RECORD YEAR NORMAL DEPARTURE LAST
                VALUE   (LST)  VALUE       VALUE  FROM      YEAR
                                                  NORMAL
..................................................................
TEMPERATURE (F)
 YESTERDAY
  MAXIMUM         54   1248 PM  91    1942  67    -13       69
  MINIMUM         46   1027 AM  34    1931  48     -2       51
  AVERAGE         50                        58     -8       60

PRECIPITATION (IN)
  YESTERDAY        0.04          5.24 2014   0.12  -0.08     0.00
  MONTH TO DATE    5.85                      4.20   1.65     3.49
  SINCE MAR 1     10.33                      8.38   1.95     8.56
  SINCE JAN 1     18.13                     14.80   3.33    15.30

SNOWFALL (IN)
  YESTERDAY        0.0           0.0  2002   0.0    0.0      0.0
                                      2001
  MONTH TO DATE    5.0                       0.9    4.1      0.0
  SINCE OCT 1     39.4                      28.5   10.9     30.0
  SINCE JUL 1     39.4                      28.5   10.9     30.0
  SNOW DEPTH       0

DEGREE DAYS
 HEATING
  YESTERDAY       15                         8      7        5
  MONTH TO DATE  466                       376     90      265
  SINCE MAR 1   1224                      1085    139     1037
  SINCE JUL 1   4549                      4720   -171     4046

 COOLING
  YESTERDAY        0                         1     -1        0
  MONTH TO DATE    6                        11     -5       36
  SINCE MAR 1      6                        12     -6       36
  SINCE JAN 1      9                        12     -3       36
..................................................................


WIND (MPH)
  HIGHEST WIND SPEED    26   HIGHEST WIND DIRECTION    NW (330)
  HIGHEST GUST SPEED    36   HIGHEST GUST DIRECTION    NW (300)
  AVERAGE WIND SPEED    13.3


SKY COVER
  AVERAGE SKY COVER 0.8


WEATHER CONDITIONS
 THE FOLLOWING WEATHER WAS RECORDED YESTERDAY.
  LIGHT RAIN


RELATIVE HUMIDITY (PERCENT)
 HIGHEST    80           600 PM
 LOWEST     32           800 AM
 AVERAGE    56

..........................................................


THE NEWARK NJ CLIMATE NORMALS FOR TODAY
                         NORMAL    RECORD    YEAR
 MAXIMUM TEMPERATURE (F)   68        88      2010
 MINIMUM TEMPERATURE (F)   49        36      1978


SUNRISE AND SUNSET
MAY  1 2018...........SUNRISE   555 AM EDT   SUNSET   753 PM EDT
MAY  2 2018...........SUNRISE   554 AM EDT   SUNSET   754 PM EDT


-  INDICATES NEGATIVE NUMBERS.
R  INDICATES RECORD WAS SET OR TIED.
MM INDICATES DATA IS MISSING.
T  INDICATES TRACE AMOUNT.




$$
