000
CDUS41 KOKX 032033
CLIEWR


CLIMATE REPORT
NATIONAL WEATHER SERVICE NEW YORK NY
433 PM EDT THU MAY 3 2018


...................................

...THE NEWARK NJ CLIMATE SUMMARY FOR MAY 3 2018...
VALID TODAY AS OF 0400 PM LOCAL TIME.

CLIMATE NORMAL PERIOD 1981 TO 2010
CLIMATE RECORD PERIOD 1929 TO 2018


WEATHER ITEM   OBSERVED TIME   RECORD YEAR NORMAL DEPARTURE LAST
                VALUE   (LST)  VALUE       VALUE  FROM      YEAR
                                                  NORMAL
..................................................................
TEMPERATURE (F)
 TODAY
  MAXIMUM         94R   144 PM  91    2001  68     26       67
  MINIMUM         66    502 AM  39    2005  49     17       49
                                      1957
                                      1941
  AVERAGE         80                        59     21       58

PRECIPITATION (IN)
  TODAY            0.00          1.69 1985   0.13  -0.13     0.00
  MONTH TO DATE    0.00                      0.36  -0.36      T
  SINCE MAR 1     10.33                      8.74   1.59     8.56
  SINCE JAN 1     18.13                     15.16   2.97    15.30

SNOWFALL (IN)
  TODAY            0.0           0.0  2002   0.0    0.0      0.0
                                      2001
  MONTH TO DATE    0.0                       0.0    0.0      0.0
  SINCE OCT 1     39.4                      28.5   10.9     30.0
  SINCE JUL 1     39.4                      28.5   10.9     30.0
  SNOW DEPTH       0

DEGREE DAYS
 HEATING
  TODAY            0                         7     -7        7
  MONTH TO DATE    1                        22    -21        9
  SINCE MAR 1   1225                      1107    118     1046
  SINCE JUL 1   4550                      4742   -192     4055

 COOLING
  TODAY           15                         1     14        0
  MONTH TO DATE   23                         3     20        5
  SINCE MAR 1     29                        15     14       41
  SINCE JAN 1     32                        15     17       41
..................................................................


WIND (MPH)
  HIGHEST WIND SPEED    29   HIGHEST WIND DIRECTION    SW (230)
  HIGHEST GUST SPEED    36   HIGHEST GUST DIRECTION    SW (230)
  AVERAGE WIND SPEED    13.2


SKY COVER
  AVERAGE SKY COVER 0.5


WEATHER CONDITIONS
 THE FOLLOWING WEATHER WAS RECORDED TODAY.
  NO SIGNIFICANT WEATHER WAS OBSERVED.


RELATIVE HUMIDITY (PERCENT)
 HIGHEST    48           500 AM
 LOWEST     28           300 PM
 AVERAGE    38

..........................................................


THE NEWARK NJ CLIMATE NORMALS FOR TOMORROW
                         NORMAL    RECORD    YEAR
 MAXIMUM TEMPERATURE (F)   69        94      2001
 MINIMUM TEMPERATURE (F)   50        37      1941


SUNRISE AND SUNSET
MAY  3 2018...........SUNRISE   553 AM EDT   SUNSET   755 PM EDT
MAY  4 2018...........SUNRISE   552 AM EDT   SUNSET   756 PM EDT


-  INDICATES NEGATIVE NUMBERS.
R  INDICATES RECORD WAS SET OR TIED.
MM INDICATES DATA IS MISSING.
T  INDICATES TRACE AMOUNT.




$$
