000
CDUS41 KOKX 302042
CLIEWR


CLIMATE REPORT
NATIONAL WEATHER SERVICE NEW YORK NY
442 PM EDT FRI MAR 30 2018


...................................

...THE NEWARK NJ CLIMATE SUMMARY FOR MARCH 30 2018...
VALID TODAY AS OF 0400 PM LOCAL TIME.

CLIMATE NORMAL PERIOD 1981 TO 2010
CLIMATE RECORD PERIOD 1929 TO 2018


WEATHER ITEM   OBSERVED TIME   RECORD YEAR NORMAL DEPARTURE LAST
                VALUE   (LST)  VALUE       VALUE  FROM      YEAR
                                                  NORMAL
..................................................................
TEMPERATURE (F)
 TODAY
  MAXIMUM         62    128 PM  86    1998  56      6       52
  MINIMUM         46   1223 AM  22    1970  38      8       35
  AVERAGE         54                        47      7       44

PRECIPITATION (IN)
  TODAY            0.01          2.34 1951   0.15  -0.14     0.02
  MONTH TO DATE    4.47                      4.04   0.43     3.01
  SINCE MAR 1      4.47                      4.04   0.43     3.01
  SINCE JAN 1     12.27                     10.46   1.81     9.75

SNOWFALL (IN)
  TODAY            0.0           0.2  1991   0.0    0.0      0.0
  MONTH TO DATE   13.2                       4.5    8.7      9.4
  SINCE OCT 1     34.4                      27.5    6.9     30.0
  SINCE JUL 1     34.4                      27.5    6.9     30.0
  SNOW DEPTH       0

DEGREE DAYS
 HEATING
  TODAY           11                        18     -7       21
  MONTH TO DATE  740                       691     49      747
  SINCE MAR 1    740                       691     49      747
  SINCE JUL 1   4065                      4326   -261     3756

 COOLING
  TODAY            0                         0      0        0
  MONTH TO DATE    0                         0      0        0
  SINCE MAR 1      0                         0      0        0
  SINCE JAN 1      3                         0      3        0
..................................................................


WIND (MPH)
  HIGHEST WIND SPEED    18   HIGHEST WIND DIRECTION    NW (320)
  HIGHEST GUST SPEED    25   HIGHEST GUST DIRECTION     W (290)
  AVERAGE WIND SPEED     6.3


SKY COVER
  AVERAGE SKY COVER 1.0


WEATHER CONDITIONS
 THE FOLLOWING WEATHER WAS RECORDED TODAY.
  LIGHT RAIN
  FOG
  HAZE


RELATIVE HUMIDITY (PERCENT)
 HIGHEST   100          1200 AM
 LOWEST     55           200 PM
 AVERAGE    78

..........................................................


THE NEWARK NJ CLIMATE NORMALS FOR TOMORROW
                         NORMAL    RECORD    YEAR
 MAXIMUM TEMPERATURE (F)   56        85      1998
 MINIMUM TEMPERATURE (F)   38        22      1964


SUNRISE AND SUNSET
MARCH 30 2018.........SUNRISE   644 AM EDT   SUNSET   719 PM EDT
MARCH 31 2018.........SUNRISE   642 AM EDT   SUNSET   720 PM EDT


-  INDICATES NEGATIVE NUMBERS.
R  INDICATES RECORD WAS SET OR TIED.
MM INDICATES DATA IS MISSING.
T  INDICATES TRACE AMOUNT.




$$
