000
CDUS41 KOKX 020632
CLIEWR


CLIMATE REPORT
NATIONAL WEATHER SERVICE NEW YORK NY
232 AM EDT MON APR 2 2018


...................................

...THE NEWARK NJ CLIMATE SUMMARY FOR APRIL 1 2018...

CLIMATE NORMAL PERIOD 1981 TO 2010
CLIMATE RECORD PERIOD 1929 TO 2018


WEATHER ITEM   OBSERVED TIME   RECORD YEAR NORMAL DEPARTURE LAST
                VALUE   (LST)  VALUE       VALUE  FROM      YEAR
                                                  NORMAL
..................................................................
TEMPERATURE (F)
 YESTERDAY
  MAXIMUM         63   1220 PM  82    1978  57      6       50
  MINIMUM         40   1147 PM  28    1969  39      1       36
                                      1964
  AVERAGE         52                        48      4       43

PRECIPITATION (IN)
  YESTERDAY        T             1.89 1998   0.14  -0.14     0.02
  MONTH TO DATE    T                         0.14  -0.14     0.02
  SINCE MAR 1      4.48                      4.32   0.16     5.09
  SINCE JAN 1     12.28                     10.74   1.54    11.83

SNOWFALL (IN)
  YESTERDAY        0.0           1.4  1997   0.1   -0.1      0.0
  MONTH TO DATE    0.0                       0.1   -0.1      0.0
  SINCE OCT 1     34.4                      27.7    6.7     30.0
  SINCE JUL 1     34.4                      27.7    6.7     30.0
  SNOW DEPTH       0

DEGREE DAYS
 HEATING
  YESTERDAY       13                        18     -5       22
  MONTH TO DATE   13                        18     -5       22
  SINCE MAR 1    771                       727     44      794
  SINCE JUL 1   4096                      4362   -266     3803

 COOLING
  YESTERDAY        0                         0      0        0
  MONTH TO DATE    0                         0      0        0
  SINCE MAR 1      0                         1     -1        0
  SINCE JAN 1      3                         1      2        0
..................................................................


WIND (MPH)
  HIGHEST WIND SPEED    23   HIGHEST WIND DIRECTION    NW (300)
  HIGHEST GUST SPEED    28   HIGHEST GUST DIRECTION    NW (300)
  AVERAGE WIND SPEED    11.7


SKY COVER
  AVERAGE SKY COVER 0.8


WEATHER CONDITIONS
 THE FOLLOWING WEATHER WAS RECORDED YESTERDAY.
  NO SIGNIFICANT WEATHER WAS OBSERVED.


RELATIVE HUMIDITY (PERCENT)
 HIGHEST    58           400 AM
 LOWEST     34           800 PM
 AVERAGE    46

..........................................................


THE NEWARK NJ CLIMATE NORMALS FOR TODAY
                         NORMAL    RECORD    YEAR
 MAXIMUM TEMPERATURE (F)   57        83      1967
 MINIMUM TEMPERATURE (F)   39        28      1964


SUNRISE AND SUNSET
APRIL  2 2018.........SUNRISE   639 AM EDT   SUNSET   722 PM EDT
APRIL  3 2018.........SUNRISE   637 AM EDT   SUNSET   723 PM EDT


-  INDICATES NEGATIVE NUMBERS.
R  INDICATES RECORD WAS SET OR TIED.
MM INDICATES DATA IS MISSING.
T  INDICATES TRACE AMOUNT.




$$
