000
CDUS41 KOKX 100617
CLIEWR


CLIMATE REPORT
NATIONAL WEATHER SERVICE NEW YORK NY
217 AM EDT TUE APR 10 2018


...................................

...THE NEWARK NJ CLIMATE SUMMARY FOR APRIL 9 2018...

CLIMATE NORMAL PERIOD 1981 TO 2010
CLIMATE RECORD PERIOD 1929 TO 2018


WEATHER ITEM   OBSERVED TIME   RECORD YEAR NORMAL DEPARTURE LAST
                VALUE   (LST)  VALUE       VALUE  FROM      YEAR
                                                  NORMAL
..................................................................
TEMPERATURE (F)
 YESTERDAY
  MAXIMUM         50    135 PM  85    2013  60    -10       70
  MINIMUM         31    548 AM  26    1977  42    -11       40
  AVERAGE         41                        51    -10       55

PRECIPITATION (IN)
  YESTERDAY        T             2.39 1980   0.15  -0.15     0.00
  MONTH TO DATE    0.92                      1.32  -0.40     2.04
  SINCE MAR 1      5.40                      5.50  -0.10     7.11
  SINCE JAN 1     13.20                     11.92   1.28    13.85

SNOWFALL (IN)
  YESTERDAY        0.0           1.0  1982   0.1   -0.1      0.0
  MONTH TO DATE    5.0                       0.5    4.5      0.0
  SINCE OCT 1     39.4                      28.1   11.3     30.0
  SINCE JUL 1     39.4                      28.1   11.3     30.0
  SNOW DEPTH       0

DEGREE DAYS
 HEATING
  YESTERDAY       24                        15      9       10
  MONTH TO DATE  192                       145     47      136
  SINCE MAR 1    950                       854     96      908
  SINCE JUL 1   4275                      4489   -214     3917

 COOLING
  YESTERDAY        0                         0      0        0
  MONTH TO DATE    0                         0      0        0
  SINCE MAR 1      0                         1     -1        0
  SINCE JAN 1      3                         1      2        0
..................................................................


WIND (MPH)
  HIGHEST WIND SPEED    20   HIGHEST WIND DIRECTION     S (190)
  HIGHEST GUST SPEED    26   HIGHEST GUST DIRECTION    NW (330)
  AVERAGE WIND SPEED     8.2


SKY COVER
  AVERAGE SKY COVER 0.8


WEATHER CONDITIONS
 THE FOLLOWING WEATHER WAS RECORDED YESTERDAY.
  LIGHT RAIN


RELATIVE HUMIDITY (PERCENT)
 HIGHEST    65          1000 PM
 LOWEST     26           200 PM
 AVERAGE    46

..........................................................


THE NEWARK NJ CLIMATE NORMALS FOR TODAY
                         NORMAL    RECORD    YEAR
 MAXIMUM TEMPERATURE (F)   60        82      2017
                                             1955
 MINIMUM TEMPERATURE (F)   42        28      1997


SUNRISE AND SUNSET
APRIL 10 2018.........SUNRISE   626 AM EDT   SUNSET   731 PM EDT
APRIL 11 2018.........SUNRISE   624 AM EDT   SUNSET   732 PM EDT


-  INDICATES NEGATIVE NUMBERS.
R  INDICATES RECORD WAS SET OR TIED.
MM INDICATES DATA IS MISSING.
T  INDICATES TRACE AMOUNT.




$$
