271
CDUS41 KOKX 250621
CLIEWR


CLIMATE REPORT
NATIONAL WEATHER SERVICE NEW YORK NY
221 AM EDT FRI MAY 25 2018


...................................

...THE NEWARK NJ CLIMATE SUMMARY FOR MAY 24 2018...

CLIMATE NORMAL PERIOD 1981 TO 2010
CLIMATE RECORD PERIOD 1929 TO 2018


WEATHER ITEM   OBSERVED TIME   RECORD YEAR NORMAL DEPARTURE LAST
                VALUE   (LST)  VALUE       VALUE  FROM      YEAR
                                                  NORMAL
..................................................................
TEMPERATURE (F)
 YESTERDAY
  MAXIMUM         85    441 PM  93    1964  75     10       70
  MINIMUM         66    532 AM  40    1963  56     10       57
  AVERAGE         76                        65     11       64

PRECIPITATION (IN)
  YESTERDAY        0.00          2.58 1978   0.14  -0.14     0.04
  MONTH TO DATE    2.92                      3.10  -0.18     5.77
  SINCE MAR 1     13.25                     11.48   1.77    14.33
  SINCE JAN 1     21.05                     17.90   3.15    21.07

SNOWFALL (IN)
  YESTERDAY        0.0           0.0  2002   0.0    0.0      0.0
                                      2001
  MONTH TO DATE    0.0                       0.0    0.0      0.0
  SINCE OCT 1     39.4                      28.5   10.9     30.0
  SINCE JUL 1     39.4                      28.5   10.9     30.0
  SNOW DEPTH       0

DEGREE DAYS
 HEATING
  YESTERDAY        0                         3     -3        1
  MONTH TO DATE   56                       120    -64      148
  SINCE MAR 1   1280                      1205     75     1185
  SINCE JUL 1   4605                      4840   -235     4194

 COOLING
  YESTERDAY       11                         3      8        0
  MONTH TO DATE   81                        38     43       53
  SINCE MAR 1     87                        50     37       89
  SINCE JAN 1     90                        50     40       89
..................................................................


WIND (MPH)
  HIGHEST WIND SPEED    17   HIGHEST WIND DIRECTION    SW (230)
  HIGHEST GUST SPEED    25   HIGHEST GUST DIRECTION    SW (230)
  AVERAGE WIND SPEED     8.9


SKY COVER
  AVERAGE SKY COVER 0.1


WEATHER CONDITIONS
 THE FOLLOWING WEATHER WAS RECORDED YESTERDAY.
  NO SIGNIFICANT WEATHER WAS OBSERVED.


RELATIVE HUMIDITY (PERCENT)
 HIGHEST    58           100 AM
 LOWEST     22           200 PM
 AVERAGE    40

..........................................................


THE NEWARK NJ CLIMATE NORMALS FOR TODAY
                         NORMAL    RECORD    YEAR
 MAXIMUM TEMPERATURE (F)   75        93      1991
 MINIMUM TEMPERATURE (F)   56        42      1956


SUNRISE AND SUNSET
MAY 25 2018...........SUNRISE   532 AM EDT   SUNSET   816 PM EDT
MAY 26 2018...........SUNRISE   531 AM EDT   SUNSET   817 PM EDT


-  INDICATES NEGATIVE NUMBERS.
R  INDICATES RECORD WAS SET OR TIED.
MM INDICATES DATA IS MISSING.
T  INDICATES TRACE AMOUNT.




$$
